{"id":23317,"date":"2025-08-01T17:22:24","date_gmt":"2025-08-01T15:22:24","guid":{"rendered":"https:\/\/uj.adatbank.ro\/lexikon\/termek\/tolvaly-sandor\/"},"modified":"2025-08-01T17:22:24","modified_gmt":"2025-08-01T15:22:24","slug":"tolvaly-sandor","status":"publish","type":"product","link":"https:\/\/uj.adatbank.ro\/lexikon\/termek\/tolvaly-sandor\/","title":{"rendered":"TOLVALY S\u00e1ndor"},"content":{"rendered":"<p>Lukafalva, 1862, \u2020 ? 1938.: f\u00f6ldbirtokos. \u2013 \u00c1kosfalv\u00e1n volt f\u00f6ldbirtokos. T. J\u00f3zsef \u00e9s M\u00e1tyus Rebeka fia. Testv\u00e9rei: Albert, Berta. Feles\u00e9ge: Dark\u00f3 Katalin (h\u00e1zass\u00e1g Kv.-on, 1895). Gyermekeik: Kata, Aranka, Margit. <br \/><strong>\u2013 Irod.:<\/strong> Ny\u00e1r\u00e1dszentbenedek.<\/br><\/p>\n","protected":false},"excerpt":{"rendered":"<p>Lukafalva, 1862, \u2020 ? 1938.: f\u00f6ldbirtokos. \u2013 \u00c1kosfalv\u00e1n volt f\u00f6ldbirtokos. T. J\u00f3zsef \u00e9s M\u00e1tyus Rebeka fia. Testv\u00e9rei: Albert, Berta. Feles\u00e9ge: Dark\u00f3 Katalin (h\u00e1zass\u00e1g Kv.-on, 1895). Gyermekeik: Kata, Aranka, Margit. \u2013 Irod.: Ny\u00e1r\u00e1dszentbenedek.<\/p>\n","protected":false},"featured_media":0,"comment_status":"open","ping_status":"closed","template":"","meta":[],"product_brand":[],"product_cat":[137],"product_tag":[],"class_list":{"0":"post-23317","1":"product","2":"type-product","3":"status-publish","5":"product_cat-maros-megyei-eletrajzi-lexikon","7":"first","8":"instock","9":"shipping-taxable","10":"product-type-simple"},"_links":{"self":[{"href":"https:\/\/uj.adatbank.ro\/lexikon\/wp-json\/wp\/v2\/product\/23317","targetHints":{"allow":["GET"]}}],"collection":[{"href":"https:\/\/uj.adatbank.ro\/lexikon\/wp-json\/wp\/v2\/product"}],"about":[{"href":"https:\/\/uj.adatbank.ro\/lexikon\/wp-json\/wp\/v2\/types\/product"}],"replies":[{"embeddable":true,"href":"https:\/\/uj.adatbank.ro\/lexikon\/wp-json\/wp\/v2\/comments?post=23317"}],"wp:attachment":[{"href":"https:\/\/uj.adatbank.ro\/lexikon\/wp-json\/wp\/v2\/media?parent=23317"}],"wp:term":[{"taxonomy":"product_brand","embeddable":true,"href":"https:\/\/uj.adatbank.ro\/lexikon\/wp-json\/wp\/v2\/product_brand?post=23317"},{"taxonomy":"product_cat","embeddable":true,"href":"https:\/\/uj.adatbank.ro\/lexikon\/wp-json\/wp\/v2\/product_cat?post=23317"},{"taxonomy":"product_tag","embeddable":true,"href":"https:\/\/uj.adatbank.ro\/lexikon\/wp-json\/wp\/v2\/product_tag?post=23317"}],"curies":[{"name":"wp","href":"https:\/\/api.w.org\/{rel}","templated":true}]}}