{"id":23322,"date":"2025-08-01T17:22:37","date_gmt":"2025-08-01T15:22:37","guid":{"rendered":"https:\/\/uj.adatbank.ro\/lexikon\/termek\/tolvaly-zsigmond-tolvally-sigmond-jobbagytelki\/"},"modified":"2025-08-01T17:22:37","modified_gmt":"2025-08-01T15:22:37","slug":"tolvaly-zsigmond-tolvally-sigmond-jobbagytelki","status":"publish","type":"product","link":"https:\/\/uj.adatbank.ro\/lexikon\/termek\/tolvaly-zsigmond-tolvally-sigmond-jobbagytelki\/","title":{"rendered":"TOLVALY Zsigmond, Tolvally Sigmond, jobb\u00e1gytelki"},"content":{"rendered":"<p>1781., \u2020 1861: ref. lelk\u00e9sz. \u2013 Feles\u00e9ge Jak\u00f3 M\u00e1ria. Gyermekeik: Zsigmond, Benedek, Fernc. \u2013 Magyarb\u00f6lk\u00e9nyben (1806\u20131808), majd Gernyeszegen v\u00e1lasztott\u00e1k lp.-nak (1808\u20131821. jan. v. febr). Feles\u00e9ge 8 \u00e9vi h\u00e1zass\u00e1g ut\u00e1n meghalt (1816). Itt gr. Teleki L\u00e1szl\u00f3 a patr\u00f3nusa. Val\u00f3sz\u00edn\u0171, hogy Mez\u0151cs\u00e1v\u00e1son volt lelk\u00e9sz (1821\u201339), majd Udvarfalv\u00e1n (1839\u201361). Megv\u00e1s\u00e1rolta a p\u00f3kai Toldalaghi csal\u00e1d \u00e9s m\u00e1s csal\u00e1dok birtokait, p\u00f3kai birtokoss\u00e1 v\u00e1lt. <br \/><strong>\u2013 Irod.:<\/strong> Berekm\u00e9ri Edmond: \u201eHiszem, hogy az emberi \u00e9rt\u00e9keknek felj\u00f6n m\u00e9g a csillaga\u201d [id. T. Ferenc] (V\u00e1s\u00e1rhelyi H\u00edrlap, 2009. m\u00e1j. 29.); B\u00f6jthe Andor: A G\u00f6rg\u00e9nyi ev. ref. egyh\u00e1zmegye t\u00f6rt\u00e9nete [k\u00e9zirat]; P\u00e1lmay; P\u00f3ka.<\/br><\/p>\n","protected":false},"excerpt":{"rendered":"<p>1781., \u2020 1861: ref. lelk\u00e9sz. \u2013 Feles\u00e9ge Jak\u00f3 M\u00e1ria. Gyermekeik: Zsigmond, Benedek, Fernc. \u2013 Magyarb\u00f6lk\u00e9nyben (1806\u20131808), majd Gernyeszegen v\u00e1lasztott\u00e1k lp.-nak (1808\u20131821. jan. v. febr). Feles\u00e9ge 8 \u00e9vi h\u00e1zass\u00e1g ut\u00e1n meghalt (1816). Itt gr. Teleki L\u00e1szl\u00f3 a patr\u00f3nusa. Val\u00f3sz\u00edn\u0171, hogy Mez\u0151cs\u00e1v\u00e1son volt lelk\u00e9sz (1821\u201339), majd Udvarfalv\u00e1n (1839\u201361). Megv\u00e1s\u00e1rolta a p\u00f3kai Toldalaghi csal\u00e1d \u00e9s m\u00e1s csal\u00e1dok birtokait, [&hellip;]<\/p>\n","protected":false},"featured_media":0,"comment_status":"open","ping_status":"closed","template":"","meta":[],"product_brand":[],"product_cat":[137],"product_tag":[],"class_list":{"0":"post-23322","1":"product","2":"type-product","3":"status-publish","5":"product_cat-maros-megyei-eletrajzi-lexikon","7":"first","8":"instock","9":"shipping-taxable","10":"product-type-simple"},"_links":{"self":[{"href":"https:\/\/uj.adatbank.ro\/lexikon\/wp-json\/wp\/v2\/product\/23322","targetHints":{"allow":["GET"]}}],"collection":[{"href":"https:\/\/uj.adatbank.ro\/lexikon\/wp-json\/wp\/v2\/product"}],"about":[{"href":"https:\/\/uj.adatbank.ro\/lexikon\/wp-json\/wp\/v2\/types\/product"}],"replies":[{"embeddable":true,"href":"https:\/\/uj.adatbank.ro\/lexikon\/wp-json\/wp\/v2\/comments?post=23322"}],"wp:attachment":[{"href":"https:\/\/uj.adatbank.ro\/lexikon\/wp-json\/wp\/v2\/media?parent=23322"}],"wp:term":[{"taxonomy":"product_brand","embeddable":true,"href":"https:\/\/uj.adatbank.ro\/lexikon\/wp-json\/wp\/v2\/product_brand?post=23322"},{"taxonomy":"product_cat","embeddable":true,"href":"https:\/\/uj.adatbank.ro\/lexikon\/wp-json\/wp\/v2\/product_cat?post=23322"},{"taxonomy":"product_tag","embeddable":true,"href":"https:\/\/uj.adatbank.ro\/lexikon\/wp-json\/wp\/v2\/product_tag?post=23322"}],"curies":[{"name":"wp","href":"https:\/\/api.w.org\/{rel}","templated":true}]}}