{"id":23323,"date":"2025-08-01T17:22:40","date_gmt":"2025-08-01T15:22:40","guid":{"rendered":"https:\/\/uj.adatbank.ro\/lexikon\/termek\/tolvaly-tolvay-csalad\/"},"modified":"2025-08-01T17:22:40","modified_gmt":"2025-08-01T15:22:40","slug":"tolvaly-tolvay-csalad","status":"publish","type":"product","link":"https:\/\/uj.adatbank.ro\/lexikon\/termek\/tolvaly-tolvay-csalad\/","title":{"rendered":"TOLVALY, Tolvay csal\u00e1d"},"content":{"rendered":"<p>Erd\u00e9lyi nemes csal\u00e1d, melyb\u0151l Tolvay Istv\u00e1n \u00e9s Bal\u00e1zs 1615-ben Bethlen G\u00e1bort\u00f3l kaptak c\u00edmeres nemes levelet, mely szerint c\u00edmer\u00fck a v\u00e9rt k\u00e9k udvar\u00e1ban z\u00f6ld t\u00e9ren a jobb oldalon v\u00f6r\u00f6s ruh\u00e1s fedetlen fej\u0171 magyar ember, el\u0151tte egy feh\u00e9r b\u00f6l\u00e9ny (v. bika) \u00e1ll, mely neki rohan, azonban k\u00e9t kez\u00e9vel annak szarvait megrohanva tartja. A v\u00e9rt f\u00f6l\u00f6tti koron\u00e1tlan sisak foszlad\u00e9ka jobbr\u00f3l aranyk\u00e9k, balr\u00f3l ez\u00fcstv\u00f6r\u00f6s. Erd\u00e9lyben tal\u00e1lunk Szil\u00e1gyi el\u0151nev\u0171 Tolvay csal\u00e1dot, melyb\u0151l Imre gy\u00f3gyszer\u00e9sz Kolozsv\u00e1ron, 1858-ban halt meg. K\u00fck\u00fcll\u0151 megy\u00e9ben birtokosnak \u00edrj\u00e1k Tolvay S\u00e1muelt M.-Csergeden \u00e9s Mikefalv\u00e1n. Tolvay Istv\u00e1n 1730 k\u00f6r\u00fcl h\u00edres \u00f6tv\u00f6smester volt Kolozsv\u00e1ron. Tal\u00e1n a Tolvay csal\u00e1dokhoz soroland\u00f3k azok is, akik Tolvaly-nak \u00edrj\u00e1k magukat, p\u00e9ld\u00e1ul Zsigmond. Zempl\u00e9n megy\u00e9ben szint\u00e9n a nemess\u00e9g soraiban tal\u00e1ljuk a Tolvay csal\u00e1dot. <br \/><strong>\u2013 Irod.:<\/strong> Nagy Iv\u00e1n.<\/br><\/p>\n","protected":false},"excerpt":{"rendered":"<p>Erd\u00e9lyi nemes csal\u00e1d, melyb\u0151l Tolvay Istv\u00e1n \u00e9s Bal\u00e1zs 1615-ben Bethlen G\u00e1bort\u00f3l kaptak c\u00edmeres nemes levelet, mely szerint c\u00edmer\u00fck a v\u00e9rt k\u00e9k udvar\u00e1ban z\u00f6ld t\u00e9ren a jobb oldalon v\u00f6r\u00f6s ruh\u00e1s fedetlen fej\u0171 magyar ember, el\u0151tte egy feh\u00e9r b\u00f6l\u00e9ny (v. bika) \u00e1ll, mely neki rohan, azonban k\u00e9t kez\u00e9vel annak szarvait megrohanva tartja. A v\u00e9rt f\u00f6l\u00f6tti koron\u00e1tlan sisak [&hellip;]<\/p>\n","protected":false},"featured_media":0,"comment_status":"open","ping_status":"closed","template":"","meta":[],"product_brand":[],"product_cat":[137],"product_tag":[],"class_list":{"0":"post-23323","1":"product","2":"type-product","3":"status-publish","5":"product_cat-maros-megyei-eletrajzi-lexikon","7":"first","8":"instock","9":"shipping-taxable","10":"product-type-simple"},"_links":{"self":[{"href":"https:\/\/uj.adatbank.ro\/lexikon\/wp-json\/wp\/v2\/product\/23323","targetHints":{"allow":["GET"]}}],"collection":[{"href":"https:\/\/uj.adatbank.ro\/lexikon\/wp-json\/wp\/v2\/product"}],"about":[{"href":"https:\/\/uj.adatbank.ro\/lexikon\/wp-json\/wp\/v2\/types\/product"}],"replies":[{"embeddable":true,"href":"https:\/\/uj.adatbank.ro\/lexikon\/wp-json\/wp\/v2\/comments?post=23323"}],"wp:attachment":[{"href":"https:\/\/uj.adatbank.ro\/lexikon\/wp-json\/wp\/v2\/media?parent=23323"}],"wp:term":[{"taxonomy":"product_brand","embeddable":true,"href":"https:\/\/uj.adatbank.ro\/lexikon\/wp-json\/wp\/v2\/product_brand?post=23323"},{"taxonomy":"product_cat","embeddable":true,"href":"https:\/\/uj.adatbank.ro\/lexikon\/wp-json\/wp\/v2\/product_cat?post=23323"},{"taxonomy":"product_tag","embeddable":true,"href":"https:\/\/uj.adatbank.ro\/lexikon\/wp-json\/wp\/v2\/product_tag?post=23323"}],"curies":[{"name":"wp","href":"https:\/\/api.w.org\/{rel}","templated":true}]}}

TOLVALY, Tolvay család

<p>Erdélyi nemes család, melyből Tolvay István és Balázs 1615-ben Bethlen Gábortól kaptak címeres nemes levelet, mely szerint címerük a vért kék udvarában zöld téren a jobb oldalon vörös ruhás fedetlen fejű magyar ember, előtte egy fehér bölény (v. bika) áll, mely neki rohan, azonban két kezével annak szarvait megrohanva tartja. A vért fölötti koronátlan sisak foszladéka jobbról aranykék, balról ezüstvörös. Erdélyben találunk Szilágyi előnevű Tolvay családot, melyből Imre gyógyszerész Kolozsváron, 1858-ban halt meg. Küküllő megyében birtokosnak írják Tolvay Sámuelt M.-Csergeden és Mikefalván. Tolvay István 1730 körül híres ötvösmester volt Kolozsváron. Talán a Tolvay családokhoz sorolandók azok is, akik Tolvaly-nak írják magukat, például Zsigmond. Zemplén megyében szintén a nemesség soraiban találjuk a Tolvay családot. <br /><strong>– Irod.:</strong> Nagy Iván.</br></p>

<p>Erdélyi nemes család, melyből Tolvay István és Balázs 1615-ben Bethlen Gábortól kaptak címeres nemes levelet, mely szerint címerük a vért kék udvarában zöld téren a jobb oldalon vörös ruhás fedetlen fejű magyar ember, előtte egy fehér bölény (v. bika) áll, mely neki rohan, azonban két kezével annak szarvait megrohanva tartja. A vért fölötti koronátlan sisak [&hellip;]</p>
