{"id":23326,"date":"2025-08-01T17:22:47","date_gmt":"2025-08-01T15:22:47","guid":{"rendered":"https:\/\/uj.adatbank.ro\/lexikon\/termek\/tomaj-denes\/"},"modified":"2025-08-01T17:22:47","modified_gmt":"2025-08-01T15:22:47","slug":"tomaj-denes","status":"publish","type":"product","link":"https:\/\/uj.adatbank.ro\/lexikon\/termek\/tomaj-denes\/","title":{"rendered":"TOMAJ D\u00e9nes"},"content":{"rendered":"<p>? \u2020 1241: lov\u00e1sz, t\u00e1rnokmester, n\u00e1dor. \u2013 Tomaj nemzets\u00e9gbeli. Marosv\u00e9csi lov\u00e1sz (1222 \u201324), t\u00e1rnokmester, majd n\u00e1dor. R\u00e9szes II. Endre kir\u00e1ly feles\u00e9g\u00e9nek, Gertr\u00fad kir\u00e1lyn\u00e9nak a meg\u00f6l\u00e9s\u00e9ben, Kocsis Simont\u00f3l elvette erd\u00e9lyi birtokait (1228) \u00e9s azok egy r\u00e9sz\u00e9t kapta meg adom\u00e1nyk\u00e9nt: a V\u00e9cs v\u00e1r\u00e1t \u00e9s Mez\u0151banyica, Magyar\u00f3-, Dedr\u00e1dsz\u00e9plak-, D\u00e9da-, Gyeke- \u00e9s a n\u00f3gr\u00e1di Losonc- birtokot. T\u0151le \u00f6r\u00f6k\u00f6ltek a Tomaj nemzets\u00e9gbeli Losonczi Tam\u00e1s, Dezs\u0151 \u00e9s Istv\u00e1n, a losonczi B\u00e1nffyak \u0151sei (1319). <br \/><strong>\u2013 Irod.:<\/strong> Keresztes 1995; K.L. M\u0171v. t\u00f6rt. tan. 2.; Valori mure\u015fene de patrimoniu.<\/br><\/p>\n","protected":false},"excerpt":{"rendered":"<p>? \u2020 1241: lov\u00e1sz, t\u00e1rnokmester, n\u00e1dor. \u2013 Tomaj nemzets\u00e9gbeli. Marosv\u00e9csi lov\u00e1sz (1222 \u201324), t\u00e1rnokmester, majd n\u00e1dor. R\u00e9szes II. Endre kir\u00e1ly feles\u00e9g\u00e9nek, Gertr\u00fad kir\u00e1lyn\u00e9nak a meg\u00f6l\u00e9s\u00e9ben, Kocsis Simont\u00f3l elvette erd\u00e9lyi birtokait (1228) \u00e9s azok egy r\u00e9sz\u00e9t kapta meg adom\u00e1nyk\u00e9nt: a V\u00e9cs v\u00e1r\u00e1t \u00e9s Mez\u0151banyica, Magyar\u00f3-, Dedr\u00e1dsz\u00e9plak-, D\u00e9da-, Gyeke- \u00e9s a n\u00f3gr\u00e1di Losonc- birtokot. T\u0151le \u00f6r\u00f6k\u00f6ltek a [&hellip;]<\/p>\n","protected":false},"featured_media":0,"comment_status":"open","ping_status":"closed","template":"","meta":[],"product_brand":[],"product_cat":[137],"product_tag":[],"class_list":{"0":"post-23326","1":"product","2":"type-product","3":"status-publish","5":"product_cat-maros-megyei-eletrajzi-lexikon","7":"first","8":"instock","9":"shipping-taxable","10":"product-type-simple"},"_links":{"self":[{"href":"https:\/\/uj.adatbank.ro\/lexikon\/wp-json\/wp\/v2\/product\/23326","targetHints":{"allow":["GET"]}}],"collection":[{"href":"https:\/\/uj.adatbank.ro\/lexikon\/wp-json\/wp\/v2\/product"}],"about":[{"href":"https:\/\/uj.adatbank.ro\/lexikon\/wp-json\/wp\/v2\/types\/product"}],"replies":[{"embeddable":true,"href":"https:\/\/uj.adatbank.ro\/lexikon\/wp-json\/wp\/v2\/comments?post=23326"}],"wp:attachment":[{"href":"https:\/\/uj.adatbank.ro\/lexikon\/wp-json\/wp\/v2\/media?parent=23326"}],"wp:term":[{"taxonomy":"product_brand","embeddable":true,"href":"https:\/\/uj.adatbank.ro\/lexikon\/wp-json\/wp\/v2\/product_brand?post=23326"},{"taxonomy":"product_cat","embeddable":true,"href":"https:\/\/uj.adatbank.ro\/lexikon\/wp-json\/wp\/v2\/product_cat?post=23326"},{"taxonomy":"product_tag","embeddable":true,"href":"https:\/\/uj.adatbank.ro\/lexikon\/wp-json\/wp\/v2\/product_tag?post=23326"}],"curies":[{"name":"wp","href":"https:\/\/api.w.org\/{rel}","templated":true}]}}

TOMAJ Dénes

<p>? † 1241: lovász, tárnokmester, nádor. – Tomaj nemzetségbeli. Marosvécsi lovász (1222 –24), tárnokmester, majd nádor. Részes II. Endre király feleségének, Gertrúd királynénak a megölésében, Kocsis Simontól elvette erdélyi birtokait (1228) és azok egy részét kapta meg adományként: a Vécs várát és Mezőbanyica, Magyaró-, Dedrádszéplak-, Déda-, Gyeke- és a nógrádi Losonc- birtokot. Tőle örököltek a Tomaj nemzetségbeli Losonczi Tamás, Dezső és István, a losonczi Bánffyak ősei (1319). <br /><strong>– Irod.:</strong> Keresztes 1995; K.L. Műv. tört. tan. 2.; Valori mureşene de patrimoniu.</br></p>

<p>? † 1241: lovász, tárnokmester, nádor. – Tomaj nemzetségbeli. Marosvécsi lovász (1222 –24), tárnokmester, majd nádor. Részes II. Endre király feleségének, Gertrúd királynénak a megölésében, Kocsis Simontól elvette erdélyi birtokait (1228) és azok egy részét kapta meg adományként: a Vécs várát és Mezőbanyica, Magyaró-, Dedrádszéplak-, Déda-, Gyeke- és a nógrádi Losonc- birtokot. Tőle örököltek a [&hellip;]</p>
