{"id":23327,"date":"2025-08-01T17:22:50","date_gmt":"2025-08-01T15:22:50","guid":{"rendered":"https:\/\/uj.adatbank.ro\/lexikon\/termek\/tomcsik-janos\/"},"modified":"2025-08-01T17:22:50","modified_gmt":"2025-08-01T15:22:50","slug":"tomcsik-janos","status":"publish","type":"product","link":"https:\/\/uj.adatbank.ro\/lexikon\/termek\/tomcsik-janos\/","title":{"rendered":"TOMCSIK J\u00e1nos"},"content":{"rendered":"<p>Ratosnya, 1908. dec. 14. \u2020 Marosludas, ?: g\u00e9plakatos, munk\u00e1sigazgat\u00f3. \u2013 A ratosnyai Ardealul v\u00e1llalat \u00e1llamos\u00edt\u00e1sakor kinevezett igazgat\u00f3ja. Azel\u0151tt a gy\u00e1r g\u00e9plakatosa volt (1932\u2013). A RMP tagja (1945\u2013) A gy\u00e1r Wiesel Jakab tulajdona volt \u00e9s 76 alkalmazottal fafeldolgoz\u00e1ssal foglalkozott. A volt tulajdonos az \u00e1llamos\u00edt\u00e1s napj\u00e1n Buk.-be t\u00e1vozott, az \u00e1tad\u00e1st egyik rokon\u00e1ra b\u00edzta, \u00e9s nem tan\u00fas\u00edtott ellen\u00e1ll\u00e1st. Az \u00e1llamos\u00edt\u00e1skor kinevezt\u00e9k a ratosnyai 90 alkalmazottat foglalkoztat\u00f3 Dorna-Foresta Fafeldolgoz\u00f3 RT \u00e9l\u00e9re is. <br \/><strong>\u2013 Irod.:<\/strong> Bartos Zolt\u00e1n.<\/br><\/p>\n","protected":false},"excerpt":{"rendered":"<p>Ratosnya, 1908. dec. 14. \u2020 Marosludas, ?: g\u00e9plakatos, munk\u00e1sigazgat\u00f3. \u2013 A ratosnyai Ardealul v\u00e1llalat \u00e1llamos\u00edt\u00e1sakor kinevezett igazgat\u00f3ja. Azel\u0151tt a gy\u00e1r g\u00e9plakatosa volt (1932\u2013). A RMP tagja (1945\u2013) A gy\u00e1r Wiesel Jakab tulajdona volt \u00e9s 76 alkalmazottal fafeldolgoz\u00e1ssal foglalkozott. A volt tulajdonos az \u00e1llamos\u00edt\u00e1s napj\u00e1n Buk.-be t\u00e1vozott, az \u00e1tad\u00e1st egyik rokon\u00e1ra b\u00edzta, \u00e9s nem tan\u00fas\u00edtott ellen\u00e1ll\u00e1st. [&hellip;]<\/p>\n","protected":false},"featured_media":0,"comment_status":"open","ping_status":"closed","template":"","meta":[],"product_brand":[],"product_cat":[137],"product_tag":[],"class_list":{"0":"post-23327","1":"product","2":"type-product","3":"status-publish","5":"product_cat-maros-megyei-eletrajzi-lexikon","7":"first","8":"instock","9":"shipping-taxable","10":"product-type-simple"},"_links":{"self":[{"href":"https:\/\/uj.adatbank.ro\/lexikon\/wp-json\/wp\/v2\/product\/23327","targetHints":{"allow":["GET"]}}],"collection":[{"href":"https:\/\/uj.adatbank.ro\/lexikon\/wp-json\/wp\/v2\/product"}],"about":[{"href":"https:\/\/uj.adatbank.ro\/lexikon\/wp-json\/wp\/v2\/types\/product"}],"replies":[{"embeddable":true,"href":"https:\/\/uj.adatbank.ro\/lexikon\/wp-json\/wp\/v2\/comments?post=23327"}],"wp:attachment":[{"href":"https:\/\/uj.adatbank.ro\/lexikon\/wp-json\/wp\/v2\/media?parent=23327"}],"wp:term":[{"taxonomy":"product_brand","embeddable":true,"href":"https:\/\/uj.adatbank.ro\/lexikon\/wp-json\/wp\/v2\/product_brand?post=23327"},{"taxonomy":"product_cat","embeddable":true,"href":"https:\/\/uj.adatbank.ro\/lexikon\/wp-json\/wp\/v2\/product_cat?post=23327"},{"taxonomy":"product_tag","embeddable":true,"href":"https:\/\/uj.adatbank.ro\/lexikon\/wp-json\/wp\/v2\/product_tag?post=23327"}],"curies":[{"name":"wp","href":"https:\/\/api.w.org\/{rel}","templated":true}]}}

TOMCSIK János

<p>Ratosnya, 1908. dec. 14. † Marosludas, ?: géplakatos, munkásigazgató. – A ratosnyai Ardealul vállalat államosításakor kinevezett igazgatója. Azelőtt a gyár géplakatosa volt (1932–). A RMP tagja (1945–) A gyár Wiesel Jakab tulajdona volt és 76 alkalmazottal fafeldolgozással foglalkozott. A volt tulajdonos az államosítás napján Buk.-be távozott, az átadást egyik rokonára bízta, és nem tanúsított ellenállást. Az államosításkor kinevezték a ratosnyai 90 alkalmazottat foglalkoztató Dorna-Foresta Fafeldolgozó RT élére is. <br /><strong>– Irod.:</strong> Bartos Zoltán.</br></p>

<p>Ratosnya, 1908. dec. 14. † Marosludas, ?: géplakatos, munkásigazgató. – A ratosnyai Ardealul vállalat államosításakor kinevezett igazgatója. Azelőtt a gyár géplakatosa volt (1932–). A RMP tagja (1945–) A gyár Wiesel Jakab tulajdona volt és 76 alkalmazottal fafeldolgozással foglalkozott. A volt tulajdonos az államosítás napján Buk.-be távozott, az átadást egyik rokonára bízta, és nem tanúsított ellenállást. [&hellip;]</p>
