{"id":23329,"date":"2025-08-01T17:22:56","date_gmt":"2025-08-01T15:22:56","guid":{"rendered":"https:\/\/uj.adatbank.ro\/lexikon\/termek\/tomcsik-jozsef\/"},"modified":"2025-08-01T17:22:56","modified_gmt":"2025-08-01T15:22:56","slug":"tomcsik-jozsef","status":"publish","type":"product","link":"https:\/\/uj.adatbank.ro\/lexikon\/termek\/tomcsik-jozsef\/","title":{"rendered":"TOMCSIK J\u00f3zsef"},"content":{"rendered":"<p>Als\u00f3kubin (Mo.), 1820., \u2020 Marosludas, 1893. szept. 19.: gy\u00f3gyszer\u00e9sz. \u2013 Gyermekeik: T. J\u00f3zsef (Kv., 1853. szept. 12. \u2013 Aranyosgy\u00e9res, 1911. szept. 18.); T. Jen\u0151 (Kv., 1856 \u2013 Erd\u0151szentgy\u00f6rgy, 1892. \u00e1pr. 14.); T. M\u00e1ria (Marosludas, 1870. okt. 20 \u2013 Kv., 1950. j\u00fal.) Fazakas B\u00e9l\u00e1n\u00e9. \u2013 Gy\u00f3gyszer\u00e9szmesteri oklevelet kapott (1848). Erd\u00e9lyben telepedett le, Kv.-on is dolgozhatott (2 fia ott sz\u00fcletett), majd Marosludason ker\u00fclt tulajdon\u00e1ba (1870\u2013) az Angyal gy\u00f3gyszert\u00e1r (m\u00e1r 1854-ben alap\u00edtott\u00e1k), amit vezetett (1891\u2013). P\u00e1lffy Isv\u00e1n volt a k\u00f6vetkez\u0151 tulajdonosa a patik\u00e1nak. <br \/><strong>\u2013 Irod.:<\/strong> P\u00e9ter H. M. 2013.<\/br><\/p>\n","protected":false},"excerpt":{"rendered":"<p>Als\u00f3kubin (Mo.), 1820., \u2020 Marosludas, 1893. szept. 19.: gy\u00f3gyszer\u00e9sz. \u2013 Gyermekeik: T. J\u00f3zsef (Kv., 1853. szept. 12. \u2013 Aranyosgy\u00e9res, 1911. szept. 18.); T. Jen\u0151 (Kv., 1856 \u2013 Erd\u0151szentgy\u00f6rgy, 1892. \u00e1pr. 14.); T. M\u00e1ria (Marosludas, 1870. okt. 20 \u2013 Kv., 1950. j\u00fal.) Fazakas B\u00e9l\u00e1n\u00e9. \u2013 Gy\u00f3gyszer\u00e9szmesteri oklevelet kapott (1848). Erd\u00e9lyben telepedett le, Kv.-on is dolgozhatott (2 [&hellip;]<\/p>\n","protected":false},"featured_media":0,"comment_status":"open","ping_status":"closed","template":"","meta":[],"product_brand":[],"product_cat":[137],"product_tag":[],"class_list":{"0":"post-23329","1":"product","2":"type-product","3":"status-publish","5":"product_cat-maros-megyei-eletrajzi-lexikon","7":"first","8":"instock","9":"shipping-taxable","10":"product-type-simple"},"_links":{"self":[{"href":"https:\/\/uj.adatbank.ro\/lexikon\/wp-json\/wp\/v2\/product\/23329","targetHints":{"allow":["GET"]}}],"collection":[{"href":"https:\/\/uj.adatbank.ro\/lexikon\/wp-json\/wp\/v2\/product"}],"about":[{"href":"https:\/\/uj.adatbank.ro\/lexikon\/wp-json\/wp\/v2\/types\/product"}],"replies":[{"embeddable":true,"href":"https:\/\/uj.adatbank.ro\/lexikon\/wp-json\/wp\/v2\/comments?post=23329"}],"wp:attachment":[{"href":"https:\/\/uj.adatbank.ro\/lexikon\/wp-json\/wp\/v2\/media?parent=23329"}],"wp:term":[{"taxonomy":"product_brand","embeddable":true,"href":"https:\/\/uj.adatbank.ro\/lexikon\/wp-json\/wp\/v2\/product_brand?post=23329"},{"taxonomy":"product_cat","embeddable":true,"href":"https:\/\/uj.adatbank.ro\/lexikon\/wp-json\/wp\/v2\/product_cat?post=23329"},{"taxonomy":"product_tag","embeddable":true,"href":"https:\/\/uj.adatbank.ro\/lexikon\/wp-json\/wp\/v2\/product_tag?post=23329"}],"curies":[{"name":"wp","href":"https:\/\/api.w.org\/{rel}","templated":true}]}}

TOMCSIK József

<p>Alsókubin (Mo.), 1820., † Marosludas, 1893. szept. 19.: gyógyszerész. – Gyermekeik: T. József (Kv., 1853. szept. 12. – Aranyosgyéres, 1911. szept. 18.); T. Jenő (Kv., 1856 – Erdőszentgyörgy, 1892. ápr. 14.); T. Mária (Marosludas, 1870. okt. 20 – Kv., 1950. júl.) Fazakas Béláné. – Gyógyszerészmesteri oklevelet kapott (1848). Erdélyben telepedett le, Kv.-on is dolgozhatott (2 fia ott született), majd Marosludason került tulajdonába (1870–) az Angyal gyógyszertár (már 1854-ben alapították), amit vezetett (1891–). Pálffy Isván volt a következő tulajdonosa a patikának. <br /><strong>– Irod.:</strong> Péter H. M. 2013.</br></p>

<p>Alsókubin (Mo.), 1820., † Marosludas, 1893. szept. 19.: gyógyszerész. – Gyermekeik: T. József (Kv., 1853. szept. 12. – Aranyosgyéres, 1911. szept. 18.); T. Jenő (Kv., 1856 – Erdőszentgyörgy, 1892. ápr. 14.); T. Mária (Marosludas, 1870. okt. 20 – Kv., 1950. júl.) Fazakas Béláné. – Gyógyszerészmesteri oklevelet kapott (1848). Erdélyben telepedett le, Kv.-on is dolgozhatott (2 [&hellip;]</p>
