{"id":23330,"date":"2025-08-01T17:22:59","date_gmt":"2025-08-01T15:22:59","guid":{"rendered":"https:\/\/uj.adatbank.ro\/lexikon\/termek\/tomescu-dumitru\/"},"modified":"2025-08-01T17:22:59","modified_gmt":"2025-08-01T15:22:59","slug":"tomescu-dumitru","status":"publish","type":"product","link":"https:\/\/uj.adatbank.ro\/lexikon\/termek\/tomescu-dumitru\/","title":{"rendered":"TOMESCU, Dumitru"},"content":{"rendered":"<p>? \u2020 ?: bel\u00fcgyminiszteriumi igazgat\u00f3. \u2013 Mv.-en tev\u00e9kenykedett mint a miniszt\u00e9rium kik\u00fcld\u00f6tt embere (1925\u201329). Dandea elleni korrupci\u00f3s \u00fcgyek kivizsg\u00e1l\u00e1s\u00e1ra l\u00e9tes\u00edtett bizotts\u00e1g vezet\u0151je (1925), aki nem tal\u00e1lt semmilyen kih\u00e1g\u00e1st. A korm\u00e1ny \u00faj biztost nevezett ki a v\u00e1rosvezet\u00e9s \u00fcgyeinek kivizsg\u00e1l\u00e1s\u00e1ra, bele\u00e9rtve a Tomescu- f\u00e9le jelent\u00e9st is. K\u00e9s\u0151bb is ellen\u0151rizte a tan\u00e1cs \u00e9s v\u00e1rosh\u00e1za m\u0171k\u00f6d\u00e9s\u00e9t. \u2013 F..m.: Ancheta dela Prim\u0103ria ora\u015fului Tg. Mure\u015f (Tg., Mure\u015f, 1925). <br \/><strong>\u2013 Irod.:<\/strong> F\u00fcl\u00f6p\u2013Ferencz, Id\u0151t\u00e1r 3.<\/br><\/p>\n","protected":false},"excerpt":{"rendered":"<p>? \u2020 ?: bel\u00fcgyminiszteriumi igazgat\u00f3. \u2013 Mv.-en tev\u00e9kenykedett mint a miniszt\u00e9rium kik\u00fcld\u00f6tt embere (1925\u201329). Dandea elleni korrupci\u00f3s \u00fcgyek kivizsg\u00e1l\u00e1s\u00e1ra l\u00e9tes\u00edtett bizotts\u00e1g vezet\u0151je (1925), aki nem tal\u00e1lt semmilyen kih\u00e1g\u00e1st. A korm\u00e1ny \u00faj biztost nevezett ki a v\u00e1rosvezet\u00e9s \u00fcgyeinek kivizsg\u00e1l\u00e1s\u00e1ra, bele\u00e9rtve a Tomescu- f\u00e9le jelent\u00e9st is. K\u00e9s\u0151bb is ellen\u0151rizte a tan\u00e1cs \u00e9s v\u00e1rosh\u00e1za m\u0171k\u00f6d\u00e9s\u00e9t. \u2013 F..m.: Ancheta [&hellip;]<\/p>\n","protected":false},"featured_media":0,"comment_status":"open","ping_status":"closed","template":"","meta":[],"product_brand":[],"product_cat":[137],"product_tag":[],"class_list":{"0":"post-23330","1":"product","2":"type-product","3":"status-publish","5":"product_cat-maros-megyei-eletrajzi-lexikon","7":"first","8":"instock","9":"shipping-taxable","10":"product-type-simple"},"_links":{"self":[{"href":"https:\/\/uj.adatbank.ro\/lexikon\/wp-json\/wp\/v2\/product\/23330","targetHints":{"allow":["GET"]}}],"collection":[{"href":"https:\/\/uj.adatbank.ro\/lexikon\/wp-json\/wp\/v2\/product"}],"about":[{"href":"https:\/\/uj.adatbank.ro\/lexikon\/wp-json\/wp\/v2\/types\/product"}],"replies":[{"embeddable":true,"href":"https:\/\/uj.adatbank.ro\/lexikon\/wp-json\/wp\/v2\/comments?post=23330"}],"wp:attachment":[{"href":"https:\/\/uj.adatbank.ro\/lexikon\/wp-json\/wp\/v2\/media?parent=23330"}],"wp:term":[{"taxonomy":"product_brand","embeddable":true,"href":"https:\/\/uj.adatbank.ro\/lexikon\/wp-json\/wp\/v2\/product_brand?post=23330"},{"taxonomy":"product_cat","embeddable":true,"href":"https:\/\/uj.adatbank.ro\/lexikon\/wp-json\/wp\/v2\/product_cat?post=23330"},{"taxonomy":"product_tag","embeddable":true,"href":"https:\/\/uj.adatbank.ro\/lexikon\/wp-json\/wp\/v2\/product_tag?post=23330"}],"curies":[{"name":"wp","href":"https:\/\/api.w.org\/{rel}","templated":true}]}}

<p>? † ?: belügyminiszteriumi igazgató. – Mv.-en tevékenykedett mint a minisztérium kiküldött embere (1925–29). Dandea elleni korrupciós ügyek kivizsgálására létesített bizottság vezetője (1925), aki nem talált semmilyen kihágást. A kormány új biztost nevezett ki a városvezetés ügyeinek kivizsgálására, beleértve a Tomescu- féle jelentést is. Később is ellenőrizte a tanács és városháza működését. – F..m.: Ancheta dela Primăria oraşului Tg. Mureş (Tg., Mureş, 1925). <br /><strong>– Irod.:</strong> Fülöp–Ferencz, Időtár 3.</br></p>

<p>? † ?: belügyminiszteriumi igazgató. – Mv.-en tevékenykedett mint a minisztérium kiküldött embere (1925–29). Dandea elleni korrupciós ügyek kivizsgálására létesített bizottság vezetője (1925), aki nem talált semmilyen kihágást. A kormány új biztost nevezett ki a városvezetés ügyeinek kivizsgálására, beleértve a Tomescu- féle jelentést is. Később is ellenőrizte a tanács és városháza működését. – F..m.: Ancheta [&hellip;]</p>
