{"id":23342,"date":"2025-08-01T17:23:31","date_gmt":"2025-08-01T15:23:31","guid":{"rendered":"https:\/\/uj.adatbank.ro\/lexikon\/termek\/tompa-janos-kisborosnyoi\/"},"modified":"2025-08-01T17:23:31","modified_gmt":"2025-08-01T15:23:31","slug":"tompa-janos-kisborosnyoi","status":"publish","type":"product","link":"https:\/\/uj.adatbank.ro\/lexikon\/termek\/tompa-janos-kisborosnyoi\/","title":{"rendered":"TOMPA J\u00e1nos, kisborosny\u00f3i"},"content":{"rendered":"<p>Kisborosny\u00f3, 1770., \u2020 1834. szept. 23.: tan\u00e1r. \u2013 9 \u00e9ves kor\u00e1ban Enyedre vitt\u00e9k tanulni, hol anyai nagyb\u00e1tyja, Herepei \u00c1d\u00e1m seg\u00e9lyez\u00e9se \u00e9s vezet\u00e9se mellett, mint F\u00fcl\u00f6p Elek \u00e9s K\u00f6teles S\u00e1muel tanul\u00f3t\u00e1rsa n\u0151tt fel \u00e9s itt v\u00e1lt k\u00f6ztudott\u00e1, hogy: \u201eTompa, F\u00fcl\u00f6p, K\u00f6teles, mind a h\u00e1rom nagy eszes!\u201d . V\u00e9gzett (1788) \u00e9s a rhetorica klassisban, k\u00f6ztan\u00edt\u00f3 lett. G\u00f6tting\u00e1ban \u00e9s Jen\u00e1ban h\u00e1rom \u00e9vet t\u00f6lt\u00f6tt (1796\u201399), majd hazat\u00e9rve, \u00e9ppen az \u00faj sz\u00e1zaddal k\u00f6sz\u00f6nt\u00f6tt be Nagyenyedre, mint megv\u00e1lasztott, lelk\u00e9sz, de m\u00e1r ugyanazon \u00e9vben Mv.-re, a teol. tansz\u00e9kre v\u00e1lasztott\u00e1k meg tan\u00e1rnak, beiktatt\u00e1k (1801 febr. 6\u201317). Tekintettel f\u00e1j\u00f3s l\u00e1b\u00e1ra, a koll\u00e9giumhoz k\u00f6zel fekv\u0151 dr. M\u00e1tyus Istv\u00e1n-f\u00e9le, Kazinczi-utcai h\u00e1zban lakott. Cenzori hivatalt t\u00f6lt\u00f6tt be (1802), ugyanez \u00e9vben r\u00e9szt vett Mv.-en, majd Radn\u00f3ton (1803), ism\u00e9t Mv-en (1814), K-G\u00e1lfalv\u00e1n (1805), Tord\u00e1n (1826) \u00e9s D\u00e9v\u00e1n (1830) tartott szin\u00f3dusokon. 16 \u00e9s f\u00e9l \u00e9vi itt m\u0171k\u00f6d\u00e9se ut\u00e1n visszahelyezt\u00e9k Nagyenyedre (1817), amikor szept. 3-\u00e1n b\u00facs\u00fat mondott V\u00e1s\u00e1rhelynek. Kit\u0171n\u0151 sz\u00f3nok, j\u00f3 el\u0151ad\u00f3 \u00e9s szabadelv\u0171en gondolkod\u00f3 tan\u00e1r volt. Neje: Cseh Kriska, Cseh S\u00e1ndor, mv.-i polg\u00e1r le\u00e1nya (1811\u2013). Gyermekei: J\u00e1nos (kolozsv\u00e1ri m\u00e9rn\u00f6k), Lajos (kolozsv\u00e1ri m\u00e9rn\u00f6k) \u00e9s R\u00f3za. Itt megjelent 11 temet\u00e9si eml\u00e9kbesz\u00e9de. \u2013  <strong>F. m..:<\/strong> A v\u00e9nek koron\u00e1ja&#8230; melyet losontzi B\u00e1nffy Kl\u00e1ra gr. gr. Bethlen L\u00e1szl\u00f3 \u00f6zvegye felett Mv., 1804. nov. 18. (Kv., 1805, Asszonyember f\u0151cimmel; Kv., 1823); A&#8217; j\u00f3 kereszty\u00e9n \u00e9des atya. Halotti besz\u00e9d gr\u00f3f Gyulai Ferentz temet\u00e9si pomp\u00e1j\u00e1ra, elmondotta a&#8217; szenterzs\u00e9beti ref. templomban 1807. m\u00e1rc.\u00e1nak 22 (Mv., 1807); Az ifj\u00fa p\u00e1lyafut\u00f3: Halotti besz\u00e9d. Ve\u00e9r P\u00e1l felett Mv. 1809. p\u00fcnk\u00f6sd hava, 14. (Kv., 1810); Az Isten v\u00e1ltozhatatlans\u00e1ga a v\u00e1ltozand\u00f3s\u00e1gokban: Halotti elm\u00e9lked\u00e9s Gr\u00f3f sz\u00e9ki Teleki Lajos felett, Mv. Szent J\u00e1nos hava, (Kv., 1811); Az egyenes sz\u00edv\u0171 n\u00e9ptan\u00edt\u00f3: Halotti besz\u00e9d V\u00e1lyi Elek felett (Kv., 1811); Gy\u00e1szbesz\u00e9d szentp\u00e1li Szentp\u00e1ly Elek felett (Kv., 1814); Egy halotti besz\u00e9d \u00e9s k\u00f6ny\u00f6rg\u00e9s Gr\u00f3f. Bethlen L\u00e1szl\u00f3 felett. Mv. 1814. \u00e1pr. 13. (Kv., 1816), Az \u00e1lnoks\u00e1g n\u00e9lk\u00fcl val\u00f3 igaz izraelita: Gr\u00f3f Bethlen D\u00e1niel felett, 1822. m\u00e1j.19. (Kv., 1822); Gy\u00e1szbesz\u00e9d Mara L\u0151rincz felett (Nagyenyed, 1831); Gy\u00e1szbesz\u00e9d \u0150ry Sus\u00e1nna T\u00f6vissi Gergelyn\u00e9 felett (Nagyenyed, 1830); K\u00f6ny\u00f6rg\u00e9s Gr. Bethlen Roz\u00e1lia gr. Bethlen Imr\u00e9n\u00e9 felett (Nagyenyed, 1832); k\u00f6tetben: K\u00f6bl\u00f6s Zolt\u00e1n: Halotti besz\u00e9dek (Kv., 1905); <strong>K\u00e9ziratban maradt m\u0171vei:<\/strong> A&#8217; kereszty\u00e9n vall\u00e1s \u00e9s t\u00e1rsas\u00e1g hist\u00f3ri\u00e1ja. Lem\u00e1solta: Musnai S\u00e1muel, s\u00f3v\u00e1radi ref. lelk\u00e9sz, a ref. koll. k\u00f6nyvt\u00e1ra r\u00e9sz\u00e9re.; A&#8217; h\u00e1l\u00e1datos katona j\u00f3 eml\u00e9kezete, el\u00e9adva egy besz\u00e9dben, melyet z\u00e1goni m\u00e9lt. L. B. Szentkereszti Andr\u00e1s \u00farnak, a&#8217; cs. kir. apost. Fels\u00e9g General Majorj\u00e1nak, az Ers\u00e9bet katonai rend egyik keresztes vit\u00e9z\u00e9nek tisztelet\u00e9re k\u00e9sz\u00edtett \u00e9s mid\u0151n a&#8217; h\u00e1l\u00e1datos Brittusokt\u00f3l az 1794-iki \u00e1prilis 24. napj\u00e1nak eml\u00e9kezet\u00e9re k\u00fcld\u00f6tt dr\u00e1ga kardot a&#8217; m-v\u00e1s\u00e1rhelyi ref. Koll\u00e9gium m\u00fazeum\u00e1nak aj\u00e1nd\u00e9kozta \u00e9s ugyanakkor a&#8217; papi hivatalra mag\u00e1t elsz\u00e1nt \u00e9s legjobb k\u00e9sz\u00fclet\u0171 egy ifj\u00fanak felseg\u00e9l\u00e9s\u00e9re alumniumot rendelt volna, sok f\u0151m\u00e9lt\u00f3s\u00e1g\u00fa \u00e9s rend\u0171 urak jelenl\u00e9t\u00e9ben a mv.-i ref. koll\u00e9gium nagy audit\u00f3rium\u00e1ban 1805-ben j\u00fanius 28-\u00e1n el is mondott K. B. Tompa J\u00e1nos. <br \/><strong>\u2013 Irod.:<\/strong> Fogarasi; Kiss\u2013K\u00e1lm\u00e1n\u2013Bierbrunner; Koczi\u00e1ny; Koncz; Kr\u00f3n F\u00fcz. (1939. 4\/7); M\u0171vt\u00f6rt. T. 1980; P\u00e1l-Antal 2009, Rugonfalvi Kiss; Salamon J\u00f3zsef: De statu Ecclesiae Evangelico-Reformatae in Transilvaniae (Claudiopol, 1840); Szinnyei.<\/br><\/p>\n","protected":false},"excerpt":{"rendered":"<p>Kisborosny\u00f3, 1770., \u2020 1834. szept. 23.: tan\u00e1r. \u2013 9 \u00e9ves kor\u00e1ban Enyedre vitt\u00e9k tanulni, hol anyai nagyb\u00e1tyja, Herepei \u00c1d\u00e1m seg\u00e9lyez\u00e9se \u00e9s vezet\u00e9se mellett, mint F\u00fcl\u00f6p Elek \u00e9s K\u00f6teles S\u00e1muel tanul\u00f3t\u00e1rsa n\u0151tt fel \u00e9s itt v\u00e1lt k\u00f6ztudott\u00e1, hogy: \u201eTompa, F\u00fcl\u00f6p, K\u00f6teles, mind a h\u00e1rom nagy eszes!\u201d . V\u00e9gzett (1788) \u00e9s a rhetorica klassisban, k\u00f6ztan\u00edt\u00f3 lett. G\u00f6tting\u00e1ban [&hellip;]<\/p>\n","protected":false},"featured_media":0,"comment_status":"open","ping_status":"closed","template":"","meta":[],"product_brand":[],"product_cat":[137],"product_tag":[],"class_list":{"0":"post-23342","1":"product","2":"type-product","3":"status-publish","5":"product_cat-maros-megyei-eletrajzi-lexikon","7":"first","8":"instock","9":"shipping-taxable","10":"product-type-simple"},"_links":{"self":[{"href":"https:\/\/uj.adatbank.ro\/lexikon\/wp-json\/wp\/v2\/product\/23342","targetHints":{"allow":["GET"]}}],"collection":[{"href":"https:\/\/uj.adatbank.ro\/lexikon\/wp-json\/wp\/v2\/product"}],"about":[{"href":"https:\/\/uj.adatbank.ro\/lexikon\/wp-json\/wp\/v2\/types\/product"}],"replies":[{"embeddable":true,"href":"https:\/\/uj.adatbank.ro\/lexikon\/wp-json\/wp\/v2\/comments?post=23342"}],"wp:attachment":[{"href":"https:\/\/uj.adatbank.ro\/lexikon\/wp-json\/wp\/v2\/media?parent=23342"}],"wp:term":[{"taxonomy":"product_brand","embeddable":true,"href":"https:\/\/uj.adatbank.ro\/lexikon\/wp-json\/wp\/v2\/product_brand?post=23342"},{"taxonomy":"product_cat","embeddable":true,"href":"https:\/\/uj.adatbank.ro\/lexikon\/wp-json\/wp\/v2\/product_cat?post=23342"},{"taxonomy":"product_tag","embeddable":true,"href":"https:\/\/uj.adatbank.ro\/lexikon\/wp-json\/wp\/v2\/product_tag?post=23342"}],"curies":[{"name":"wp","href":"https:\/\/api.w.org\/{rel}","templated":true}]}}

TOMPA János, kisborosnyói

<p>Kisborosnyó, 1770., † 1834. szept. 23.: tanár. – 9 éves korában Enyedre vitték tanulni, hol anyai nagybátyja, Herepei Ádám segélyezése és vezetése mellett, mint Fülöp Elek és Köteles Sámuel tanulótársa nőtt fel és itt vált köztudottá, hogy: „Tompa, Fülöp, Köteles, mind a három nagy eszes!” . Végzett (1788) és a rhetorica klassisban, köztanító lett. Göttingában és Jenában három évet töltött (1796–99), majd hazatérve, éppen az új századdal köszöntött be Nagyenyedre, mint megválasztott, lelkész, de már ugyanazon évben Mv.-re, a teol. tanszékre választották meg tanárnak, beiktatták (1801 febr. 6–17). Tekintettel fájós lábára, a kollégiumhoz közel fekvő dr. Mátyus István-féle, Kazinczi-utcai házban lakott. Cenzori hivatalt töltött be (1802), ugyanez évben részt vett Mv.-en, majd Radnóton (1803), ismét Mv-en (1814), K-Gálfalván (1805), Tordán (1826) és Déván (1830) tartott szinódusokon. 16 és fél évi itt működése után visszahelyezték Nagyenyedre (1817), amikor szept. 3-án búcsút mondott Vásárhelynek. Kitűnő szónok, jó előadó és szabadelvűen gondolkodó tanár volt. Neje: Cseh Kriska, Cseh Sándor, mv.-i polgár leánya (1811–). Gyermekei: János (kolozsvári mérnök), Lajos (kolozsvári mérnök) és Róza. Itt megjelent 11 temetési emlékbeszéde. –  <strong>F. m..:</strong> A vének koronája&#8230; melyet losontzi Bánffy Klára gr. gr. Bethlen László özvegye felett Mv., 1804. nov. 18. (Kv., 1805, Asszonyember főcimmel; Kv., 1823); A&#8217; jó keresztyén édes atya. Halotti beszéd gróf Gyulai Ferentz temetési pompájára, elmondotta a&#8217; szenterzsébeti ref. templomban 1807. márc.ának 22 (Mv., 1807); Az ifjú pályafutó: Halotti beszéd. Veér Pál felett Mv. 1809. pünkösd hava, 14. (Kv., 1810); Az Isten változhatatlansága a változandóságokban: Halotti elmélkedés Gróf széki Teleki Lajos felett, Mv. Szent János hava, (Kv., 1811); Az egyenes szívű néptanító: Halotti beszéd Vályi Elek felett (Kv., 1811); Gyászbeszéd szentpáli Szentpály Elek felett (Kv., 1814); Egy halotti beszéd és könyörgés Gróf. Bethlen László felett. Mv. 1814. ápr. 13. (Kv., 1816), Az álnokság nélkül való igaz izraelita: Gróf Bethlen Dániel felett, 1822. máj.19. (Kv., 1822); Gyászbeszéd Mara Lőrincz felett (Nagyenyed, 1831); Gyászbeszéd Őry Susánna Tövissi Gergelyné felett (Nagyenyed, 1830); Könyörgés Gr. Bethlen Rozália gr. Bethlen Imréné felett (Nagyenyed, 1832); kötetben: Köblös Zoltán: Halotti beszédek (Kv., 1905); <strong>Kéziratban maradt művei:</strong> A&#8217; keresztyén vallás és társaság históriája. Lemásolta: Musnai Sámuel, sóváradi ref. lelkész, a ref. koll. könyvtára részére.; A&#8217; háládatos katona jó emlékezete, eléadva egy beszédben, melyet zágoni mélt. L. B. Szentkereszti András úrnak, a&#8217; cs. kir. apost. Felség General Majorjának, az Ersébet katonai rend egyik keresztes vitézének tiszteletére készített és midőn a&#8217; háládatos Brittusoktól az 1794-iki április 24. napjának emlékezetére küldött drága kardot a&#8217; m-vásárhelyi ref. Kollégium múzeumának ajándékozta és ugyanakkor a&#8217; papi hivatalra magát elszánt és legjobb készületű egy ifjúnak felsegélésére alumniumot rendelt volna, sok főméltóságú és rendű urak jelenlétében a mv.-i ref. kollégium nagy auditóriumában 1805-ben június 28-án el is mondott K. B. Tompa János. <br /><strong>– Irod.:</strong> Fogarasi; Kiss–Kálmán–Bierbrunner; Kocziány; Koncz; Krón Füz. (1939. 4/7); Művtört. T. 1980; Pál-Antal 2009, Rugonfalvi Kiss; Salamon József: De statu Ecclesiae Evangelico-Reformatae in Transilvaniae (Claudiopol, 1840); Szinnyei.</br></p>

<p>Kisborosnyó, 1770., † 1834. szept. 23.: tanár. – 9 éves korában Enyedre vitték tanulni, hol anyai nagybátyja, Herepei Ádám segélyezése és vezetése mellett, mint Fülöp Elek és Köteles Sámuel tanulótársa nőtt fel és itt vált köztudottá, hogy: „Tompa, Fülöp, Köteles, mind a három nagy eszes!” . Végzett (1788) és a rhetorica klassisban, köztanító lett. Göttingában [&hellip;]</p>
