{"id":23344,"date":"2025-08-01T17:23:35","date_gmt":"2025-08-01T15:23:35","guid":{"rendered":"https:\/\/uj.adatbank.ro\/lexikon\/termek\/tompa-jozsef\/"},"modified":"2025-08-01T17:23:35","modified_gmt":"2025-08-01T15:23:35","slug":"tompa-jozsef","status":"publish","type":"product","link":"https:\/\/uj.adatbank.ro\/lexikon\/termek\/tompa-jozsef\/","title":{"rendered":"TOMPA J\u00f3zsef"},"content":{"rendered":"<p>K\u00e9zdim\u00e1rtonfalva, 1899., \u2020 ?: szobr\u00e1szm\u0171v\u00e9sz Mv.-en. \u2013 K\u00f6z\u00e9piskol\u00e1it Brass\u00f3ban, az iparm\u0171v\u00e9szeti f\u0151iskol\u00e1t Bp.-en v\u00e9gezte. R\u00e9szt vett az I. vh.-ban (1917\u201319), az orosz fronton harcolt, majd a sz\u00e9kely hadoszt\u00e1ly szervez\u00e9s\u00e9ben tev\u00e9keny r\u00e9szt v\u00e1llalt, a rom\u00e1n fronton megsebes\u00fclt, k\u00e9t h\u00f3napig fogs\u00e1gban volt. Hadapr\u00f3d\u0151rmesteri rangban szerelt le a K\u00e1roly Csapatkereszt kit\u00fcntet\u00e9ssel. Brass\u00f3ban mint b\u00fatorgy\u00e1ri szobr\u00e1sz m\u0171k\u00f6d\u00f6tt, majd Mv.-en \u00f6n\u00e1ll\u00f3 fa-, gipsz- \u00e9s k\u0151szobr\u00e1sz volt (1923\u2013). Elk\u00e9sz\u00edtette a vadasdi templom sz\u00f3sz\u00e9kkoron\u00e1j\u00e1t (1934). Siker\u00fcltebb b\u00fatord\u00edsz\u00edt\u0151 \u00e9s szobr\u00e1sz munk\u00e1in k\u00edv\u00fcl t\u00f6bb helyen h\u0151s\u00f6k eml\u00e9km\u0171vet k\u00e9sz\u00edtett, valamint sz\u00e1mos k\u00f6z\u00e9leti nagys\u00e1g jubileumi szobr\u00e1t alkotta meg. Az Asztalos Ipart\u00e1rsulat egyik aleln\u00f6ke, a Magyar Iparosegyes\u00fclet v\u00e1lasztm\u00e1nyi tagja, a MP kult\u00faroszt\u00e1ly\u00e1nak titk\u00e1ra volt. <br \/><strong>\u2013 Irod.:<\/strong> Erd\u00e9lyi ezredek; Ki kicsoda?; Vadasdi kr\u00f3nika.<\/br><\/p>\n","protected":false},"excerpt":{"rendered":"<p>K\u00e9zdim\u00e1rtonfalva, 1899., \u2020 ?: szobr\u00e1szm\u0171v\u00e9sz Mv.-en. \u2013 K\u00f6z\u00e9piskol\u00e1it Brass\u00f3ban, az iparm\u0171v\u00e9szeti f\u0151iskol\u00e1t Bp.-en v\u00e9gezte. R\u00e9szt vett az I. vh.-ban (1917\u201319), az orosz fronton harcolt, majd a sz\u00e9kely hadoszt\u00e1ly szervez\u00e9s\u00e9ben tev\u00e9keny r\u00e9szt v\u00e1llalt, a rom\u00e1n fronton megsebes\u00fclt, k\u00e9t h\u00f3napig fogs\u00e1gban volt. Hadapr\u00f3d\u0151rmesteri rangban szerelt le a K\u00e1roly Csapatkereszt kit\u00fcntet\u00e9ssel. Brass\u00f3ban mint b\u00fatorgy\u00e1ri szobr\u00e1sz m\u0171k\u00f6d\u00f6tt, majd Mv.-en [&hellip;]<\/p>\n","protected":false},"featured_media":0,"comment_status":"open","ping_status":"closed","template":"","meta":[],"product_brand":[],"product_cat":[137],"product_tag":[],"class_list":{"0":"post-23344","1":"product","2":"type-product","3":"status-publish","5":"product_cat-maros-megyei-eletrajzi-lexikon","7":"first","8":"instock","9":"shipping-taxable","10":"product-type-simple"},"_links":{"self":[{"href":"https:\/\/uj.adatbank.ro\/lexikon\/wp-json\/wp\/v2\/product\/23344","targetHints":{"allow":["GET"]}}],"collection":[{"href":"https:\/\/uj.adatbank.ro\/lexikon\/wp-json\/wp\/v2\/product"}],"about":[{"href":"https:\/\/uj.adatbank.ro\/lexikon\/wp-json\/wp\/v2\/types\/product"}],"replies":[{"embeddable":true,"href":"https:\/\/uj.adatbank.ro\/lexikon\/wp-json\/wp\/v2\/comments?post=23344"}],"wp:attachment":[{"href":"https:\/\/uj.adatbank.ro\/lexikon\/wp-json\/wp\/v2\/media?parent=23344"}],"wp:term":[{"taxonomy":"product_brand","embeddable":true,"href":"https:\/\/uj.adatbank.ro\/lexikon\/wp-json\/wp\/v2\/product_brand?post=23344"},{"taxonomy":"product_cat","embeddable":true,"href":"https:\/\/uj.adatbank.ro\/lexikon\/wp-json\/wp\/v2\/product_cat?post=23344"},{"taxonomy":"product_tag","embeddable":true,"href":"https:\/\/uj.adatbank.ro\/lexikon\/wp-json\/wp\/v2\/product_tag?post=23344"}],"curies":[{"name":"wp","href":"https:\/\/api.w.org\/{rel}","templated":true}]}}

TOMPA József

<p>Kézdimártonfalva, 1899., † ?: szobrászművész Mv.-en. – Középiskoláit Brassóban, az iparművészeti főiskolát Bp.-en végezte. Részt vett az I. vh.-ban (1917–19), az orosz fronton harcolt, majd a székely hadosztály szervezésében tevékeny részt vállalt, a román fronton megsebesült, két hónapig fogságban volt. Hadapródőrmesteri rangban szerelt le a Károly Csapatkereszt kitüntetéssel. Brassóban mint bútorgyári szobrász működött, majd Mv.-en önálló fa-, gipsz- és kőszobrász volt (1923–). Elkészítette a vadasdi templom szószékkoronáját (1934). Sikerültebb bútordíszítő és szobrász munkáin kívül több helyen hősök emlékművet készített, valamint számos közéleti nagyság jubileumi szobrát alkotta meg. Az Asztalos Ipartársulat egyik alelnöke, a Magyar Iparosegyesület választmányi tagja, a MP kultúrosztályának titkára volt. <br /><strong>– Irod.:</strong> Erdélyi ezredek; Ki kicsoda?; Vadasdi krónika.</br></p>

<p>Kézdimártonfalva, 1899., † ?: szobrászművész Mv.-en. – Középiskoláit Brassóban, az iparművészeti főiskolát Bp.-en végezte. Részt vett az I. vh.-ban (1917–19), az orosz fronton harcolt, majd a székely hadosztály szervezésében tevékeny részt vállalt, a román fronton megsebesült, két hónapig fogságban volt. Hadapródőrmesteri rangban szerelt le a Károly Csapatkereszt kitüntetéssel. Brassóban mint bútorgyári szobrász működött, majd Mv.-en [&hellip;]</p>
