{"id":23347,"date":"2025-08-01T17:23:43","date_gmt":"2025-08-01T15:23:43","guid":{"rendered":"https:\/\/uj.adatbank.ro\/lexikon\/termek\/tompa-miklos-%c2%a7\/"},"modified":"2025-08-01T17:23:43","modified_gmt":"2025-08-01T15:23:43","slug":"tompa-miklos-%c2%a7","status":"publish","type":"product","link":"https:\/\/uj.adatbank.ro\/lexikon\/termek\/tompa-miklos-%c2%a7\/","title":{"rendered":"TOMPA Mikl\u00f3s, \u00a7"},"content":{"rendered":"<p>Sz\u00e9kelyudvarhely, 1910. dec. 28., \u2020 Mv., 1996. j\u00fal. 5.: rendez\u0151, sz\u00edn\u00e9szpedag\u00f3gus, sz\u00ednh\u00e1zigazgat\u00f3. Tompa L\u00e1szl\u00f3, \u00edr\u00f3 fia. Feles\u00e9ge Mende Gaby sz\u00ednm\u0171v\u00e9sz. \u2013 Sz\u00e9kelyudvarhelyen a ref. elemi iskol\u00e1ban \u00e9s a Koll.-ban (1917\u201327), Mv.-en a Ref. Koll.-ban tanult (1927\u201328), \u00e9retts\u00e9gizett (1930). A kv.-i egy.-en jogot tanult (1930\u201335). Bp.-en a Nemzeti Sz\u00ednh\u00e1zn\u00e1l \u00f6szt\u00f6nd\u00edjas rendez\u0151gyakornok (1936\u201341), p\u00e1ly\u00e1j\u00e1t N\u00e9meth Antal mellett kezdte a bp.-i Nemzeti Sz\u00ednh\u00e1zban. A Kv.-i Nemzeti Sz\u00ednh\u00e1z rendez\u0151je (1941\u201344. okt.). Bp.-en rendez\u0151 (1944. okt.\u20131945). Az ostrom alatt Bp.-en tart\u00f3zkodott, ahol szoros kapcsolatban volt Major Tam\u00e1ssal, Gobbi Hild\u00e1val. A h\u00e1bor\u00fa ut\u00e1n visszat\u00e9rt Erd\u00e9lybe \u00e9s bekapcsol\u00f3dott az MNSZ sz\u00ednh\u00e1zalap\u00edt\u00e1st c\u00e9lz\u00f3 terveinek kidolgoz\u00e1s\u00e1ban. A Salamon Ern\u0151 Athenaeum hat\u00e1rozata alapj\u00e1n (1945. j\u00fal. 21) Kem\u00e9ny J\u00e1nossal meghatalmazt\u00e1k egy sz\u00e9kelyf\u00f6ldi sz\u00ednh\u00e1z megszervez\u00e9s\u00e9vel. A Mv.-en megalakult Sz\u00e9kely Sz\u00ednh\u00e1z egyik alap\u00edt\u00f3ja \u00e9s els\u0151 igazgat\u00f3ja (1946. m\u00e1rc. 10\u20131966), f\u0151rendez\u0151je. A m\u0171v\u00e9szeti \u00e9s m\u0171vel\u0151d\u00e9si int\u00e9zm\u00e9nyek dolgoz\u00f3inak k\u00e9pvisel\u0151je a Maros tartom\u00e1nyi n\u00e9ptan\u00e1csban (1950\u2013). Tan\u00e1rk\u00e9nt a kv.-i kezdetekt\u0151l (1946\u201354) r\u00e9szt vett a fels\u0151fok\u00fa magyar sz\u00edn\u00e9sz \u00e9s rendez\u0151k\u00e9pz\u00e9sben, majd a Mv.-re k\u00f6lt\u00f6z\u00f6tt Szentgy\u00f6rgyi Istv\u00e1n Sz\u00ednm\u0171v\u00e9szeti Int\u00e9zet (1954\u201383) meghat\u00e1roz\u00f3 egyetemitan\u00e1ra, tansz\u00e9kvezet\u0151je, rektor (1976\u201381), m\u0171v\u00e9szeti tan\u00e1csad\u00f3 (1981\u201383). Az erd\u00e9lyi m. sz\u00ednj\u00e1tsz\u00e1s kiemelked\u0151 szem\u00e9lyis\u00e9ge. \u00d6n\u00e1ll\u00f3an vagy Szab\u00f3 Ern\u0151, K\u0151mives Nagy Lajos, Kov\u00e1cs Gy\u00f6rgy, Delly Ferenc t\u00e1rsak\u00e9nt t\u00f6bb mint 100 darabot rendezett, 35 \u00e9vi tan\u00e1ri munk\u00e1ja sor\u00e1n t\u00f6bb sz\u00edn\u00e9sznemzed\u00e9ket bocs\u00e1jtott \u00fatj\u00e1ra. A mv.-i egy\u00fcttes az \u0151 igazgat\u00e1s\u00e1nak els\u0151 t\u00edz \u00e9v\u00e9ben v\u00e1lt orsz\u00e1gosan, s\u0151t az orsz\u00e1ghat\u00e1rokon t\u00fal is ismert \u00e9s nagyra becs\u00fclt t\u00e1rsulatt\u00e1, az erd\u00e9lyi m. sz\u00ednj\u00e1tsz\u00e1s akkori reprezentat\u00edv egy\u00fcttes\u00e9v\u00e9. El\u0151ad\u00e1saikban a t\u00e1rsadalmi vonatkoz\u00e1sok, a k\u00f6z\u00f6ss\u00e9gi mondanival\u00f3k p\u00e1rosultak a helyzetek, a jelenetek r\u00e9szletes l\u00e9lektani kidolgozotts\u00e1g\u00e1val, produkci\u00f3ik a mikrorealizmus p\u00e9lda\u00e9rt\u00e9k\u0171 teljes\u00edtm\u00e9nyeinek min\u0151s\u00fclnek. A hatvanas \u00e9vekt\u0151l \u0151 rendezte Mv.-en \u00e9s Sepsiszentgy\u00f6rgy\u00f6n a leghitelesebb \u00e9s leghat\u00e1sosabb Tam\u00e1si \u00c1ron-bemutat\u00f3kat. M\u0171v\u00e9szi rangj\u00e1nak elismer\u00e9sek\u00e9nt \u0151 rendezte az \u00faj mv.-i Nemzeti Sz\u00ednh\u00e1z nyit\u00f3el\u0151ad\u00e1s\u00e1t (1972). \u00c1llami D\u00edjas \u00e9s a m\u0171v\u00e9szet \u00e9rdemes mestere c. t\u00fcntett\u00e9k ki (1954). T.M. T\u00e1rsulat nevet vette fel a mv.-i sz\u00ednh\u00e1z m. tagozata (1997\u201398-as \u00e9vadt\u00f3l). A sz\u00ednh\u00e1z-alap\u00edt\u00f3 rendez\u0151nek \u00e9s feles\u00e9g\u00e9nek bronzportr\u00e9t- \u00e9s eml\u00e9kt\u00e1bl\u00e1t avattak a mv.-i katolikus temet\u0151ben (2021. j\u00fal. 8.). \u2013 <strong>F. r.: Mv.-en:<\/strong> Zilahi L.: Hazaj\u00e1r\u00f3 l\u00e9lek; N Machiavelli: Mandrag\u00f3ra; G.B. Shaw: Az \u00f6rd\u00f6g cimbor\u00e1j; B\u00f3kay J\u00e1nos: Feles\u00e9g; L. Rachmanov: Viharos alkonyat (Szab\u00f3 Ern\u0151vel); M\u00e1rai S\u00e1ndor: Kaland; Moliere: A f\u00f6sv\u00e9ny (1946\u201347); Szimonov: Az orosz k\u00e9rd\u00e9s; E. Petrov: A b\u00e9ke szigete (1947\u201348); Ben Johnson: Volpone; H. Heyermans: A rem\u00e9ny; Katajev: Bolondos vas\u00e1rnap; Moliere: Tartuffe (Szab\u00f3 Ern\u0151vel); M\u00f3ricz Zs.: \u00dari muri (1948\u201349); Caragiale: Az elveszett lev\u00e9l (Szab\u00f3 Ern\u0151, Kov\u00e1cs Gy\u00f6rggyel); Arkadi Grigulis: Agyag \u00e9s porcel\u00e1n (Delly Ferenccel); A. Baranga: Dudva (Szab\u00f3 Ern\u0151vel); Tur testv\u00e9rek: Villa a mell\u00e9kutc\u00e1ban (Szab\u00f3 Ern\u0151vel 1949\u201350); B. Lavrenyov: Amerika hangja (Kov\u00e1cs Gy\u00f6rggyel); Tur testv\u00e9rek-Senin: Kinek kedvez az id\u0151 (Szab\u00f3 Ern\u0151vel); Csehov: Sir\u00e1ly (Delly Ferenccel, 1950\u201351); J. Burjakovszkij: \u00dczenet az \u00e9l\u0151knek (Szab\u00f3 Ern\u0151vel); Gogol: A revizor (Szab\u00f3 Ern\u0151vel); August Jakobson: K\u00e9t t\u00e1bor (Szab\u00f3 Ern\u0151vel, 1952\u201353); I. Franco: Az ellopott boldogs\u00e1g; K\u00f3s K\u00e1roly: Budai Nagy Antal (1956\u201357); Eugen Mirea: Az utols\u00f3 vonat; R. Nash: Az es\u0151hoz\u00f3 ember (Rappaport Ott\u00f3val, 1957\u201358); Visnyevszkij: Optimista trag\u00e9dia; Rostand: Cyrano de Bergerac (K\u0151m\u0171ves Nagy Lajossal 1959\u201360), Szab\u00f3 Lajos: Csal\u00e1di f\u00e9szek; T. Willians: A v\u00e1gy villamosa (1964\u201365); Tolsztoj: A s\u00f6t\u00e9ts\u00e9g hatalma (1966\u201367); M. Gorkij: Nyaral\u00f3k; P. Vintila: Ki meri meg\u00f6lni a szerelmet (1973\u201374); Szab\u00f3 Lajos: H\u0171s\u00e9g (1976\u201377); <strong>a F\u0151iskol\u00e1n:<\/strong> Shakespeare: Ahogy tetszik; Gy\u00e1rf\u00e1s Mikl\u00f3s: Koratavasz, Sebastian: N\u00e9vtelen csillag; Rozov: Szerencs\u00e9s \u00f3r\u00e1ban; Shaw: Pagmalion, Figuieriedo: Savany\u00fa a sz\u0151l\u0151; Fazekas Mih\u00e1ly: Ludas Matyi; Shakespeare: Rome\u00f3 \u00e9s J\u00falia; A Miller: A sz\u00e1lemi boszork\u00e1nyok, Baranga: Kerge birka; Gorkij: Az utols\u00f3k; Gorkij: A nap fiai; T. Williams: Orpheus al\u00e1sz\u00e1ll; Sebastian: A sziget; Caragiale: Az elveszett lev\u00e9l; Cocteau: Rettenetes sz\u00fcl\u0151k; Csokonai: Az \u00f6zvegy Karny\u00f3n\u00e9 \u00e9s a k\u00e9t szeleburidiak; Br\u00f3dy S.: A tan\u00edt\u00f3n\u0151; Caragiale: Megtorl\u00e1s; B. Brecht: Kur\u00e1zsi mama, Vampilov: Vadkacsavad\u00e1szat. <strong>M\u00e1s v\u00e1rosokban:<\/strong> W. Shakespeare: Hamlet (Kv., 1941); N\u00e9meth L.: Vill\u00e1mf\u00e9nyn\u00e9l, Tam\u00e1si \u00c1.: \u00c9nekes mad\u00e1r (Kv., 1942; Mv., 1978); B\u00e1nffy M.: A nagy\u00far (Kv., 1942); K\u00f3s K.: Budai Nagy Antal (Kv., 1942; Mv., 1957); Tam\u00e1si \u00c1.: Csal\u00f3ka sziv\u00e1rv\u00e1ny (Kv., P\u00e9cs, 1943; Mv., 1986); Molter K.: \u00d6r\u00f6kmozg\u00f3 (Kv.); Moliere: A f\u00f6sv\u00e9ny (Kv., 1947; Mv.), Az \u00farhatn\u00e1m polg\u00e1r (Kv.); Tam\u00e1si \u00c1.: Vit\u00e9z l\u00e9lek (Radi\u00f3); Katona J.: B\u00e1nk b\u00e1n (Kv., Temesv\u00e1r); S\u00fct\u0151 A.: Pomp\u00e1s Gedeon (Temesv\u00e1r, Sepsiszentgy\u00f6rgy); Tam\u00e1si \u00c1.: Hull\u00e1mz\u00f3 v\u00f6leg\u00e9ny, Boldog ny\u00e1rfalev\u00e9l, Hegyipatak, T\u00fcnd\u00f6kl\u0151 Jeromos (Sepsiszentgy\u00f6rgy), F. G. Lorca: Bernada Alba h\u00e1za (Kv., 1990). <br \/><strong>\u2013 Irod.:<\/strong> Aranykorszak; Bartos 2012; B\u00e9rczes; B\u00e9rczes L\u00e1szl\u00f3: Tompa Mikl\u00f3s mes\u00e9li (Korunk, 1992, 11. sz.); Bottoni 2008; Bronzportr\u00e9- \u00e9s eml\u00e9kt\u00e1bla avat\u00e1s (N\u00fa., 2021. j\u00fal. 8.); Chereji Peris; Chereji Peris T.: A mv.-i sz\u00ednh\u00e1z \u00e9s sz\u00ednj\u00e1tsz\u00e1s megteremt\u00e9s\u00e9r\u0151l = Mv. t\u00f6rt\u00e9net\u00e9b\u0151l; Czirj\u00e1k \u00c1rp\u00e1d: T. M. Tam\u00e1si-rendez\u00e9sei (Sz\u00e9kelyf\u00f6ld, 2003. \u00e1pr., 4. sz.; 2005. \u00e1pr., 4. sz.); Csif\u00f3; Filoz\u00f3fus, Gy\u00e1rf\u00e1s 2013; A H\u00e9t (26. sz., 2002. j\u00fal. 11); A H\u00e9t \u00e9vk\u00f6nyve (1982); Horv\u00e1th Bea; K\u00e1ntor\u2013K\u00f6t\u0151; Katona Szab\u00f3 Istv\u00e1n: Az \u00daj \u00c9let lexikona, 157. (\u00daj \u00c9let, 12. sz. 1977.); K\u00e9pek egy \u00e9let\u00fat ment\u00e9n \u2013 T. M. (Mv., 2001); \u00c9vad eleji gondolatok (N\u00fa., 1997. szept. 2.); KKACs; Koch M\u00e1ria: Sz\u00fclet\u00e9napi besz\u00e9lget\u00e9s T. M. rendez\u0151vel&#8230;(V. Z., 1980. dec. 27.); Korunk; Kov\u00e1cs Levente; Kusz\u00e1lik; L\u00e9tform\u00e1ja volt a sz\u00ednh\u00e1z (N\u00fa., M\u00fazsa, 253. sz., 1996. j\u00fal. 12.); L\u00e1zok J\u00e1nos: Int\u00e9zm\u00e9nyes\u00edt\u00e9si k\u00eds\u00e9rletek Kv.-on az 1940-es \u00e9vekben: 70 \u00e9ves a fels\u0151fok\u00fa m. sz\u00edn\u00e9szk\u00e9pz\u00e9s Erd\u00e9lyben (N\u00fa., 2016. \u00e1pr. 16.); L\u00e1zok J\u00e1nos: A Mv.-i Sz\u00e9kely Sz\u00ednh\u00e1z n\u00e9vv\u00e1ltozatai (N\u00fa., 2016. m\u00e1rc. 9.); MIIB; MNL; MSZL; N. Cs.: Egy \u00e9let a sz\u00ednh\u00e1z szolg\u00e1lat\u00e1ban (Kr\u00f3nika, Erd\u00e9lyi Napl\u00f3, 2021. j\u00fal. 1.); Nagy Mikl\u00f3s Kund: T. M. k\u00f6sz\u00f6nt\u00e9se (N\u00fa., 1990. dec. 27.); Nagy P\u00e1l: Rendez\u0151: T. M. (\u00daj \u00c9let, 1975, 18. sz.); [Nekrol\u00f3g] (N\u00fa., 1996. j\u00fal. 9.); P\u00e1ll \u00c1rp\u00e1d: T.M. sz\u00ednh\u00e1zeszm\u00e9nye (P. \u00c1.: Hivat\u00e1studat \u00e9s korszer\u0171s\u00e9g. Mv., 1997); RMIL; Sz\u00e9kely k\u00f6rvas\u00fat. T. M. mes\u00e9l. (\u00d6ssze\u00e1ll. B\u00e9rez\u00e9s L\u00e1szl\u00f3; Bp., 1996.); Todea 2013; T. M. portr\u00e9ja = L\u00e1zok\u2013Ungv\u00e1ri Zrinyi; \u00daM\u00c9L; Vir\u00e1g Gy\u00f6rgy.<\/br><\/p>\n","protected":false},"excerpt":{"rendered":"<p>Sz\u00e9kelyudvarhely, 1910. dec. 28., \u2020 Mv., 1996. j\u00fal. 5.: rendez\u0151, sz\u00edn\u00e9szpedag\u00f3gus, sz\u00ednh\u00e1zigazgat\u00f3. Tompa L\u00e1szl\u00f3, \u00edr\u00f3 fia. Feles\u00e9ge Mende Gaby sz\u00ednm\u0171v\u00e9sz. \u2013 Sz\u00e9kelyudvarhelyen a ref. elemi iskol\u00e1ban \u00e9s a Koll.-ban (1917\u201327), Mv.-en a Ref. Koll.-ban tanult (1927\u201328), \u00e9retts\u00e9gizett (1930). A kv.-i egy.-en jogot tanult (1930\u201335). Bp.-en a Nemzeti Sz\u00ednh\u00e1zn\u00e1l \u00f6szt\u00f6nd\u00edjas rendez\u0151gyakornok (1936\u201341), p\u00e1ly\u00e1j\u00e1t N\u00e9meth Antal mellett [&hellip;]<\/p>\n","protected":false},"featured_media":0,"comment_status":"open","ping_status":"closed","template":"","meta":[],"product_brand":[],"product_cat":[137],"product_tag":[],"class_list":{"0":"post-23347","1":"product","2":"type-product","3":"status-publish","5":"product_cat-maros-megyei-eletrajzi-lexikon","7":"first","8":"instock","9":"shipping-taxable","10":"product-type-simple"},"_links":{"self":[{"href":"https:\/\/uj.adatbank.ro\/lexikon\/wp-json\/wp\/v2\/product\/23347","targetHints":{"allow":["GET"]}}],"collection":[{"href":"https:\/\/uj.adatbank.ro\/lexikon\/wp-json\/wp\/v2\/product"}],"about":[{"href":"https:\/\/uj.adatbank.ro\/lexikon\/wp-json\/wp\/v2\/types\/product"}],"replies":[{"embeddable":true,"href":"https:\/\/uj.adatbank.ro\/lexikon\/wp-json\/wp\/v2\/comments?post=23347"}],"wp:attachment":[{"href":"https:\/\/uj.adatbank.ro\/lexikon\/wp-json\/wp\/v2\/media?parent=23347"}],"wp:term":[{"taxonomy":"product_brand","embeddable":true,"href":"https:\/\/uj.adatbank.ro\/lexikon\/wp-json\/wp\/v2\/product_brand?post=23347"},{"taxonomy":"product_cat","embeddable":true,"href":"https:\/\/uj.adatbank.ro\/lexikon\/wp-json\/wp\/v2\/product_cat?post=23347"},{"taxonomy":"product_tag","embeddable":true,"href":"https:\/\/uj.adatbank.ro\/lexikon\/wp-json\/wp\/v2\/product_tag?post=23347"}],"curies":[{"name":"wp","href":"https:\/\/api.w.org\/{rel}","templated":true}]}}