{"id":23355,"date":"2025-08-01T17:24:02","date_gmt":"2025-08-01T15:24:02","guid":{"rendered":"https:\/\/uj.adatbank.ro\/lexikon\/termek\/tonceanu-dunitru\/"},"modified":"2025-08-01T17:24:02","modified_gmt":"2025-08-01T15:24:02","slug":"tonceanu-dunitru","status":"publish","type":"product","link":"https:\/\/uj.adatbank.ro\/lexikon\/termek\/tonceanu-dunitru\/","title":{"rendered":"TONCEANU, Dunitru"},"content":{"rendered":"<p>Santun, 1891 \u2020 ?: rend\u0151rkapit\u00e1ny Sz\u00e1szr\u00e9genben. \u2013A tan\u00edt\u00f3k\u00e9pz\u0151t kit\u00fcntet\u00e9ssel v\u00e9gezte, majd csend\u0151rtiszti iskol\u00e1t l\u00e1togatott. R\u00e9szt vett az els\u0151 vh.-ban a Brusilow offenz\u00edva alatt orosz fogs\u00e1gba esett, ahonnan mint rom\u00e1n legion\u00e1rius t\u00e9rt haza (1917), mint hadnagy \u00e9s f\u0151hadnagy tov\u00e1bb harcolt a rom\u00e1n hadseregben. Mint csend\u0151rtiszt, megszervezte az els\u0151 rom\u00e1n csend\u0151r\u0151rs\u00f6ket Maros megy\u00e9ben (1919), majd befejezte a csend\u0151r tisztiiskol\u00e1t, \u00e9s kinevezt\u00e9k p\u00e1ly\u00e1zat r\u00e9v\u00e9n a sz\u00e1szr\u00e9geni rend\u0151rs\u00e9ghez fogalmaz\u00f3nak (1920), \u00e9rdemei\u00e9rt rend\u0151rkapit\u00e1nyi rangban a sz\u00e1szr\u00e9geni rend\u0151rs\u00e9g vezet\u00e9s\u00e9vel b\u00edzt\u00e1k meg (1929). <br \/><strong>\u2013 Irod.:<\/strong> Ki kicsoda?<\/br><\/p>\n","protected":false},"excerpt":{"rendered":"<p>Santun, 1891 \u2020 ?: rend\u0151rkapit\u00e1ny Sz\u00e1szr\u00e9genben. \u2013A tan\u00edt\u00f3k\u00e9pz\u0151t kit\u00fcntet\u00e9ssel v\u00e9gezte, majd csend\u0151rtiszti iskol\u00e1t l\u00e1togatott. R\u00e9szt vett az els\u0151 vh.-ban a Brusilow offenz\u00edva alatt orosz fogs\u00e1gba esett, ahonnan mint rom\u00e1n legion\u00e1rius t\u00e9rt haza (1917), mint hadnagy \u00e9s f\u0151hadnagy tov\u00e1bb harcolt a rom\u00e1n hadseregben. Mint csend\u0151rtiszt, megszervezte az els\u0151 rom\u00e1n csend\u0151r\u0151rs\u00f6ket Maros megy\u00e9ben (1919), majd befejezte a [&hellip;]<\/p>\n","protected":false},"featured_media":0,"comment_status":"open","ping_status":"closed","template":"","meta":[],"product_brand":[],"product_cat":[137],"product_tag":[],"class_list":{"0":"post-23355","1":"product","2":"type-product","3":"status-publish","5":"product_cat-maros-megyei-eletrajzi-lexikon","7":"first","8":"instock","9":"shipping-taxable","10":"product-type-simple"},"_links":{"self":[{"href":"https:\/\/uj.adatbank.ro\/lexikon\/wp-json\/wp\/v2\/product\/23355","targetHints":{"allow":["GET"]}}],"collection":[{"href":"https:\/\/uj.adatbank.ro\/lexikon\/wp-json\/wp\/v2\/product"}],"about":[{"href":"https:\/\/uj.adatbank.ro\/lexikon\/wp-json\/wp\/v2\/types\/product"}],"replies":[{"embeddable":true,"href":"https:\/\/uj.adatbank.ro\/lexikon\/wp-json\/wp\/v2\/comments?post=23355"}],"wp:attachment":[{"href":"https:\/\/uj.adatbank.ro\/lexikon\/wp-json\/wp\/v2\/media?parent=23355"}],"wp:term":[{"taxonomy":"product_brand","embeddable":true,"href":"https:\/\/uj.adatbank.ro\/lexikon\/wp-json\/wp\/v2\/product_brand?post=23355"},{"taxonomy":"product_cat","embeddable":true,"href":"https:\/\/uj.adatbank.ro\/lexikon\/wp-json\/wp\/v2\/product_cat?post=23355"},{"taxonomy":"product_tag","embeddable":true,"href":"https:\/\/uj.adatbank.ro\/lexikon\/wp-json\/wp\/v2\/product_tag?post=23355"}],"curies":[{"name":"wp","href":"https:\/\/api.w.org\/{rel}","templated":true}]}}

<p>Santun, 1891 † ?: rendőrkapitány Szászrégenben. –A tanítóképzőt kitüntetéssel végezte, majd csendőrtiszti iskolát látogatott. Részt vett az első vh.-ban a Brusilow offenzíva alatt orosz fogságba esett, ahonnan mint román legionárius tért haza (1917), mint hadnagy és főhadnagy tovább harcolt a román hadseregben. Mint csendőrtiszt, megszervezte az első román csendőrőrsöket Maros megyében (1919), majd befejezte a csendőr tisztiiskolát, és kinevezték pályázat révén a szászrégeni rendőrséghez fogalmazónak (1920), érdemeiért rendőrkapitányi rangban a szászrégeni rendőrség vezetésével bízták meg (1929). <br /><strong>– Irod.:</strong> Ki kicsoda?</br></p>

<p>Santun, 1891 † ?: rendőrkapitány Szászrégenben. –A tanítóképzőt kitüntetéssel végezte, majd csendőrtiszti iskolát látogatott. Részt vett az első vh.-ban a Brusilow offenzíva alatt orosz fogságba esett, ahonnan mint román legionárius tért haza (1917), mint hadnagy és főhadnagy tovább harcolt a román hadseregben. Mint csendőrtiszt, megszervezte az első román csendőrőrsöket Maros megyében (1919), majd befejezte a [&hellip;]</p>
