{"id":23356,"date":"2025-08-01T17:24:05","date_gmt":"2025-08-01T15:24:05","guid":{"rendered":"https:\/\/uj.adatbank.ro\/lexikon\/termek\/tonhazi-ferenc-tonhazi-francisc\/"},"modified":"2025-08-01T17:24:05","modified_gmt":"2025-08-01T15:24:05","slug":"tonhazi-ferenc-tonhazi-francisc","status":"publish","type":"product","link":"https:\/\/uj.adatbank.ro\/lexikon\/termek\/tonhazi-ferenc-tonhazi-francisc\/","title":{"rendered":"TONH\u00c1ZI Ferenc, Tonh\u00e1zi Francisc"},"content":{"rendered":"<p>Bp., ?, \u2020 New-York ?: gordonkam\u0171v\u00e9sz, tan\u00e1r. \u2013 A bp.-i Zeneakad\u00e9mi\u00e1n v\u00e9gezte tanulm\u00e1nyait, Schiffer tan\u00e1r oszt\u00e1ly\u00e1ban. A Mv.-i V\u00e1rosi Konzervat\u00f3rium gordonkatan\u00e1r\u00e1nak nevezt\u00e9k ki (1909\u201324). Tan\u00e1ri munk\u00e1ss\u00e1g\u00e1val egyidej\u0171leg sz\u00e1mos sz\u00f3l\u00f3esttel \u00e9s hangversennyel vett r\u00e9szt a v\u00e1ros zenei \u00e9let\u00e9ben (1919, 1920). Az I. vh. idej\u00e9n j\u00f3t\u00e9konys\u00e1gi c\u00e9l\u00fa hangversenyeken is fell\u00e9pett. A Metz von\u00f3sn\u00e9gyes tagja volt (1913\u2013). New Yorkban telepedett meg (1924\u2013); ott maradt hal\u00e1l\u00e1ig. <br \/><strong>\u2013 Irod.:<\/strong> Anuarul Conservatorului Municipiului Tg. M. (1927\u20131928); Ambrusn\u00e9, Mosshammer \u00e9s Tonh\u00e1zi hangversenye (Marosv\u00e1s\u00e1rhely, 1911. dec. 15.); B\u00e1nyai R\u00e9ka. M\u0171vel\u0151d\u00e9si \u00e9let \u00e9s sz\u00f3rakoz\u00e1s Mv.-en az els\u0151 vil\u00e1gh\u00e1bor\u00fa idej\u00e9n = Maros megyei m.-s\u00e1g.4.; Filarmonica 50; Hajd\u00f3 K\u00e1roly: A mv.-i zeneiskola \u00e9vfordul\u00f3j\u00e1ra (N\u00fa., 1999. jan. 12.); H. Erkel Sarolta-Tonh\u00e1zi hangversenyr\u0151l (Marosv\u00e1s\u00e1rhely, 1912. nov. 1.); Id\u0151t\u00e1r 2; Mv. \u00e9s a h\u00e1bor\u00fa 1.; Mv. m\u0171v. v\u00e1r.; Zenetudom\u00e1nyi \u00edr\u00e1sok.<\/br><\/p>\n","protected":false},"excerpt":{"rendered":"<p>Bp., ?, \u2020 New-York ?: gordonkam\u0171v\u00e9sz, tan\u00e1r. \u2013 A bp.-i Zeneakad\u00e9mi\u00e1n v\u00e9gezte tanulm\u00e1nyait, Schiffer tan\u00e1r oszt\u00e1ly\u00e1ban. A Mv.-i V\u00e1rosi Konzervat\u00f3rium gordonkatan\u00e1r\u00e1nak nevezt\u00e9k ki (1909\u201324). Tan\u00e1ri munk\u00e1ss\u00e1g\u00e1val egyidej\u0171leg sz\u00e1mos sz\u00f3l\u00f3esttel \u00e9s hangversennyel vett r\u00e9szt a v\u00e1ros zenei \u00e9let\u00e9ben (1919, 1920). Az I. vh. idej\u00e9n j\u00f3t\u00e9konys\u00e1gi c\u00e9l\u00fa hangversenyeken is fell\u00e9pett. A Metz von\u00f3sn\u00e9gyes tagja volt (1913\u2013). New [&hellip;]<\/p>\n","protected":false},"featured_media":0,"comment_status":"open","ping_status":"closed","template":"","meta":[],"product_brand":[],"product_cat":[137],"product_tag":[],"class_list":{"0":"post-23356","1":"product","2":"type-product","3":"status-publish","5":"product_cat-maros-megyei-eletrajzi-lexikon","7":"first","8":"instock","9":"shipping-taxable","10":"product-type-simple"},"_links":{"self":[{"href":"https:\/\/uj.adatbank.ro\/lexikon\/wp-json\/wp\/v2\/product\/23356","targetHints":{"allow":["GET"]}}],"collection":[{"href":"https:\/\/uj.adatbank.ro\/lexikon\/wp-json\/wp\/v2\/product"}],"about":[{"href":"https:\/\/uj.adatbank.ro\/lexikon\/wp-json\/wp\/v2\/types\/product"}],"replies":[{"embeddable":true,"href":"https:\/\/uj.adatbank.ro\/lexikon\/wp-json\/wp\/v2\/comments?post=23356"}],"wp:attachment":[{"href":"https:\/\/uj.adatbank.ro\/lexikon\/wp-json\/wp\/v2\/media?parent=23356"}],"wp:term":[{"taxonomy":"product_brand","embeddable":true,"href":"https:\/\/uj.adatbank.ro\/lexikon\/wp-json\/wp\/v2\/product_brand?post=23356"},{"taxonomy":"product_cat","embeddable":true,"href":"https:\/\/uj.adatbank.ro\/lexikon\/wp-json\/wp\/v2\/product_cat?post=23356"},{"taxonomy":"product_tag","embeddable":true,"href":"https:\/\/uj.adatbank.ro\/lexikon\/wp-json\/wp\/v2\/product_tag?post=23356"}],"curies":[{"name":"wp","href":"https:\/\/api.w.org\/{rel}","templated":true}]}}

TONHÁZI Ferenc, Tonházi Francisc

<p>Bp., ?, † New-York ?: gordonkaművész, tanár. – A bp.-i Zeneakadémián végezte tanulmányait, Schiffer tanár osztályában. A Mv.-i Városi Konzervatórium gordonkatanárának nevezték ki (1909–24). Tanári munkásságával egyidejűleg számos szólóesttel és hangversennyel vett részt a város zenei életében (1919, 1920). Az I. vh. idején jótékonysági célú hangversenyeken is fellépett. A Metz vonósnégyes tagja volt (1913–). New Yorkban telepedett meg (1924–); ott maradt haláláig. <br /><strong>– Irod.:</strong> Anuarul Conservatorului Municipiului Tg. M. (1927–1928); Ambrusné, Mosshammer és Tonházi hangversenye (Marosvásárhely, 1911. dec. 15.); Bányai Réka. Művelődési élet és szórakozás Mv.-en az első világháború idején = Maros megyei m.-ság.4.; Filarmonica 50; Hajdó Károly: A mv.-i zeneiskola évfordulójára (Nú., 1999. jan. 12.); H. Erkel Sarolta-Tonházi hangversenyről (Marosvásárhely, 1912. nov. 1.); Időtár 2; Mv. és a háború 1.; Mv. műv. vár.; Zenetudományi írások.</br></p>

<p>Bp., ?, † New-York ?: gordonkaművész, tanár. – A bp.-i Zeneakadémián végezte tanulmányait, Schiffer tanár osztályában. A Mv.-i Városi Konzervatórium gordonkatanárának nevezték ki (1909–24). Tanári munkásságával egyidejűleg számos szólóesttel és hangversennyel vett részt a város zenei életében (1919, 1920). Az I. vh. idején jótékonysági célú hangversenyeken is fellépett. A Metz vonósnégyes tagja volt (1913–). New [&hellip;]</p>
