{"id":23357,"date":"2025-08-01T17:24:08","date_gmt":"2025-08-01T15:24:08","guid":{"rendered":"https:\/\/uj.adatbank.ro\/lexikon\/termek\/tonk-sandor\/"},"modified":"2025-08-01T17:24:08","modified_gmt":"2025-08-01T15:24:08","slug":"tonk-sandor","status":"publish","type":"product","link":"https:\/\/uj.adatbank.ro\/lexikon\/termek\/tonk-sandor\/","title":{"rendered":"TONK S\u00e1ndor"},"content":{"rendered":"<p>Kv., 1947. m\u00e1j. 2., \u2020 Bp., 2003. aug. 14., nyugszik a kv.-i H\u00e1zsong\u00e1rdi temet\u0151ben: t\u00f6rt\u00e9n\u00e9sz. \u2013 Dr. Tonk Emil, gyermekorvos \u00e9s Tavaszy Emese fia. Feles\u00e9ge: M\u00e1rta. Fiaik: M\u00e1rton \u00e9s S\u00e1ndor. \u2013 A kv.-i volt Ref. Koll.ban v\u00e9gezte elemi \u00e9s k\u00f6z\u00e9piskol\u00e1it (1953\u201364) A BBTE T\u00f6rt.-Filoz\u00f3fia Kar\u00e1n, az Egyetemes T\u00f6rt. Tansz\u00e9ken folytatta tanulm\u00e1nyait (1964\u201369), tan\u00e1rai k\u00f6z\u00fcl dr. Jak\u00f3 Zsigmond prof. volt nagy hat\u00e1ssal szakmai felk\u00e9sz\u00edt\u00e9s\u00e9re az erd\u00e9lyi k\u00f6z\u00e9pkori t\u00f6rt\u00e9nelem, m\u0171vel\u0151d\u00e9st\u00f6rt\u00e9net, a c\u00e9l a seg\u00e9dtudom\u00e1nyok elsaj\u00e1t\u00edt\u00e1sa \u00e9s m\u0171vel\u00e9se. A mv.-i Teleki-Bolyai K\u00f6nyvt\u00e1rnak volt munkat\u00e1rsa (1969. j\u00fan. \u2013 1972). A Gecse utcai gy\u00fclekezet tagja, presbitere. A mv.-i K\u00e1ntortan\u00edt\u00f3 F\u0151iskol\u00e1n el\u0151ad\u00f3ja az egyetemes egyh\u00e1zt\u00f6rt\u00e9netnek (1990\u20131991). Doktori tanfolyamra iratkozott be (1969\u2013). A tervezett disszert\u00e1ci\u00f3j\u00e1nak t\u00e1rgya volt a k\u00f6z\u00e9pkori k\u00f6rjegyz\u0151s\u00e9g Erd\u00e9lyben, de t\u00e9mavezet\u0151 tan\u00e1ra nyugatra t\u00e1vozott. V\u00e9g\u00fcl disszert\u00e1ci\u00f3j\u00e1t az erd\u00e9lyiek k\u00f6z\u00e9pkori egyetemj\u00e1r\u00e1s\u00e1nak t\u00e9m\u00e1j\u00e1ban v\u00e9dte meg (Bp., 1995). Az erd\u00e9lyi m. oktat\u00e1st\u00f6rt\u00e9net, volt a kutat\u00e1si ter\u00fclete, Rom\u00e1n Tudom\u00e1nyos Akad\u00e9mia mv.-i kutat\u00f3int\u00e9zet\u00e9nek tudom\u00e1nyos munkat\u00e1rsa (1972\u201392). A munkak\u00f6re mellett, kinevezt\u00e9k a kv.-i BBTE t\u00f6rt\u00e9nelem kar\u00e1n, az egyetemes k\u00f6z\u00e9pkor el\u0151ad\u00f3j\u00e1v\u00e1, adjunktus, majd docens tan\u00e1r (1992\u2013). Prof.-k\u00e9nt az egyetemes k\u00f6z\u00e9pkor t\u00f6rt\u00e9net\u00e9t adta el\u0151, a m. \u00edr\u00e1st\u00f6rt\u00e9neti koll\u00e9giumot vezette, valamint a 16\u201317. sz\u00e1zadi Erd\u00e9ly t\u00f6rt\u00e9nelmi irodalm\u00e1r\u00f3l tartott el\u0151ad\u00e1sokat. Kutatta Mv. m\u00faltj\u00e1t, a helyi reform\u00e1tuss\u00e1g kora \u00fajkori t\u00f6rt\u00e9net\u00e9t, valamint a peregrin\u00e1ci\u00f3 t\u00f6rt\u00e9netet. Tan\u00e1ra volt a Protest\u00e1ns Teol\u00f3giai Int\u00e9zetnek is, egyh\u00e1zt\u00f6rt\u00e9netet oktatott korai hal\u00e1l\u00e1ig (1997\u20132003). A Sapientia EMTE megb\u00edzott rektora (2000\u2013). Az Erd\u00e9lyi Ref. Egyh\u00e1zker\u00fclet f\u0151gondnoka. Az erd\u00e9lyi magyar egyetemi oktat\u00e1s \u00fajraszervez\u00e9s\u00e9ben v\u00e9gzett kiemelked\u0151 tev\u00e9kenys\u00e9g\u00e9t jutalmazt\u00e1k, a Magyar K\u00f6zt\u00e1rsas\u00e1g Eln\u00f6k\u00e9nek \u00c9rdem\u00e9rm\u00e9vel t\u00fcntett\u00e9k ki (2002). Tanulm\u00e1nyait, cikkeit k\u00f6z\u00f6lte: a Studia Universitatis Babe\u015f-Bolyai, ser. Historia, A H\u00e9t, Anuarul Institutului de Istorie din Cluj, Revista Arhivelor, Korunk, Igaz Sz\u00f3, A Tett, K\u00f6nyvt\u00e1ri Szemle, Irodalomt\u00f6rt\u00e9neti Dolgozatok, M\u0171vel\u0151d\u00e9s, Vatra, Orvosi Hetilap, M\u0171vel\u0151d\u00e9st\u00f6rt\u00e9neti Tanulm\u00e1nyok, \u00dczenet, N\u00e9p\u00fajs\u00e1g, Erd\u00e9lyi Reform\u00e1tus Napt\u00e1r, Kriza J\u00e1nos N\u00e9prajzi T\u00e1rsas\u00e1g \u00c9vk\u00f6nyve, Quo Vadis, Erd\u00e9lyi M\u00fazeum, Erd\u00e9lyi Figyel\u0151, Magyarok, N\u00e9p\u00fajs\u00e1g \u00c9vk\u00f6nyv, L\u00e1t\u00f3, Reform\u00e1tus Tisz\u00e1nt\u00fal, Karpatenrundschau, M\u0171vel\u0151d\u00e9st\u00f6rt\u00e9neti T\u00e1r, Erd\u00e9lyi Reform\u00e1tus Napt\u00e1r; Partiumi K\u00f6zl\u00f6ny, M. Reform\u00e1tus Vil\u00e1gh\u00edrad\u00f3. A szakmai feladatok \u00e9s saj\u00e1t tudom\u00e1nyos tervei mellett elv\u00e1llalta az egyh\u00e1zmegye megb\u00edz\u00e1sait, az erd\u00e9lyi magyar tudom\u00e1nyszervez\u00e9s \u00e9s az oktat\u00e1s\u00fcgy gondjait. Az Erd\u00e9lyi M\u00fazeum-Egyes\u00fclet aleln\u00f6ke. Mv.-en az \u00fajraalakult KZST alap\u00edt\u00f3 tagja \u00e9s aleln\u00f6ke (1990\u2013), az Erd\u00e9lyi Reform\u00e1tus Egyh\u00e1zker\u00fclet f\u0151gondnoka (2000\u2013), a Sapientia Alap\u00edtv\u00e1ny Kurat\u00f3rium\u00e1nak eln\u00f6ke (2000\u2013), valamint a Sapientia Erd\u00e9lyi Magyar Tudom\u00e1nyegyetem (EMTE) alap\u00edt\u00f3, megb\u00edzott rektora volt (2001\u2013). A kisv\u00e1rdai T\u0151k\u00e9s L\u00e1szl\u00f3 Alap\u00edtv\u00e1ny T\u0151k\u00e9s-d\u00edj posztumusz kit\u00fcntetettje (2004); A Sapientia-EMTE Term\u00e9szettudom\u00e1nyi \u00e9s M\u0171v\u00e9szeti Kara kv.-i k\u00f6nyvt\u00e1ra a Tonk S\u00e1ndor K\u00f6nyvt\u00e1r nevet vette fel (2005. m\u00e1j.). \u2013  <strong>F. m..:<\/strong> Erd\u00e9lyiek egyetemj\u00e1r\u00e1sa a k\u00f6z\u00e9pkorban (Buk., 1979); A templom \u00e9s az iskola Erd\u00e9ly m\u00faltj\u00e1ban (Korunk; 1990. okt.); \u00c9rtelmis\u00e9gi elit Erd\u00e9ly m\u00faltj\u00e1ban, avagy l\u00e9tezett-e a m\u00e1ss\u00e1g trag\u00e9di\u00e1ja (Korunk; 1991. szept.); Erd\u00e9lyiek egyetemj\u00e1r\u00e1sa a korai \u00fajkorban 1520\u20131700 (1994); Egyetemj\u00e1r\u00e1s az egyetem n\u00e9lk\u00fcli orsz\u00e1gban. Egy kult\u00fart\u00f6rt\u00e9neti kutat\u00e1s n\u00e9h\u00e1ny tanuls\u00e1ga (Korunk; 1994. m\u00e1j); T\u00e1j \u00e9s ember az Erd\u00e9ly mez\u0151s\u00e9gen a k\u00f6z\u00e9pkorban (Korunk; 1994.szept); Itt az ideje annak, hogy azt tegy\u00fck, amit kell (Korunk; 1997. \u00e1pr.); A kereszt\u00e9ny iskola az erd\u00e9lyi oktat\u00e1s t\u00f6rt\u00e9net\u00e9ben (Korunk; 1999. szept.); Albiz\u00e1l\u00e1s erd\u00e9lyi v\u00e1rosokban \u00e9s falvakban: Kiss S\u00e1muel enyedi di\u00e1k gy\u00fcjt\u0151\u00fatja.1797 (K\u00eds\u00e9r\u0151tanulm\u00e1nnyal k\u00f6zreadja T. S.; Szeged, 1991); A marosv\u00e1s\u00e1rhelyi Reform\u00e1tus Koll\u00e9gium di\u00e1ks\u00e1ga, 1653\u20131848. bevezet\u00e9ssel k\u00f6zz\u00e9teszi Tonk S\u00e1ndor. Erd\u00e9lyiek egyetemj\u00e1r\u00e1sa a korai \u00fajkorban, 1521\u20131700. (t\u00e1rsszerz\u0151 Sz, Mv., 1995); .(A sz\u00f6veget gondozta, a bevezet\u0151t \u00e9s jegyzeteket \u00edrta T.S.; Kv., 1998); A k\u00f6z\u00e9pkori k\u00f6zjegyz\u0151s\u00e9g Erd\u00e9lyben. Institu\u021bia notariatului public \u00een Transilvania medieval\u0103 \/ Coord. A Rokolya G\u00e1bor (Bp., 2019). <strong>Tanulm\u00e1nyai k\u00f6tetekben, cikkek:<\/strong> K\u00f6nyvt\u00e1rak, olvasm\u00e1nyok \u00e9s olvas\u00f3k a reformkori Mv.-en (K\u00f6nyvt\u00e1ri Szemle, 16\/1972); A k\u00f6z\u00e9pkori k\u00f6zjegyz\u0151s\u00e9g Erd\u00e9lyben. M\u0171vel\u0151d\u00e9st\u00f6rt\u00e9neti Tanulm\u00e1nyok (Buk., 1979, 1980); Cercet\u0103ri de \u015ftiin\u0163e sociale (Tg. M., 1982); A templom \u00e9s az iskola Erd\u00e9ly m\u00faltj\u00e1ban = Korunk; Marosv\u00e1s\u00e1rhely \u00e9s V\u00e1rtemploma (Bp., 1990); \u00c9rtelmis\u00e9gi elit Erd\u00e9ly m\u00faltj\u00e1ban, avagy l\u00e9tezett-e a m\u00e1ss\u00e1g trag\u00e9di\u00e1ja (1991) = Korunk; Egyh\u00e1zak a v\u00e1ltoz\u00f3 vil\u00e1gban (Esztergom, 1991); \u00c9rtelmis\u00e9gi elit Erd\u00e9ly m\u00faltj\u00e1ban avagy l\u00e9tezett-e a m\u00e1ss\u00e1g trag\u00e9di\u00e1ja = Korunk; Erd\u00e9lyi k\u00f6nyvesh\u00e1zak: Kv., Mv., Nagyenyed, Sz\u00e1szv\u00e1ros, Sz\u00e9kelyudvarhely (Szeged, 1991); R\u00e9gi \u00e9s \u00faj peregrin\u00e1ci\u00f3. Magyarok k\u00fclf\u00f6ld\u00f6n \u00e9s k\u00fclf\u00f6ldiek Magyarorsz\u00e1gon (Bp.\u2013Szeged, 1992); V\u00e1ros sz\u00fcletik: Mv. Fejl\u0151d\u00e9se a v\u00e1s\u00e1roshelyt\u0151l a \u201ekoltsos\u201d v\u00e1rosig (N\u00fa. \u00c9vk., 1993); Az Erd\u00e9lyi Magyar Nyelvm\u00edvel\u0151 T\u00e1rsas\u00e1g \u00e9s Marosv\u00e1s\u00e1rhely = Az Erd\u00e9lyi Magyar Nyelvm\u00edvel\u0151 T\u00e1rsas\u00e1g k\u00e9tsz\u00e1z \u00e9ve (1793\u20131993) (Erd\u00e9lyi tudom\u00e1nyos f\u00fczetek, 2018); De la umanism la luminism (Tg. M., 1994); Egyetemj\u00e1r\u00e1s az egyetem n\u00e9lk\u00fcli orsz\u00e1gban. Egy kult\u00fart\u00f6rt\u00e9neti kutat\u00e1s n\u00e9h\u00e1ny tanuls\u00e1ga (1994 Korunk); S\u00e1romberke 1319\u20131994 (1994); T\u00e1j \u00e9s ember az Erd\u00e9lyi mez\u0151s\u00e9gen a k\u00f6z\u00e9pkorban (1994-Korunk); Graphische Symbole in mittelalterlichen Urkunden. Beitr\u00e4ge zur diplomatischen Semiotik (Sigmaringen, 1996) Beitr\u00e4ge zur siebenb\u00fcrgische Schulgeschichte (K\u00f6ln-Wiemar-Wien, 1996); Akik j\u00f3 bizonys\u00e1got tettek. A kolozsv\u00e1ri reform\u00e1tus theol\u00f3gia tan\u00e1rai (Kv., 1996); Mv. r\u00f6vid bemutat\u00e1sa = Marosv\u00e1s\u00e1rhelyi egyetemi t\u00e1j\u00e9koztat\u00f3 (Mv., 1996); Horv\u00e1th Szabolcs: Marosv\u00e1s\u00e1rhely utcanevei tegnap \u00e9s ma (Mv., 1997); Tonk S\u00e1ndor: Mv.t\u00f6rt\u00e9nete az utcanevek t\u00fckr\u00e9ben; Mv.a XVIII. sz\u00e1zadban-t\u00e9rk\u00e9p, Mv. a XX. sz\u00e1zad elej\u00e9n. Itt az ideje annak, hogy azt tegy\u00fck, amit kell (Kv., 1997; Korunk); De\u00e9 Nagy Anik\u00f3. A k\u00f6nyvt\u00e1ralap\u00edt\u00f3 Teleki S\u00e1muel c. k\u00f6tet\u00e9nek \u00e9rt\u00e9kel\u00e9se; Egyszer volt&#8230; El\u0151ad\u00e1sok a Teleki \u00e9s Vay csal\u00e1dok t\u00f6rt\u00e9net\u00e9b\u0151l (Miskolc, 1998); T\u00f6rt\u00e9nelm\u00fcnk a Duna-medenc\u00e9ben (Kv- Temesv\u00e1r, 1998); A kereszt\u00e9ny iskola az erd\u00e9lyi oktat\u00e1s t\u00f6rt\u00e9net\u00e9ben (1999, Korunk); Erd\u00e9ly a kereszt\u00e9ny magyar kir\u00e1lys\u00e1gban (Kv., 2001); Sapientia Erd\u00e9lyi Magyar Tudom\u00e1nyegyetem (Kv., 2001); Eml\u00e9kk\u00f6nyv a Teleki T\u00e9ka alap\u00edt\u00e1s\u00e1nak 200.\u00e9vfordul\u00f3j\u00e1ra 1802 \u2013 2002 (Mv., 2002); Az Erd\u00e9lyi Magyar Nyelvm\u00edvel\u0151 T\u00e1rsas\u00e1g \u00e9s Marosv\u00e1s\u00e1rhely = Az Erd\u00e9lyi Magyar Nyelvm\u00edvel\u0151 T\u00e1rsas\u00e1g k\u00e9tsz\u00e1z \u00e9ve (1793\u20131993) (Erd\u00e9lyi tudom\u00e1nyos f\u00fczetek, 2018);  <strong> szerk.:<\/strong> M\u0171vel\u0151d\u00e9st\u00f6rt\u00e9neti Tanulm\u00e1nyok (szerk. Csetri Elek, Jak\u00f3 Zsigmonddal; Buk., 1979); A Marosv\u00e1s\u00e1rhelyi Reform\u00e1tus Koll\u00e9gium di\u00e1ks\u00e1ga 1653\u20131848 (bev., Szeged, 1994); Juh\u00e1sz Andr\u00e1s: \u00d6kum\u00e9nikus t\u00f6rekv\u00e9sek az Erd\u00e9lyi Reform\u00e1tus Egyh\u00e1z 16. \u00e9s 17. sz\u00e1zadi t\u00f6rt\u00e9net\u00e9ben (a sz\u00f6veget gondozta T. S.; Kv., 1994). Recenz\u00e1lt szerz\u0151ket a Korunk Olvas\u00f3szolg\u00e1lat c. rovat\u00e1ban: Monok Istv\u00e1n, N\u00e9meth No\u00e9mi; Erd\u00e9lyi k\u00f6nyvesh\u00e1zak II. Scriptum Kft., Szeged, 1991. = 1992. \u00e1pr. <br \/><strong>\u2013 Irod.:<\/strong> B\u00f6l\u00f6ni: T. S. \u00f3r\u00e1i (N\u00fa., 2007. m\u00e1j. 10.); Az els\u0151 rektor kit\u00fcntet\u00e9se (Erd\u00e9lyi Napl\u00f3, 28. sz., 2004. j\u00fal. 13.); De\u00e9 Nagy Anik\u00f3: Hajdanvolt di\u00e1kt\u00e1rsadalom Mv.-en (N\u00fa., M\u00fazsa, 1995. febr. 16., 184. sz.); De\u00e9 Nagy Anik\u00f3: Tonk S\u00e1ndor. A k\u00f6nyvt\u00e1ralap\u00edt\u00f3 Teleki S\u00e1muel (1997); Drask\u00f3czy Istv\u00e1n: Tonk S\u00e1ndor nyom\u00e1ban: erd\u00e9lyiek k\u00f6z\u00e9pkori peregrin\u00e1ci\u00f3ja Tonk S. 2020; EMKK 2000; G\u00e1l \u00c9va Emese: \u201eA magyar integr\u00e1ci\u00f3nak kellene megt\u00f6rt\u00e9nnie\u201d besz\u00e9lget\u00e9s dr. T.S. t\u00f6rt\u00e9n\u00e9szprofesszorral, a Sapientia \u2013Erd\u00e9lyi Magyar Tudom\u00e1nyegyetem volt rektor\u00e1val (Sz\u00e9kelyf\u00f6ld, 2003. okt., 10. sz.); Gazda \u00c1rp\u00e1d: Az egyetemnek lelki, erk\u00f6lcsi tart\u00e1st is kell ny\u00fajtania: T. S. K\u00e9t \u00e9vvel ezel\u0151tti vallom\u00e1sa \u00e9let\u00fatj\u00e1r\u00f3l, az egyetem\u00e9p\u00edt\u00e9s kih\u00edv\u00e1sair\u00f3l (Kr\u00f3nika, 2003. aug. 16\u201317.); Gy\u00e1szjelent\u0151; Kr\u00f3nika (2005. m\u00e1j. 13\u201315.); KKACs; Korunk; Kusz\u00e1lik; Magy. kutat\u00f3k; T. S. Vallom\u00e1s magamr\u00f3l (Ref. Szemle, 2003, 6. sz.); Monok Istv\u00e1n, N\u00e9meth No\u00e9mi, Peregrin\u00e1ci\u00f3 \u00e9s erud\u00edci\u00f3: Tanulm\u00e1nyok Tonk S\u00e1ndor tisztelet\u00e9re Bogd\u00e1ndi Zsolt, Lupescu Mak\u00f3 M\u00e1ria szerk.-ben (Kv., 2020.); Todea 2013; T\u00f3falvi Zolt\u00e1n: Erd\u00e9lyiek egyetemj\u00e1r\u00e1sa a k\u00f6z\u00e9pkorban (V. Z., 1980. febr. 3.).<\/br><\/p>\n","protected":false},"excerpt":{"rendered":"<p>Kv., 1947. m\u00e1j. 2., \u2020 Bp., 2003. aug. 14., nyugszik a kv.-i H\u00e1zsong\u00e1rdi temet\u0151ben: t\u00f6rt\u00e9n\u00e9sz. \u2013 Dr. Tonk Emil, gyermekorvos \u00e9s Tavaszy Emese fia. Feles\u00e9ge: M\u00e1rta. Fiaik: M\u00e1rton \u00e9s S\u00e1ndor. \u2013 A kv.-i volt Ref. Koll.ban v\u00e9gezte elemi \u00e9s k\u00f6z\u00e9piskol\u00e1it (1953\u201364) A BBTE T\u00f6rt.-Filoz\u00f3fia Kar\u00e1n, az Egyetemes T\u00f6rt. Tansz\u00e9ken folytatta tanulm\u00e1nyait (1964\u201369), tan\u00e1rai k\u00f6z\u00fcl dr. [&hellip;]<\/p>\n","protected":false},"featured_media":0,"comment_status":"open","ping_status":"closed","template":"","meta":[],"product_brand":[],"product_cat":[137],"product_tag":[],"class_list":{"0":"post-23357","1":"product","2":"type-product","3":"status-publish","5":"product_cat-maros-megyei-eletrajzi-lexikon","7":"first","8":"instock","9":"shipping-taxable","10":"product-type-simple"},"_links":{"self":[{"href":"https:\/\/uj.adatbank.ro\/lexikon\/wp-json\/wp\/v2\/product\/23357","targetHints":{"allow":["GET"]}}],"collection":[{"href":"https:\/\/uj.adatbank.ro\/lexikon\/wp-json\/wp\/v2\/product"}],"about":[{"href":"https:\/\/uj.adatbank.ro\/lexikon\/wp-json\/wp\/v2\/types\/product"}],"replies":[{"embeddable":true,"href":"https:\/\/uj.adatbank.ro\/lexikon\/wp-json\/wp\/v2\/comments?post=23357"}],"wp:attachment":[{"href":"https:\/\/uj.adatbank.ro\/lexikon\/wp-json\/wp\/v2\/media?parent=23357"}],"wp:term":[{"taxonomy":"product_brand","embeddable":true,"href":"https:\/\/uj.adatbank.ro\/lexikon\/wp-json\/wp\/v2\/product_brand?post=23357"},{"taxonomy":"product_cat","embeddable":true,"href":"https:\/\/uj.adatbank.ro\/lexikon\/wp-json\/wp\/v2\/product_cat?post=23357"},{"taxonomy":"product_tag","embeddable":true,"href":"https:\/\/uj.adatbank.ro\/lexikon\/wp-json\/wp\/v2\/product_tag?post=23357"}],"curies":[{"name":"wp","href":"https:\/\/api.w.org\/{rel}","templated":true}]}}