{"id":23358,"date":"2025-08-01T17:24:11","date_gmt":"2025-08-01T15:24:11","guid":{"rendered":"https:\/\/uj.adatbank.ro\/lexikon\/termek\/toob-tibor\/"},"modified":"2025-08-01T17:24:11","modified_gmt":"2025-08-01T15:24:11","slug":"toob-tibor","status":"publish","type":"product","link":"https:\/\/uj.adatbank.ro\/lexikon\/termek\/toob-tibor\/","title":{"rendered":"TO\u00d3B Tibor"},"content":{"rendered":"<p>Erd\u0151szentgy\u00f6rgy, 1912., \u2020 ?: gy\u00f3gyszer\u00e9sz. \u2013 A buk.-i egyetem Gy\u00f3gyszer\u00e9szeti Kar\u00e1n kapott oklevelet (1936). A Centrofarm Gy\u00f3gyszerkereskedelmi V\u00e1llalat mv.-i k\u00f6zpontj\u00e1nak aligazgat\u00f3ja (1952\u201357). <br \/><strong>\u2013 Irod.:<\/strong> P\u00e9ter H. M. 2013.<\/br><\/p>\n","protected":false},"excerpt":{"rendered":"<p>Erd\u0151szentgy\u00f6rgy, 1912., \u2020 ?: gy\u00f3gyszer\u00e9sz. \u2013 A buk.-i egyetem Gy\u00f3gyszer\u00e9szeti Kar\u00e1n kapott oklevelet (1936). A Centrofarm Gy\u00f3gyszerkereskedelmi V\u00e1llalat mv.-i k\u00f6zpontj\u00e1nak aligazgat\u00f3ja (1952\u201357). \u2013 Irod.: P\u00e9ter H. M. 2013.<\/p>\n","protected":false},"featured_media":0,"comment_status":"open","ping_status":"closed","template":"","meta":[],"product_brand":[],"product_cat":[137],"product_tag":[],"class_list":{"0":"post-23358","1":"product","2":"type-product","3":"status-publish","5":"product_cat-maros-megyei-eletrajzi-lexikon","7":"first","8":"instock","9":"shipping-taxable","10":"product-type-simple"},"_links":{"self":[{"href":"https:\/\/uj.adatbank.ro\/lexikon\/wp-json\/wp\/v2\/product\/23358","targetHints":{"allow":["GET"]}}],"collection":[{"href":"https:\/\/uj.adatbank.ro\/lexikon\/wp-json\/wp\/v2\/product"}],"about":[{"href":"https:\/\/uj.adatbank.ro\/lexikon\/wp-json\/wp\/v2\/types\/product"}],"replies":[{"embeddable":true,"href":"https:\/\/uj.adatbank.ro\/lexikon\/wp-json\/wp\/v2\/comments?post=23358"}],"wp:attachment":[{"href":"https:\/\/uj.adatbank.ro\/lexikon\/wp-json\/wp\/v2\/media?parent=23358"}],"wp:term":[{"taxonomy":"product_brand","embeddable":true,"href":"https:\/\/uj.adatbank.ro\/lexikon\/wp-json\/wp\/v2\/product_brand?post=23358"},{"taxonomy":"product_cat","embeddable":true,"href":"https:\/\/uj.adatbank.ro\/lexikon\/wp-json\/wp\/v2\/product_cat?post=23358"},{"taxonomy":"product_tag","embeddable":true,"href":"https:\/\/uj.adatbank.ro\/lexikon\/wp-json\/wp\/v2\/product_tag?post=23358"}],"curies":[{"name":"wp","href":"https:\/\/api.w.org\/{rel}","templated":true}]}}