{"id":23361,"date":"2025-08-01T17:24:17","date_gmt":"2025-08-01T15:24:17","guid":{"rendered":"https:\/\/uj.adatbank.ro\/lexikon\/termek\/topler-csalad\/"},"modified":"2025-08-01T17:24:17","modified_gmt":"2025-08-01T15:24:17","slug":"topler-csalad","status":"publish","type":"product","link":"https:\/\/uj.adatbank.ro\/lexikon\/termek\/topler-csalad\/","title":{"rendered":"TOPLER csal\u00e1d"},"content":{"rendered":"<p>A csal\u00e1d \u0151se Simon r\u00e9v\u00e9n M\u00e1ria Ter\u00e9zia idej\u00e9n Morvao.-b\u00f3l telepedett Erd\u00e9lybe, aki mint katona ide h\u00e1zasodott, vagyon\u00e1t borkeresked\u00e9snek k\u00f6sz\u00f6nhette. Kolozsv\u00e1rr\u00f3l sz\u00e1rmaztak a Mez\u0151s\u00e9gre \u00e9s Mv.-re. T. Imre v\u00e1rosi sz\u00f3nok (\u00fcgy\u00e9sz) nev\u00e9hez f\u0171z\u0151dik a cs\u00e1sz\u00e1rl\u00e1togat\u00e1si Karolina oszlop nagy k\u00f6lts\u00e9ggel j\u00e1r\u00f3 fel\u00e1ll\u00edt\u00e1sa (1831). \u00c1m a nemesi c\u00edmet az uralkod\u00f3 h\u00e1z ir\u00e1nti lojalit\u00e1st bizony\u00edt\u00f3 \u00e1ldozat ellen\u00e9re sem nyerte el. A v\u00e1rosi tan\u00e1csba ker\u00fclt katolikus r\u00e9szr\u0151l (1837). Irod.: K\u0151v\u00e1ry; Kr\u00f3n. F\u00fcz. (1939. 4\/4).<\/br><\/p>\n","protected":false},"excerpt":{"rendered":"<p>A csal\u00e1d \u0151se Simon r\u00e9v\u00e9n M\u00e1ria Ter\u00e9zia idej\u00e9n Morvao.-b\u00f3l telepedett Erd\u00e9lybe, aki mint katona ide h\u00e1zasodott, vagyon\u00e1t borkeresked\u00e9snek k\u00f6sz\u00f6nhette. Kolozsv\u00e1rr\u00f3l sz\u00e1rmaztak a Mez\u0151s\u00e9gre \u00e9s Mv.-re. T. Imre v\u00e1rosi sz\u00f3nok (\u00fcgy\u00e9sz) nev\u00e9hez f\u0171z\u0151dik a cs\u00e1sz\u00e1rl\u00e1togat\u00e1si Karolina oszlop nagy k\u00f6lts\u00e9ggel j\u00e1r\u00f3 fel\u00e1ll\u00edt\u00e1sa (1831). \u00c1m a nemesi c\u00edmet az uralkod\u00f3 h\u00e1z ir\u00e1nti lojalit\u00e1st bizony\u00edt\u00f3 \u00e1ldozat ellen\u00e9re sem nyerte [&hellip;]<\/p>\n","protected":false},"featured_media":0,"comment_status":"open","ping_status":"closed","template":"","meta":[],"product_brand":[],"product_cat":[137],"product_tag":[],"class_list":{"0":"post-23361","1":"product","2":"type-product","3":"status-publish","5":"product_cat-maros-megyei-eletrajzi-lexikon","7":"first","8":"instock","9":"shipping-taxable","10":"product-type-simple"},"_links":{"self":[{"href":"https:\/\/uj.adatbank.ro\/lexikon\/wp-json\/wp\/v2\/product\/23361","targetHints":{"allow":["GET"]}}],"collection":[{"href":"https:\/\/uj.adatbank.ro\/lexikon\/wp-json\/wp\/v2\/product"}],"about":[{"href":"https:\/\/uj.adatbank.ro\/lexikon\/wp-json\/wp\/v2\/types\/product"}],"replies":[{"embeddable":true,"href":"https:\/\/uj.adatbank.ro\/lexikon\/wp-json\/wp\/v2\/comments?post=23361"}],"wp:attachment":[{"href":"https:\/\/uj.adatbank.ro\/lexikon\/wp-json\/wp\/v2\/media?parent=23361"}],"wp:term":[{"taxonomy":"product_brand","embeddable":true,"href":"https:\/\/uj.adatbank.ro\/lexikon\/wp-json\/wp\/v2\/product_brand?post=23361"},{"taxonomy":"product_cat","embeddable":true,"href":"https:\/\/uj.adatbank.ro\/lexikon\/wp-json\/wp\/v2\/product_cat?post=23361"},{"taxonomy":"product_tag","embeddable":true,"href":"https:\/\/uj.adatbank.ro\/lexikon\/wp-json\/wp\/v2\/product_tag?post=23361"}],"curies":[{"name":"wp","href":"https:\/\/api.w.org\/{rel}","templated":true}]}}

TOPLER család

<p>A család őse Simon révén Mária Terézia idején Morvao.-ból telepedett Erdélybe, aki mint katona ide házasodott, vagyonát borkereskedésnek köszönhette. Kolozsvárról származtak a Mezőségre és Mv.-re. T. Imre városi szónok (ügyész) nevéhez fűződik a császárlátogatási Karolina oszlop nagy költséggel járó felállítása (1831). Ám a nemesi címet az uralkodó ház iránti lojalitást bizonyító áldozat ellenére sem nyerte el. A városi tanácsba került katolikus részről (1837). Irod.: Kőváry; Krón. Füz. (1939. 4/4).</br></p>

<p>A család őse Simon révén Mária Terézia idején Morvao.-ból telepedett Erdélybe, aki mint katona ide házasodott, vagyonát borkereskedésnek köszönhette. Kolozsvárról származtak a Mezőségre és Mv.-re. T. Imre városi szónok (ügyész) nevéhez fűződik a császárlátogatási Karolina oszlop nagy költséggel járó felállítása (1831). Ám a nemesi címet az uralkodó ház iránti lojalitást bizonyító áldozat ellenére sem nyerte [&hellip;]</p>
