{"id":23362,"date":"2025-08-01T17:24:20","date_gmt":"2025-08-01T15:24:20","guid":{"rendered":"https:\/\/uj.adatbank.ro\/lexikon\/termek\/topler-janos-ioan\/"},"modified":"2025-08-01T17:24:20","modified_gmt":"2025-08-01T15:24:20","slug":"topler-janos-ioan","status":"publish","type":"product","link":"https:\/\/uj.adatbank.ro\/lexikon\/termek\/topler-janos-ioan\/","title":{"rendered":"TOPLER J\u00e1nos, Ioan"},"content":{"rendered":"<p>? \u2020 ?: pall\u00e9rmester. \u2013 Kass\u00e1r\u00f3l j\u00fct Mv.-re. ahol k\u0151m\u0171ves-pall\u00e9rk\u00e9nt dolgozott (1784\u20131810), Dolgozott a gernyeszegei kast\u00e9lyn\u00e1l (1772\u20131803) \u00e9s a mv.-i g. kat k\u0151templomon (1793\u201394), ahol az \u00e9p\u00edtkez\u00e9st k\u00f6vet\u0151en hosszadalmas peresked\u00e9sbe keveredett az ekl\u00e9zsia gondnok\u00e1val, Fogarasi Petri\u015for J\u00e1nossal az elhaszn\u00e1lt t\u00e9gl\u00e1k \u00e1r\u00e1t illet\u0151en. Lehet, hogy \u0151 \u00e9p\u00edtette a f\u0151t\u00e9ri Szent Imre ferences kolostor- templomot \u00e9s torny\u00e1t (1802). <br \/><strong>\u2013 Irod.:<\/strong> B\u0103ciu\u0163, Nicolae; \u015eincan, Gheorghe: Biserica de piatr\u0103 \u201e\u00cen\u0103l\u0163area Domnului\u201d T\u00e2rgu-Mure\u015f (Vatra veche, nr. 1., 2009); Bir\u00f3; B\u00edr\u00f3 J\u00f3zsef: A gernyeszegi Teleki kast\u00e9ly (Bp., 1938); Id\u0151t\u00e1r 1; K.L. M\u0171v. t\u00f6rt. tan. 2.; Keresztes 1995; Keresztes Gyula: A K\u0151templom (N\u00fa., 1990. nov. 30.); Keresztes Gyula: \u00d6r\u00f6ks\u00e9g\u00fcnk 69.: A k\u00e9t rom\u00e1n templom k\u00e9tsz\u00e1z \u00e9ves \u00e9vfordul\u00f3j\u00e1ra (N\u00fa., 1994. dec. 10.); Maros megye; Moln\u00e1r; Mv.-Bal\u00e1s; Internet: Rom\u00e1niai Magyar Lexikon.<\/br><\/p>\n","protected":false},"excerpt":{"rendered":"<p>? \u2020 ?: pall\u00e9rmester. \u2013 Kass\u00e1r\u00f3l j\u00fct Mv.-re. ahol k\u0151m\u0171ves-pall\u00e9rk\u00e9nt dolgozott (1784\u20131810), Dolgozott a gernyeszegei kast\u00e9lyn\u00e1l (1772\u20131803) \u00e9s a mv.-i g. kat k\u0151templomon (1793\u201394), ahol az \u00e9p\u00edtkez\u00e9st k\u00f6vet\u0151en hosszadalmas peresked\u00e9sbe keveredett az ekl\u00e9zsia gondnok\u00e1val, Fogarasi Petri\u015for J\u00e1nossal az elhaszn\u00e1lt t\u00e9gl\u00e1k \u00e1r\u00e1t illet\u0151en. Lehet, hogy \u0151 \u00e9p\u00edtette a f\u0151t\u00e9ri Szent Imre ferences kolostor- templomot \u00e9s torny\u00e1t [&hellip;]<\/p>\n","protected":false},"featured_media":0,"comment_status":"open","ping_status":"closed","template":"","meta":[],"product_brand":[],"product_cat":[137],"product_tag":[],"class_list":{"0":"post-23362","1":"product","2":"type-product","3":"status-publish","5":"product_cat-maros-megyei-eletrajzi-lexikon","7":"first","8":"instock","9":"shipping-taxable","10":"product-type-simple"},"_links":{"self":[{"href":"https:\/\/uj.adatbank.ro\/lexikon\/wp-json\/wp\/v2\/product\/23362","targetHints":{"allow":["GET"]}}],"collection":[{"href":"https:\/\/uj.adatbank.ro\/lexikon\/wp-json\/wp\/v2\/product"}],"about":[{"href":"https:\/\/uj.adatbank.ro\/lexikon\/wp-json\/wp\/v2\/types\/product"}],"replies":[{"embeddable":true,"href":"https:\/\/uj.adatbank.ro\/lexikon\/wp-json\/wp\/v2\/comments?post=23362"}],"wp:attachment":[{"href":"https:\/\/uj.adatbank.ro\/lexikon\/wp-json\/wp\/v2\/media?parent=23362"}],"wp:term":[{"taxonomy":"product_brand","embeddable":true,"href":"https:\/\/uj.adatbank.ro\/lexikon\/wp-json\/wp\/v2\/product_brand?post=23362"},{"taxonomy":"product_cat","embeddable":true,"href":"https:\/\/uj.adatbank.ro\/lexikon\/wp-json\/wp\/v2\/product_cat?post=23362"},{"taxonomy":"product_tag","embeddable":true,"href":"https:\/\/uj.adatbank.ro\/lexikon\/wp-json\/wp\/v2\/product_tag?post=23362"}],"curies":[{"name":"wp","href":"https:\/\/api.w.org\/{rel}","templated":true}]}}

TOPLER János, Ioan

<p>? † ?: pallérmester. – Kassáról jüt Mv.-re. ahol kőműves-pallérként dolgozott (1784–1810), Dolgozott a gernyeszegei kastélynál (1772–1803) és a mv.-i g. kat kőtemplomon (1793–94), ahol az építkezést követően hosszadalmas pereskedésbe keveredett az eklézsia gondnokával, Fogarasi Petrişor Jánossal az elhasznált téglák árát illetően. Lehet, hogy ő építette a főtéri Szent Imre ferences kolostor- templomot és tornyát (1802). <br /><strong>– Irod.:</strong> Băciuţ, Nicolae; Şincan, Gheorghe: Biserica de piatră „Înălţarea Domnului” Târgu-Mureş (Vatra veche, nr. 1., 2009); Biró; Bíró József: A gernyeszegi Teleki kastély (Bp., 1938); Időtár 1; K.L. Műv. tört. tan. 2.; Keresztes 1995; Keresztes Gyula: A Kőtemplom (Nú., 1990. nov. 30.); Keresztes Gyula: Örökségünk 69.: A két román templom kétszáz éves évfordulójára (Nú., 1994. dec. 10.); Maros megye; Molnár; Mv.-Balás; Internet: Romániai Magyar Lexikon.</br></p>

<p>? † ?: pallérmester. – Kassáról jüt Mv.-re. ahol kőműves-pallérként dolgozott (1784–1810), Dolgozott a gernyeszegei kastélynál (1772–1803) és a mv.-i g. kat kőtemplomon (1793–94), ahol az építkezést követően hosszadalmas pereskedésbe keveredett az eklézsia gondnokával, Fogarasi Petrişor Jánossal az elhasznált téglák árát illetően. Lehet, hogy ő építette a főtéri Szent Imre ferences kolostor- templomot és tornyát [&hellip;]</p>
