{"id":23364,"date":"2025-08-01T17:24:29","date_gmt":"2025-08-01T15:24:29","guid":{"rendered":"https:\/\/uj.adatbank.ro\/lexikon\/termek\/topler-simon-%c2%a7\/"},"modified":"2025-08-01T17:24:29","modified_gmt":"2025-08-01T15:24:29","slug":"topler-simon-%c2%a7","status":"publish","type":"product","link":"https:\/\/uj.adatbank.ro\/lexikon\/termek\/topler-simon-%c2%a7\/","title":{"rendered":"TOPLER Simon, \u00a7"},"content":{"rendered":"<p>1806., \u2020 Nagyszeben, 1853. m\u00e1j. 10.: \u00fcgyv\u00e9d, v\u00e1rosi szen\u00e1tor, or\u00e1tor, n\u00f3t\u00e1rius, ogy.-i k\u00e9pvisel\u0151. \u2013 T. Simon, Imre unoka\u00f6ccse. Feles\u00e9ge: Verz\u00e1r Rebeka. Le\u00e1nyuk: R\u00f3za \u00e9s Gizella Nov\u00e1k Bogd\u00e1nn\u00e9 (1852? \u2013 1874. j\u00fan. 29.). \u2013 Polg\u00e1ri sz\u00e1rmaz\u00e1s\u00fa, jog\u00e1sz k\u00e9pzetts\u00e9g\u0171 politikus volt, aki a v\u00e1ros szolg\u00e1lat\u00e1ban \u00e1llt (1831\u2013) el\u0151bb als\u00f3bb beoszt\u00e1s\u00fa tisztvisel\u0151, majd k\u00e9pvisel\u0151test\u00fcleti sz\u00f3viv\u0151, al- ill. f\u0151jegyz\u0151 (1838\u20131848). A v\u00e1rosi tan\u00e1cs megb\u00edzta a teljesjog\u00fa v\u00e1rosi lakos k\u00e9rd\u00e9se szab\u00e1lyoz\u00e1s\u00e1nak aktualiz\u00e1l\u00e1s\u00e1val (1847), jelent\u00e9s\u00e9t a k\u00f6zgy\u0171l\u00e9s el\u00e9 terjesztette: Topler Simon tan\u00e1csi aljegyz\u0151 javaslata a v\u00e1rosi polg\u00e1rok jog\u00e1llapot\u00e1nak \u00fajabb szab\u00e1lyoz\u00e1s\u00e1r\u00f3l c. (1847. \u00e1pr. 10). Jelent\u00e9s\u00e9b\u0151l kit\u0171nik, hogy szerz\u0151je alaposan t\u00e1j\u00e9koz\u00f3dott a v\u00e1rosi polg\u00e1ri rend jogi helyzet\u00e9t illet\u0151en, okfejt\u00e9s\u00e9t lev\u00e9lt\u00e1ri adatokra t\u00e1maszkodott. Mv. k\u00f6vete az ogy.-ben (1841\u201343; 1848\u20131849). Ritka kiv\u00e9telnek sz\u00e1m\u00edtott a polg\u00e1ri sz\u00e1rmaz\u00e1s\u00fa k\u00fcld\u00f6tt jelenl\u00e9te az 1848 el\u0151tti rendi ogy.-en. Dobolyi S\u00e1ndorral egy\u00fctt k\u00e9pviselte a v\u00e1rost az utols\u00f3 erd\u00e9lyi rendi di\u00e9t\u00e1n \u00e9s a pesti n\u00e9pk\u00e9pviseleti ogy.-ben. A szabads\u00e1gharc alatt mint az osztr\u00e1k korm\u00e1ny szempontj\u00e1b\u00f3l megb\u00edzhatatlant elt\u00e1vol\u00edtott\u00e1k, de amikor Bem elfoglalta a v\u00e1rost (1849. jan. 14.) hivatal\u00e1t visszanyerte. Mivel r\u00e9szt vett a Makk\u2013G\u00e1l-f\u00e9le \u00f6sszeesk\u00fcv\u00e9sben az abszolutizmus idej\u00e9n letart\u00f3ztatt\u00e1k (1852). Vizsg\u00e1lati fogs\u00e1ga idej\u00e9n Szebenben \u00f6ngyilkos lett. <br \/><strong>\u2013 Irod.:<\/strong> 1848\u20131849 Marossz\u00e9k; 1848\u20131849 Transilvania; Benk\u0151 K.: Mv.; B\u00e9nyei; Erd\u00e9lyi Nagyfejedelems\u00e9g sz. k. Kv. v\u00e1ros\u00e1ba 1848. eszt. m\u00e1j. 29. napj\u00e1ra k\u00f6z\u00f6ns\u00e9ges gy\u0171l\u00e9sre \u00f6sszeh\u00edvott tek. rendeinek n\u00e9vsora \u00e9s kirendelt sz\u00e1ll\u00e1sainak kimutat\u00e1sa (Kv., 1848); Gy\u00e1szjelent\u0151; Id\u0151t\u00e1r 1; Kaczi\u00e1ny G\u00e9za: Magyar v\u00e9rtan\u00fak k\u00f6nyve (Bp., 1905); Kr\u00f3n. F\u00fcz. (1939. 4\/6); P\u00e1l-Antal; P\u00e1l-Antal 2003; P\u00e1l-Antal 2004; P\u00e1l-Antal 2006; P\u00e1l-Antal 2009; Szathm\u00e1ry Papp K\u00e1roly.<\/br><\/p>\n","protected":false},"excerpt":{"rendered":"<p>1806., \u2020 Nagyszeben, 1853. m\u00e1j. 10.: \u00fcgyv\u00e9d, v\u00e1rosi szen\u00e1tor, or\u00e1tor, n\u00f3t\u00e1rius, ogy.-i k\u00e9pvisel\u0151. \u2013 T. Simon, Imre unoka\u00f6ccse. Feles\u00e9ge: Verz\u00e1r Rebeka. Le\u00e1nyuk: R\u00f3za \u00e9s Gizella Nov\u00e1k Bogd\u00e1nn\u00e9 (1852? \u2013 1874. j\u00fan. 29.). \u2013 Polg\u00e1ri sz\u00e1rmaz\u00e1s\u00fa, jog\u00e1sz k\u00e9pzetts\u00e9g\u0171 politikus volt, aki a v\u00e1ros szolg\u00e1lat\u00e1ban \u00e1llt (1831\u2013) el\u0151bb als\u00f3bb beoszt\u00e1s\u00fa tisztvisel\u0151, majd k\u00e9pvisel\u0151test\u00fcleti sz\u00f3viv\u0151, al- ill. f\u0151jegyz\u0151 [&hellip;]<\/p>\n","protected":false},"featured_media":0,"comment_status":"open","ping_status":"closed","template":"","meta":[],"product_brand":[],"product_cat":[137],"product_tag":[],"class_list":{"0":"post-23364","1":"product","2":"type-product","3":"status-publish","5":"product_cat-maros-megyei-eletrajzi-lexikon","7":"first","8":"instock","9":"shipping-taxable","10":"product-type-simple"},"_links":{"self":[{"href":"https:\/\/uj.adatbank.ro\/lexikon\/wp-json\/wp\/v2\/product\/23364","targetHints":{"allow":["GET"]}}],"collection":[{"href":"https:\/\/uj.adatbank.ro\/lexikon\/wp-json\/wp\/v2\/product"}],"about":[{"href":"https:\/\/uj.adatbank.ro\/lexikon\/wp-json\/wp\/v2\/types\/product"}],"replies":[{"embeddable":true,"href":"https:\/\/uj.adatbank.ro\/lexikon\/wp-json\/wp\/v2\/comments?post=23364"}],"wp:attachment":[{"href":"https:\/\/uj.adatbank.ro\/lexikon\/wp-json\/wp\/v2\/media?parent=23364"}],"wp:term":[{"taxonomy":"product_brand","embeddable":true,"href":"https:\/\/uj.adatbank.ro\/lexikon\/wp-json\/wp\/v2\/product_brand?post=23364"},{"taxonomy":"product_cat","embeddable":true,"href":"https:\/\/uj.adatbank.ro\/lexikon\/wp-json\/wp\/v2\/product_cat?post=23364"},{"taxonomy":"product_tag","embeddable":true,"href":"https:\/\/uj.adatbank.ro\/lexikon\/wp-json\/wp\/v2\/product_tag?post=23364"}],"curies":[{"name":"wp","href":"https:\/\/api.w.org\/{rel}","templated":true}]}}

<p>1806., † Nagyszeben, 1853. máj. 10.: ügyvéd, városi szenátor, orátor, nótárius, ogy.-i képviselő. – T. Simon, Imre unokaöccse. Felesége: Verzár Rebeka. Leányuk: Róza és Gizella Novák Bogdánné (1852? – 1874. jún. 29.). – Polgári származású, jogász képzettségű politikus volt, aki a város szolgálatában állt (1831–) előbb alsóbb beosztású tisztviselő, majd képviselőtestületi szóvivő, al- ill. főjegyző (1838–1848). A városi tanács megbízta a teljesjogú városi lakos kérdése szabályozásának aktualizálásával (1847), jelentését a közgyűlés elé terjesztette: Topler Simon tanácsi aljegyző javaslata a városi polgárok jogállapotának újabb szabályozásáról c. (1847. ápr. 10). Jelentéséből kitűnik, hogy szerzője alaposan tájékozódott a városi polgári rend jogi helyzetét illetően, okfejtését levéltári adatokra támaszkodott. Mv. követe az ogy.-ben (1841–43; 1848–1849). Ritka kivételnek számított a polgári származású küldött jelenléte az 1848 előtti rendi ogy.-en. Dobolyi Sándorral együtt képviselte a várost az utolsó erdélyi rendi diétán és a pesti népképviseleti ogy.-ben. A szabadságharc alatt mint az osztrák kormány szempontjából megbízhatatlant eltávolították, de amikor Bem elfoglalta a várost (1849. jan. 14.) hivatalát visszanyerte. Mivel részt vett a Makk–Gál-féle összeesküvésben az abszolutizmus idején letartóztatták (1852). Vizsgálati fogsága idején Szebenben öngyilkos lett. <br /><strong>– Irod.:</strong> 1848–1849 Marosszék; 1848–1849 Transilvania; Benkő K.: Mv.; Bényei; Erdélyi Nagyfejedelemség sz. k. Kv. városába 1848. eszt. máj. 29. napjára közönséges gyűlésre összehívott tek. rendeinek névsora és kirendelt szállásainak kimutatása (Kv., 1848); Gyászjelentő; Időtár 1; Kacziány Géza: Magyar vértanúk könyve (Bp., 1905); Krón. Füz. (1939. 4/6); Pál-Antal; Pál-Antal 2003; Pál-Antal 2004; Pál-Antal 2006; Pál-Antal 2009; Szathmáry Papp Károly.</br></p>

<p>1806., † Nagyszeben, 1853. máj. 10.: ügyvéd, városi szenátor, orátor, nótárius, ogy.-i képviselő. – T. Simon, Imre unokaöccse. Felesége: Verzár Rebeka. Leányuk: Róza és Gizella Novák Bogdánné (1852? – 1874. jún. 29.). – Polgári származású, jogász képzettségű politikus volt, aki a város szolgálatában állt (1831–) előbb alsóbb beosztású tisztviselő, majd képviselőtestületi szóvivő, al- ill. főjegyző [&hellip;]</p>
