{"id":23367,"date":"2025-08-01T17:24:37","date_gmt":"2025-08-01T15:24:37","guid":{"rendered":"https:\/\/uj.adatbank.ro\/lexikon\/termek\/tordai-adam\/"},"modified":"2025-08-01T17:24:37","modified_gmt":"2025-08-01T15:24:37","slug":"tordai-adam","status":"publish","type":"product","link":"https:\/\/uj.adatbank.ro\/lexikon\/termek\/tordai-adam\/","title":{"rendered":"TORDAI \u00c1d\u00e1m"},"content":{"rendered":"<p>? \u2020 ?: iskolamester, tan\u00e1r. \u2013 A kv.-i iskola tanul\u00f3ja volt. Wittenbergben v\u00e9gezte az egyetemet. A mv.-i ref. Schola Particula els\u0151 ismert rektora (1566). A v\u00e1radi hitvit\u00e1k tev\u00e9keny r\u00e9sztvev\u0151je G\u00f6csi M\u00e1t\u00e9 mellett (1569). A V\u00e1rtemplomban tartott hitvit\u00e1n szint\u00e9n G\u00f6csi M\u00e1t\u00e9t t\u00e1mogatta D\u00e1vid Ferenc ellen\u00e9ben (1571) Heltai G\u00e1sp\u00e1r tisztelet\u00e9re latin verset \u00edrt. \u2013  <strong>F. m..:<\/strong> Historia incliti Mathiae Hunyadi c\u00edm\u0171 m\u0171 szerz\u0151je. <br \/><strong>\u2013 Irod.:<\/strong> Er\u0151s v\u00e1runk; H\u00edres polg. lex.; Id\u0151t\u00e1r 1; Koncz; P\u00e1l-Antal, P\u00e1l-Antal 2009.<\/br><\/p>\n","protected":false},"excerpt":{"rendered":"<p>? \u2020 ?: iskolamester, tan\u00e1r. \u2013 A kv.-i iskola tanul\u00f3ja volt. Wittenbergben v\u00e9gezte az egyetemet. A mv.-i ref. Schola Particula els\u0151 ismert rektora (1566). A v\u00e1radi hitvit\u00e1k tev\u00e9keny r\u00e9sztvev\u0151je G\u00f6csi M\u00e1t\u00e9 mellett (1569). A V\u00e1rtemplomban tartott hitvit\u00e1n szint\u00e9n G\u00f6csi M\u00e1t\u00e9t t\u00e1mogatta D\u00e1vid Ferenc ellen\u00e9ben (1571) Heltai G\u00e1sp\u00e1r tisztelet\u00e9re latin verset \u00edrt. \u2013 F. m..: Historia [&hellip;]<\/p>\n","protected":false},"featured_media":0,"comment_status":"open","ping_status":"closed","template":"","meta":[],"product_brand":[],"product_cat":[137],"product_tag":[],"class_list":{"0":"post-23367","1":"product","2":"type-product","3":"status-publish","5":"product_cat-maros-megyei-eletrajzi-lexikon","7":"first","8":"instock","9":"shipping-taxable","10":"product-type-simple"},"_links":{"self":[{"href":"https:\/\/uj.adatbank.ro\/lexikon\/wp-json\/wp\/v2\/product\/23367","targetHints":{"allow":["GET"]}}],"collection":[{"href":"https:\/\/uj.adatbank.ro\/lexikon\/wp-json\/wp\/v2\/product"}],"about":[{"href":"https:\/\/uj.adatbank.ro\/lexikon\/wp-json\/wp\/v2\/types\/product"}],"replies":[{"embeddable":true,"href":"https:\/\/uj.adatbank.ro\/lexikon\/wp-json\/wp\/v2\/comments?post=23367"}],"wp:attachment":[{"href":"https:\/\/uj.adatbank.ro\/lexikon\/wp-json\/wp\/v2\/media?parent=23367"}],"wp:term":[{"taxonomy":"product_brand","embeddable":true,"href":"https:\/\/uj.adatbank.ro\/lexikon\/wp-json\/wp\/v2\/product_brand?post=23367"},{"taxonomy":"product_cat","embeddable":true,"href":"https:\/\/uj.adatbank.ro\/lexikon\/wp-json\/wp\/v2\/product_cat?post=23367"},{"taxonomy":"product_tag","embeddable":true,"href":"https:\/\/uj.adatbank.ro\/lexikon\/wp-json\/wp\/v2\/product_tag?post=23367"}],"curies":[{"name":"wp","href":"https:\/\/api.w.org\/{rel}","templated":true}]}}

TORDAI Ádám

<p>? † ?: iskolamester, tanár. – A kv.-i iskola tanulója volt. Wittenbergben végezte az egyetemet. A mv.-i ref. Schola Particula első ismert rektora (1566). A váradi hitviták tevékeny résztvevője Göcsi Máté mellett (1569). A Vártemplomban tartott hitvitán szintén Göcsi Mátét támogatta Dávid Ferenc ellenében (1571) Heltai Gáspár tiszteletére latin verset írt. –  <strong>F. m..:</strong> Historia incliti Mathiae Hunyadi című mű szerzője. <br /><strong>– Irod.:</strong> Erős várunk; Híres polg. lex.; Időtár 1; Koncz; Pál-Antal, Pál-Antal 2009.</br></p>

<p>? † ?: iskolamester, tanár. – A kv.-i iskola tanulója volt. Wittenbergben végezte az egyetemet. A mv.-i ref. Schola Particula első ismert rektora (1566). A váradi hitviták tevékeny résztvevője Göcsi Máté mellett (1569). A Vártemplomban tartott hitvitán szintén Göcsi Mátét támogatta Dávid Ferenc ellenében (1571) Heltai Gáspár tiszteletére latin verset írt. – F. m..: Historia [&hellip;]</p>
