{"id":23369,"date":"2025-08-01T17:24:42","date_gmt":"2025-08-01T15:24:42","guid":{"rendered":"https:\/\/uj.adatbank.ro\/lexikon\/termek\/tordai-albert-2\/"},"modified":"2025-08-01T17:24:42","modified_gmt":"2025-08-01T15:24:42","slug":"tordai-albert-2","status":"publish","type":"product","link":"https:\/\/uj.adatbank.ro\/lexikon\/termek\/tordai-albert-2\/","title":{"rendered":"TORDAI Albert"},"content":{"rendered":"<p>Csejd, 1895., \u2020 ?: gazd\u00e1lkod\u00f3, bogn\u00e1r. \u2013 Iskol\u00e1i elv\u00e9gz\u00e9se ut\u00e1n \u00e9desapj\u00e1t\u00f3l saj\u00e1t\u00edtotta el a bogn\u00e1r mesters\u00e9get, majd \u00f6n\u00e1ll\u00f3 lett (1921). Saj\u00e1t f\u00f6ldj\u00e9n gazd\u00e1lkodott is Marosag\u00e1rdon. Az els\u0151 vh.-ban a 62. gy. ezredben az orosz fronton harcolt, mint rokkant szerelt le. <br \/><strong>\u2013 Irod.:<\/strong> Sz\u00e9kelyf\u00f6ld \u00ed. k.<\/br><\/p>\n","protected":false},"excerpt":{"rendered":"<p>Csejd, 1895., \u2020 ?: gazd\u00e1lkod\u00f3, bogn\u00e1r. \u2013 Iskol\u00e1i elv\u00e9gz\u00e9se ut\u00e1n \u00e9desapj\u00e1t\u00f3l saj\u00e1t\u00edtotta el a bogn\u00e1r mesters\u00e9get, majd \u00f6n\u00e1ll\u00f3 lett (1921). Saj\u00e1t f\u00f6ldj\u00e9n gazd\u00e1lkodott is Marosag\u00e1rdon. Az els\u0151 vh.-ban a 62. gy. ezredben az orosz fronton harcolt, mint rokkant szerelt le. \u2013 Irod.: Sz\u00e9kelyf\u00f6ld \u00ed. k.<\/p>\n","protected":false},"featured_media":0,"comment_status":"open","ping_status":"closed","template":"","meta":[],"product_brand":[],"product_cat":[137],"product_tag":[],"class_list":{"0":"post-23369","1":"product","2":"type-product","3":"status-publish","5":"product_cat-maros-megyei-eletrajzi-lexikon","7":"first","8":"instock","9":"shipping-taxable","10":"product-type-simple"},"_links":{"self":[{"href":"https:\/\/uj.adatbank.ro\/lexikon\/wp-json\/wp\/v2\/product\/23369","targetHints":{"allow":["GET"]}}],"collection":[{"href":"https:\/\/uj.adatbank.ro\/lexikon\/wp-json\/wp\/v2\/product"}],"about":[{"href":"https:\/\/uj.adatbank.ro\/lexikon\/wp-json\/wp\/v2\/types\/product"}],"replies":[{"embeddable":true,"href":"https:\/\/uj.adatbank.ro\/lexikon\/wp-json\/wp\/v2\/comments?post=23369"}],"wp:attachment":[{"href":"https:\/\/uj.adatbank.ro\/lexikon\/wp-json\/wp\/v2\/media?parent=23369"}],"wp:term":[{"taxonomy":"product_brand","embeddable":true,"href":"https:\/\/uj.adatbank.ro\/lexikon\/wp-json\/wp\/v2\/product_brand?post=23369"},{"taxonomy":"product_cat","embeddable":true,"href":"https:\/\/uj.adatbank.ro\/lexikon\/wp-json\/wp\/v2\/product_cat?post=23369"},{"taxonomy":"product_tag","embeddable":true,"href":"https:\/\/uj.adatbank.ro\/lexikon\/wp-json\/wp\/v2\/product_tag?post=23369"}],"curies":[{"name":"wp","href":"https:\/\/api.w.org\/{rel}","templated":true}]}}