{"id":23374,"date":"2025-08-01T17:24:53","date_gmt":"2025-08-01T15:24:53","guid":{"rendered":"https:\/\/uj.adatbank.ro\/lexikon\/termek\/tordai-ferenc-%c2%a7\/"},"modified":"2025-08-01T17:24:53","modified_gmt":"2025-08-01T15:24:53","slug":"tordai-ferenc-%c2%a7","status":"publish","type":"product","link":"https:\/\/uj.adatbank.ro\/lexikon\/termek\/tordai-ferenc-%c2%a7\/","title":{"rendered":"TORDAI Ferenc, \u00a7"},"content":{"rendered":"<p>Mv., 1893., \u2020 ?: gazd\u00e1lkod\u00f3. \u2013 Iskol\u00e1i elv\u00e9gz\u00e9se ut\u00e1n a sz\u00fcl\u0151i h\u00e1zn\u00e1l tanult gazd\u00e1lkodni. Az els\u0151 vh.-ban a 9. h. husz\u00e1rezredben, majd az 5, h. t\u00fcz\u00e9rezredben az orosz \u00e9s az olasz fronton harcolt, kit\u00fcntett\u00e9k a II. o. ez\u00fcst, a bronz v. \u00e9remmel \u00e9s a K\u00e1roly Csapatkereszttel. \u00d6n\u00e1ll\u00f3an 40 hold f\u00f6ld\u00f6n gazd\u00e1lkodott Mv.-en. A ref. egyh\u00e1z presbitere, a z Els\u0151 Sz\u00e1nt\u00f3 T\u00e1rsulat eln\u00f6ke, a mv.-i Gazdak\u00f6r eln\u00f6ke (1932\u2013), a MP bels\u0151 tan\u00e1cs\u00e1nak \u00e9s int\u00e9z\u0151bizotts\u00e1g\u00e1nak tagja volt. A M. Rendfenntart\u00f3 Bizotts\u00e1g tagja (1940. aug.). <br \/><strong>\u2013 Irod.:<\/strong> Berekm\u00e9ri 2015; Sz\u00e9kelyf\u00f6ld \u00ed. K.; Visnai.<\/br><\/p>\n","protected":false},"excerpt":{"rendered":"<p>Mv., 1893., \u2020 ?: gazd\u00e1lkod\u00f3. \u2013 Iskol\u00e1i elv\u00e9gz\u00e9se ut\u00e1n a sz\u00fcl\u0151i h\u00e1zn\u00e1l tanult gazd\u00e1lkodni. Az els\u0151 vh.-ban a 9. h. husz\u00e1rezredben, majd az 5, h. t\u00fcz\u00e9rezredben az orosz \u00e9s az olasz fronton harcolt, kit\u00fcntett\u00e9k a II. o. ez\u00fcst, a bronz v. \u00e9remmel \u00e9s a K\u00e1roly Csapatkereszttel. \u00d6n\u00e1ll\u00f3an 40 hold f\u00f6ld\u00f6n gazd\u00e1lkodott Mv.-en. A ref. egyh\u00e1z [&hellip;]<\/p>\n","protected":false},"featured_media":0,"comment_status":"open","ping_status":"closed","template":"","meta":[],"product_brand":[],"product_cat":[137],"product_tag":[],"class_list":{"0":"post-23374","1":"product","2":"type-product","3":"status-publish","5":"product_cat-maros-megyei-eletrajzi-lexikon","7":"first","8":"instock","9":"shipping-taxable","10":"product-type-simple"},"_links":{"self":[{"href":"https:\/\/uj.adatbank.ro\/lexikon\/wp-json\/wp\/v2\/product\/23374","targetHints":{"allow":["GET"]}}],"collection":[{"href":"https:\/\/uj.adatbank.ro\/lexikon\/wp-json\/wp\/v2\/product"}],"about":[{"href":"https:\/\/uj.adatbank.ro\/lexikon\/wp-json\/wp\/v2\/types\/product"}],"replies":[{"embeddable":true,"href":"https:\/\/uj.adatbank.ro\/lexikon\/wp-json\/wp\/v2\/comments?post=23374"}],"wp:attachment":[{"href":"https:\/\/uj.adatbank.ro\/lexikon\/wp-json\/wp\/v2\/media?parent=23374"}],"wp:term":[{"taxonomy":"product_brand","embeddable":true,"href":"https:\/\/uj.adatbank.ro\/lexikon\/wp-json\/wp\/v2\/product_brand?post=23374"},{"taxonomy":"product_cat","embeddable":true,"href":"https:\/\/uj.adatbank.ro\/lexikon\/wp-json\/wp\/v2\/product_cat?post=23374"},{"taxonomy":"product_tag","embeddable":true,"href":"https:\/\/uj.adatbank.ro\/lexikon\/wp-json\/wp\/v2\/product_tag?post=23374"}],"curies":[{"name":"wp","href":"https:\/\/api.w.org\/{rel}","templated":true}]}}

<p>Mv., 1893., † ?: gazdálkodó. – Iskolái elvégzése után a szülői háznál tanult gazdálkodni. Az első vh.-ban a 9. h. huszárezredben, majd az 5, h. tüzérezredben az orosz és az olasz fronton harcolt, kitüntették a II. o. ezüst, a bronz v. éremmel és a Károly Csapatkereszttel. Önállóan 40 hold földön gazdálkodott Mv.-en. A ref. egyház presbitere, a z Első Szántó Társulat elnöke, a mv.-i Gazdakör elnöke (1932–), a MP belső tanácsának és intézőbizottságának tagja volt. A M. Rendfenntartó Bizottság tagja (1940. aug.). <br /><strong>– Irod.:</strong> Berekméri 2015; Székelyföld í. K.; Visnai.</br></p>

<p>Mv., 1893., † ?: gazdálkodó. – Iskolái elvégzése után a szülői háznál tanult gazdálkodni. Az első vh.-ban a 9. h. huszárezredben, majd az 5, h. tüzérezredben az orosz és az olasz fronton harcolt, kitüntették a II. o. ezüst, a bronz v. éremmel és a Károly Csapatkereszttel. Önállóan 40 hold földön gazdálkodott Mv.-en. A ref. egyház [&hellip;]</p>
