{"id":23375,"date":"2025-08-01T17:24:55","date_gmt":"2025-08-01T15:24:55","guid":{"rendered":"https:\/\/uj.adatbank.ro\/lexikon\/termek\/tordai-istvan\/"},"modified":"2025-08-01T17:24:55","modified_gmt":"2025-08-01T15:24:55","slug":"tordai-istvan","status":"publish","type":"product","link":"https:\/\/uj.adatbank.ro\/lexikon\/termek\/tordai-istvan\/","title":{"rendered":"TORDAI Istv\u00e1n"},"content":{"rendered":"<p>Mv., 1894., \u2020 ?: gazd\u00e1lkod\u00f3. \u2013 A sz\u00fcl\u0151i h\u00e1zn\u00e1l kezdett gazd\u00e1lkodni, majd \u00f6n\u00e1ll\u00f3 lett (1921). Az els\u0151 vh.-ban a 62. k. gy. ezr.-ben az orosz \u00e9s az olasz fronton harcolt, olasz fogs\u00e1gba ker\u00fclt. A Gazdak\u00f6r, a MP tagja, a kult\u00farint\u00e9zm\u00e9nyek t\u00e1mogat\u00f3ja volt. <br \/><strong>\u2013 Irod.:<\/strong> Sz\u00e9kelyf\u00f6ld \u00ed. k.<\/br><\/p>\n","protected":false},"excerpt":{"rendered":"<p>Mv., 1894., \u2020 ?: gazd\u00e1lkod\u00f3. \u2013 A sz\u00fcl\u0151i h\u00e1zn\u00e1l kezdett gazd\u00e1lkodni, majd \u00f6n\u00e1ll\u00f3 lett (1921). Az els\u0151 vh.-ban a 62. k. gy. ezr.-ben az orosz \u00e9s az olasz fronton harcolt, olasz fogs\u00e1gba ker\u00fclt. A Gazdak\u00f6r, a MP tagja, a kult\u00farint\u00e9zm\u00e9nyek t\u00e1mogat\u00f3ja volt. \u2013 Irod.: Sz\u00e9kelyf\u00f6ld \u00ed. k.<\/p>\n","protected":false},"featured_media":0,"comment_status":"open","ping_status":"closed","template":"","meta":[],"product_brand":[],"product_cat":[137],"product_tag":[],"class_list":{"0":"post-23375","1":"product","2":"type-product","3":"status-publish","5":"product_cat-maros-megyei-eletrajzi-lexikon","7":"first","8":"instock","9":"shipping-taxable","10":"product-type-simple"},"_links":{"self":[{"href":"https:\/\/uj.adatbank.ro\/lexikon\/wp-json\/wp\/v2\/product\/23375","targetHints":{"allow":["GET"]}}],"collection":[{"href":"https:\/\/uj.adatbank.ro\/lexikon\/wp-json\/wp\/v2\/product"}],"about":[{"href":"https:\/\/uj.adatbank.ro\/lexikon\/wp-json\/wp\/v2\/types\/product"}],"replies":[{"embeddable":true,"href":"https:\/\/uj.adatbank.ro\/lexikon\/wp-json\/wp\/v2\/comments?post=23375"}],"wp:attachment":[{"href":"https:\/\/uj.adatbank.ro\/lexikon\/wp-json\/wp\/v2\/media?parent=23375"}],"wp:term":[{"taxonomy":"product_brand","embeddable":true,"href":"https:\/\/uj.adatbank.ro\/lexikon\/wp-json\/wp\/v2\/product_brand?post=23375"},{"taxonomy":"product_cat","embeddable":true,"href":"https:\/\/uj.adatbank.ro\/lexikon\/wp-json\/wp\/v2\/product_cat?post=23375"},{"taxonomy":"product_tag","embeddable":true,"href":"https:\/\/uj.adatbank.ro\/lexikon\/wp-json\/wp\/v2\/product_tag?post=23375"}],"curies":[{"name":"wp","href":"https:\/\/api.w.org\/{rel}","templated":true}]}}