{"id":23385,"date":"2025-08-01T17:25:21","date_gmt":"2025-08-01T15:25:21","guid":{"rendered":"https:\/\/uj.adatbank.ro\/lexikon\/termek\/tordai-mihaly\/"},"modified":"2025-08-01T17:25:21","modified_gmt":"2025-08-01T15:25:21","slug":"tordai-mihaly","status":"publish","type":"product","link":"https:\/\/uj.adatbank.ro\/lexikon\/termek\/tordai-mihaly\/","title":{"rendered":"TORDAI Mih\u00e1ly"},"content":{"rendered":"<p>Ny\u00e1r\u00e1dszentimre, 1918. \u2020 Kos\u00f3wt\u00f3l \u00e9szakkeletre: honv\u00e9d. \u2013 Anyja Szab\u00f3 Kl\u00e1ra. \u2013 A 27\/III. z\u00e1szl\u00f3alj, neh\u00e9zfegyversz\u00e1zadban honv\u00e9d. Fejs\u00e9r\u00fcl\u00e9s miatt hunyt el, temett\u00e9k Horod, templomkertbe. <br \/><strong>\u2013 Irod.:<\/strong> Berekm\u00e9ri 2015.<\/br><\/p>\n","protected":false},"excerpt":{"rendered":"<p>Ny\u00e1r\u00e1dszentimre, 1918. \u2020 Kos\u00f3wt\u00f3l \u00e9szakkeletre: honv\u00e9d. \u2013 Anyja Szab\u00f3 Kl\u00e1ra. \u2013 A 27\/III. z\u00e1szl\u00f3alj, neh\u00e9zfegyversz\u00e1zadban honv\u00e9d. Fejs\u00e9r\u00fcl\u00e9s miatt hunyt el, temett\u00e9k Horod, templomkertbe. \u2013 Irod.: Berekm\u00e9ri 2015.<\/p>\n","protected":false},"featured_media":0,"comment_status":"open","ping_status":"closed","template":"","meta":[],"product_brand":[],"product_cat":[137],"product_tag":[],"class_list":{"0":"post-23385","1":"product","2":"type-product","3":"status-publish","5":"product_cat-maros-megyei-eletrajzi-lexikon","7":"first","8":"instock","9":"shipping-taxable","10":"product-type-simple"},"_links":{"self":[{"href":"https:\/\/uj.adatbank.ro\/lexikon\/wp-json\/wp\/v2\/product\/23385","targetHints":{"allow":["GET"]}}],"collection":[{"href":"https:\/\/uj.adatbank.ro\/lexikon\/wp-json\/wp\/v2\/product"}],"about":[{"href":"https:\/\/uj.adatbank.ro\/lexikon\/wp-json\/wp\/v2\/types\/product"}],"replies":[{"embeddable":true,"href":"https:\/\/uj.adatbank.ro\/lexikon\/wp-json\/wp\/v2\/comments?post=23385"}],"wp:attachment":[{"href":"https:\/\/uj.adatbank.ro\/lexikon\/wp-json\/wp\/v2\/media?parent=23385"}],"wp:term":[{"taxonomy":"product_brand","embeddable":true,"href":"https:\/\/uj.adatbank.ro\/lexikon\/wp-json\/wp\/v2\/product_brand?post=23385"},{"taxonomy":"product_cat","embeddable":true,"href":"https:\/\/uj.adatbank.ro\/lexikon\/wp-json\/wp\/v2\/product_cat?post=23385"},{"taxonomy":"product_tag","embeddable":true,"href":"https:\/\/uj.adatbank.ro\/lexikon\/wp-json\/wp\/v2\/product_tag?post=23385"}],"curies":[{"name":"wp","href":"https:\/\/api.w.org\/{rel}","templated":true}]}}