{"id":23397,"date":"2025-08-01T17:25:56","date_gmt":"2025-08-01T15:25:56","guid":{"rendered":"https:\/\/uj.adatbank.ro\/lexikon\/termek\/torma-eva-zagoni-mikes-palne-boer-ferencne\/"},"modified":"2025-08-01T17:25:56","modified_gmt":"2025-08-01T15:25:56","slug":"torma-eva-zagoni-mikes-palne-boer-ferencne","status":"publish","type":"product","link":"https:\/\/uj.adatbank.ro\/lexikon\/termek\/torma-eva-zagoni-mikes-palne-boer-ferencne\/","title":{"rendered":"TORMA \u00c9va, Z\u00e1goni Mikes P\u00e1ln\u00e9; Bo\u00e9r Ferencn\u00e9"},"content":{"rendered":"<p>? \u2020 ?: Torma Gy\u00f6rgy \u00e9s Husz\u00e1r Borb\u00e1la le\u00e1nya. \u2013 F\u00e9rje: 1. Z\u00e1goni Mikes P\u00e1l, fi\u00fak: a bujdos\u00f3 Mikes Kelemen (1690\u20131761). Mikes Kelemen \u00e9desapj\u00e1t Fogaras v\u00e1r\u00e1ban meg\u00f6lt\u00e9k; 2. k\u00f6vesdi Bo\u00e9r Ferenc, krasznai f\u0151isp\u00e1n. Fi\u00fak: Bo\u00e9r J\u00f3zsef (1695\u20131763), aki felvette anyai nagyanyja f\u00e9rj\u00e9nek a nev\u00e9t, \u00edgy lett a k\u00f6vesdi Bo\u00e9rokb\u00f3l k\u00f6vesdi Husz\u00e1r csal\u00e1d. \u2013 Abaf\u00e1ja egy r\u00e9sze az \u0151 hozom\u00e1nya volt, \u00edgy Mikes Kelemen gyermekkori \u00e9veinek egy r\u00e9sz\u00e9t Abaf\u00e1j\u00e1n t\u00f6lt\u00f6tte. A 2. fia K\u00f6vesdi br. Husz\u00e1r J\u00f3zsef n\u00e9ven f\u0151nemesi c\u00edmet kapott III. K\u00e1roly m. kir\u00e1lyt\u00f3l (1728. j\u00fal. 7.). <br \/><strong>\u2013 Irod.:<\/strong> Abaf\u00e1ja; B\u00edr\u00f3 Don\u00e1t; Fekete; Kelemen Lajos 2006; Kornis.<\/br><\/p>\n","protected":false},"excerpt":{"rendered":"<p>? \u2020 ?: Torma Gy\u00f6rgy \u00e9s Husz\u00e1r Borb\u00e1la le\u00e1nya. \u2013 F\u00e9rje: 1. Z\u00e1goni Mikes P\u00e1l, fi\u00fak: a bujdos\u00f3 Mikes Kelemen (1690\u20131761). Mikes Kelemen \u00e9desapj\u00e1t Fogaras v\u00e1r\u00e1ban meg\u00f6lt\u00e9k; 2. k\u00f6vesdi Bo\u00e9r Ferenc, krasznai f\u0151isp\u00e1n. Fi\u00fak: Bo\u00e9r J\u00f3zsef (1695\u20131763), aki felvette anyai nagyanyja f\u00e9rj\u00e9nek a nev\u00e9t, \u00edgy lett a k\u00f6vesdi Bo\u00e9rokb\u00f3l k\u00f6vesdi Husz\u00e1r csal\u00e1d. \u2013 Abaf\u00e1ja egy [&hellip;]<\/p>\n","protected":false},"featured_media":0,"comment_status":"open","ping_status":"closed","template":"","meta":[],"product_brand":[],"product_cat":[137],"product_tag":[],"class_list":{"0":"post-23397","1":"product","2":"type-product","3":"status-publish","5":"product_cat-maros-megyei-eletrajzi-lexikon","7":"first","8":"instock","9":"shipping-taxable","10":"product-type-simple"},"_links":{"self":[{"href":"https:\/\/uj.adatbank.ro\/lexikon\/wp-json\/wp\/v2\/product\/23397","targetHints":{"allow":["GET"]}}],"collection":[{"href":"https:\/\/uj.adatbank.ro\/lexikon\/wp-json\/wp\/v2\/product"}],"about":[{"href":"https:\/\/uj.adatbank.ro\/lexikon\/wp-json\/wp\/v2\/types\/product"}],"replies":[{"embeddable":true,"href":"https:\/\/uj.adatbank.ro\/lexikon\/wp-json\/wp\/v2\/comments?post=23397"}],"wp:attachment":[{"href":"https:\/\/uj.adatbank.ro\/lexikon\/wp-json\/wp\/v2\/media?parent=23397"}],"wp:term":[{"taxonomy":"product_brand","embeddable":true,"href":"https:\/\/uj.adatbank.ro\/lexikon\/wp-json\/wp\/v2\/product_brand?post=23397"},{"taxonomy":"product_cat","embeddable":true,"href":"https:\/\/uj.adatbank.ro\/lexikon\/wp-json\/wp\/v2\/product_cat?post=23397"},{"taxonomy":"product_tag","embeddable":true,"href":"https:\/\/uj.adatbank.ro\/lexikon\/wp-json\/wp\/v2\/product_tag?post=23397"}],"curies":[{"name":"wp","href":"https:\/\/api.w.org\/{rel}","templated":true}]}}

TORMA Éva, Zágoni Mikes Pálné; Boér Ferencné

<p>? † ?: Torma György és Huszár Borbála leánya. – Férje: 1. Zágoni Mikes Pál, fiúk: a bujdosó Mikes Kelemen (1690–1761). Mikes Kelemen édesapját Fogaras várában megölték; 2. kövesdi Boér Ferenc, krasznai főispán. Fiúk: Boér József (1695–1763), aki felvette anyai nagyanyja férjének a nevét, így lett a kövesdi Boérokból kövesdi Huszár család. – Abafája egy része az ő hozománya volt, így Mikes Kelemen gyermekkori éveinek egy részét Abafáján töltötte. A 2. fia Kövesdi br. Huszár József néven főnemesi címet kapott III. Károly m. királytól (1728. júl. 7.). <br /><strong>– Irod.:</strong> Abafája; Bíró Donát; Fekete; Kelemen Lajos 2006; Kornis.</br></p>

<p>? † ?: Torma György és Huszár Borbála leánya. – Férje: 1. Zágoni Mikes Pál, fiúk: a bujdosó Mikes Kelemen (1690–1761). Mikes Kelemen édesapját Fogaras várában megölték; 2. kövesdi Boér Ferenc, krasznai főispán. Fiúk: Boér József (1695–1763), aki felvette anyai nagyanyja férjének a nevét, így lett a kövesdi Boérokból kövesdi Huszár család. – Abafája egy [&hellip;]</p>
