{"id":23398,"date":"2025-08-01T17:25:58","date_gmt":"2025-08-01T15:25:58","guid":{"rendered":"https:\/\/uj.adatbank.ro\/lexikon\/termek\/torma-janos\/"},"modified":"2025-08-01T17:25:58","modified_gmt":"2025-08-01T15:25:58","slug":"torma-janos","status":"publish","type":"product","link":"https:\/\/uj.adatbank.ro\/lexikon\/termek\/torma-janos\/","title":{"rendered":"TORMA J\u00e1nos"},"content":{"rendered":"<p>Tihany, 1855. j\u00fal. 19., \u2020 ?: \u00e1llatorvos. \u2013 \u00c1llatorvosi oklevel\u00e9t a bp.-i m. kir. \u00e1llatorvosi int\u00e9zetben szerezte meg (1883). Ezut\u00e1n a sz\u00e9kesfeh\u00e9rv\u00e1ri, majd a sepsiszentgy\u00f6rgyi m\u00e9ntelepn\u00e9l volt szolg\u00e1latt\u00e9telre beosztva. 1884. m\u00e1j. 1. kinevezt\u00e9k katonai \u00e1llatorvoss\u00e1 \u00e9s 1887. okt.-ig a sepsiszentgy\u00f6rgyi m\u00e9ntelep d\u00e9si oszt\u00e1ly\u00e1n\u00e1l m\u0171k\u00f6d\u00f6tt. Ekkor a katonai k\u00f6tel\u00e9kb\u0151l val\u00f3 elbocs\u00e1ttat\u00e1s\u00e1t k\u00e9rte \u00e9s Mv.-en v\u00e1rosi \u00e1llatorvoss\u00e1 lett. Itt azonban csak p\u00e1r h\u00e9tig maradt, mert a f\u00f6ldm\u00edvel\u00e9s-, ipar- \u00e9s kereskedelem\u00fcgyi miniszter a mez\u0151hegyesi m\u00e9nesint\u00e9zethez \u00e1llatorvosnak nevezte ki. 1890. j\u00fal-ig Mez\u0151hegyesen, 1894. j\u00fal-ig Kisb\u00e9ren, 1896. okt.-ig pedig a nagyk\u0151r\u00f6si m\u00e9ntelep b\u00e9k\u00e9s-csabai oszt\u00e1ly\u00e1n\u00e1l m\u0171k\u00f6d\u00f6tt. Ekkor a b\u00e1bolnai m\u00e9nesint\u00e9zethez helyezt\u00e9k \u00e1t, hol ez id\u0151 szerint is alkalmazva van. 1889. okt. 17. a jap\u00e1ni korm\u00e1ny \u00e1ltal B\u00e1boln\u00e1n v\u00e1s\u00e1rolt 3 darab arab teny\u00e9szm\u00e9nnek Toki\u00f3ba sz\u00e1ll\u00edt\u00e1s\u00e1val b\u00edzatv\u00e1n meg, jap\u00e1ni \u00fatj\u00e1ra indult, hova 1890. jan. 25. \u00e9rkezett; febr. 2. indult vissza \u00e9s Mez\u0151hegyesre 1890. \u00e1pr. 17. \u00e9rkezett. 1897\u20131901. \u00e9vekben is v\u00e1s\u00e1rolt m\u00e9g teny\u00e9sz\u00e1llatokat (arab lovakat \u00e9s simmenthali szarvasmarh\u00e1kat) a jap\u00e1ni korm\u00e1ny r\u00e9sz\u00e9re \u00e9s mindannyiszor Torm\u00e1t b\u00edzt\u00e1k meg az anversi kik\u00f6t\u0151ig val\u00f3 sz\u00e1ll\u00edt\u00e1ssal.  <strong>F. m..:<\/strong> Az eg\u00e9szs\u00e9ges \u00e9s beteg \u00e1llatok \u00e1pol\u00e1sa. \u00c1llatteny\u00e9szt\u0151k \u00e9s \u00e1llattart\u00f3k sz\u00e1m\u00e1ra. Bpest, 1890. \u00e9s 1892. (T\u00e1tray J\u00e1nos \u00e1llatorvossal).<\/br><\/p>\n","protected":false},"excerpt":{"rendered":"<p>Tihany, 1855. j\u00fal. 19., \u2020 ?: \u00e1llatorvos. \u2013 \u00c1llatorvosi oklevel\u00e9t a bp.-i m. kir. \u00e1llatorvosi int\u00e9zetben szerezte meg (1883). Ezut\u00e1n a sz\u00e9kesfeh\u00e9rv\u00e1ri, majd a sepsiszentgy\u00f6rgyi m\u00e9ntelepn\u00e9l volt szolg\u00e1latt\u00e9telre beosztva. 1884. m\u00e1j. 1. kinevezt\u00e9k katonai \u00e1llatorvoss\u00e1 \u00e9s 1887. okt.-ig a sepsiszentgy\u00f6rgyi m\u00e9ntelep d\u00e9si oszt\u00e1ly\u00e1n\u00e1l m\u0171k\u00f6d\u00f6tt. Ekkor a katonai k\u00f6tel\u00e9kb\u0151l val\u00f3 elbocs\u00e1ttat\u00e1s\u00e1t k\u00e9rte \u00e9s Mv.-en v\u00e1rosi \u00e1llatorvoss\u00e1 [&hellip;]<\/p>\n","protected":false},"featured_media":0,"comment_status":"open","ping_status":"closed","template":"","meta":[],"product_brand":[],"product_cat":[137],"product_tag":[],"class_list":{"0":"post-23398","1":"product","2":"type-product","3":"status-publish","5":"product_cat-maros-megyei-eletrajzi-lexikon","7":"first","8":"instock","9":"shipping-taxable","10":"product-type-simple"},"_links":{"self":[{"href":"https:\/\/uj.adatbank.ro\/lexikon\/wp-json\/wp\/v2\/product\/23398","targetHints":{"allow":["GET"]}}],"collection":[{"href":"https:\/\/uj.adatbank.ro\/lexikon\/wp-json\/wp\/v2\/product"}],"about":[{"href":"https:\/\/uj.adatbank.ro\/lexikon\/wp-json\/wp\/v2\/types\/product"}],"replies":[{"embeddable":true,"href":"https:\/\/uj.adatbank.ro\/lexikon\/wp-json\/wp\/v2\/comments?post=23398"}],"wp:attachment":[{"href":"https:\/\/uj.adatbank.ro\/lexikon\/wp-json\/wp\/v2\/media?parent=23398"}],"wp:term":[{"taxonomy":"product_brand","embeddable":true,"href":"https:\/\/uj.adatbank.ro\/lexikon\/wp-json\/wp\/v2\/product_brand?post=23398"},{"taxonomy":"product_cat","embeddable":true,"href":"https:\/\/uj.adatbank.ro\/lexikon\/wp-json\/wp\/v2\/product_cat?post=23398"},{"taxonomy":"product_tag","embeddable":true,"href":"https:\/\/uj.adatbank.ro\/lexikon\/wp-json\/wp\/v2\/product_tag?post=23398"}],"curies":[{"name":"wp","href":"https:\/\/api.w.org\/{rel}","templated":true}]}}

TORMA János

<p>Tihany, 1855. júl. 19., † ?: állatorvos. – Állatorvosi oklevelét a bp.-i m. kir. állatorvosi intézetben szerezte meg (1883). Ezután a székesfehérvári, majd a sepsiszentgyörgyi méntelepnél volt szolgálattételre beosztva. 1884. máj. 1. kinevezték katonai állatorvossá és 1887. okt.-ig a sepsiszentgyörgyi méntelep dési osztályánál működött. Ekkor a katonai kötelékből való elbocsáttatását kérte és Mv.-en városi állatorvossá lett. Itt azonban csak pár hétig maradt, mert a földmívelés-, ipar- és kereskedelemügyi miniszter a mezőhegyesi ménesintézethez állatorvosnak nevezte ki. 1890. júl-ig Mezőhegyesen, 1894. júl-ig Kisbéren, 1896. okt.-ig pedig a nagykőrösi méntelep békés-csabai osztályánál működött. Ekkor a bábolnai ménesintézethez helyezték át, hol ez idő szerint is alkalmazva van. 1889. okt. 17. a japáni kormány által Bábolnán vásárolt 3 darab arab tenyészménnek Tokióba szállításával bízatván meg, japáni útjára indult, hova 1890. jan. 25. érkezett; febr. 2. indult vissza és Mezőhegyesre 1890. ápr. 17. érkezett. 1897–1901. években is vásárolt még tenyészállatokat (arab lovakat és simmenthali szarvasmarhákat) a japáni kormány részére és mindannyiszor Tormát bízták meg az anversi kikötőig való szállítással.  <strong>F. m..:</strong> Az egészséges és beteg állatok ápolása. Állattenyésztők és állattartók számára. Bpest, 1890. és 1892. (Tátray János állatorvossal).</br></p>

<p>Tihany, 1855. júl. 19., † ?: állatorvos. – Állatorvosi oklevelét a bp.-i m. kir. állatorvosi intézetben szerezte meg (1883). Ezután a székesfehérvári, majd a sepsiszentgyörgyi méntelepnél volt szolgálattételre beosztva. 1884. máj. 1. kinevezték katonai állatorvossá és 1887. okt.-ig a sepsiszentgyörgyi méntelep dési osztályánál működött. Ekkor a katonai kötelékből való elbocsáttatását kérte és Mv.-en városi állatorvossá [&hellip;]</p>
