{"id":23400,"date":"2025-08-01T17:26:04","date_gmt":"2025-08-01T15:26:04","guid":{"rendered":"https:\/\/uj.adatbank.ro\/lexikon\/termek\/torma-jozsef-csicso-kereszturi\/"},"modified":"2025-08-01T17:26:04","modified_gmt":"2025-08-01T15:26:04","slug":"torma-jozsef-csicso-kereszturi","status":"publish","type":"product","link":"https:\/\/uj.adatbank.ro\/lexikon\/termek\/torma-jozsef-csicso-kereszturi\/","title":{"rendered":"TORMA J\u00f3zsef, csics\u00f3-kereszt\u00fari"},"content":{"rendered":"<p>D\u00e9s, 1801. m\u00e1rc. 29., \u2020 Csics\u00f3kereszt\u00far, 1861. jan. 19: megyei kir. p\u00e9nzt\u00e1rnok \u00e9s orsz\u00e1ggy\u0171l\u00e9si k\u00e9pvisel\u0151, t\u00f6rt\u00e9n\u00e9sz. \u2013 D\u00e9sen \u00e9s Kv. tanulm\u00e1nyait bev\u00e9gezv\u00e9n (1822), a hazai jogb\u00f3l letette a szigorlatot \u00e9s el\u0151bb az erd\u00e9lyi korm\u00e1nysz\u00e9kn\u00e9l, ut\u00f3bb a mv.-i kir. t\u00e1bl\u00e1n\u00e1l m\u0171k\u00f6d\u00f6tt, majd visszavonult gazd\u00e1lkodni. Bels\u0151-Szolnok v\u00e1rmegye f\u0151jegyz\u0151je (1832) \u00e9s p\u00e9nzt\u00e1rnoka lett. V\u00e1rmegy\u00e9j\u00e9t az ellenz\u00e9ki p\u00e1rton t\u00f6bb \u00edzben k\u00e9pviselte az erd\u00e9lyi orsz\u00e1ggy\u0171l\u00e9sen (1834\u201348); a pesti nemzetgy\u0171l\u00e9sen is k\u00e9pvisel\u0151 volt (1848). Csics\u00f3kereszt\u00far vid\u00e9k\u00e9n gyakran tett r\u00e9g\u00e9szeti kutat\u00e1sokat \u00e9s gyermekeivel, K\u00e1rollyal \u00e9s Zs\u00f3fi\u00e1val \u0151 kedveltette meg a r\u00e9g\u00e9szetet. Cikkei a Tudom. Gy\u0171jtem\u00e9nyben \u00e9s a Nemzeti T\u00e1rsalkod\u00f3ban. \u2013  <strong>F. m..:<\/strong> Figyelem gerjeszt\u00e9s\u00fcl Bels\u0151-Szolnok v\u00e1rmegye le\u00edr\u00e1s\u00e1r\u00f3l (Tud. Gy\u0171jt., 1830); Oklevel\u00e9szeti napt\u00e1r. (Calendarium Diplomaticum ). A k\u00f6z\u00e9pkori, f\u0151leg hazai oklevelekben el\u0151fordul\u00f3 keltek meghat\u00e1roz\u00e1s\u00e1ra dolgozva \u00e9s \u00f6ssze\u00e1ll\u00edtva. A szerz\u0151 hal\u00e1la ut\u00e1n kiadta Torma K\u00e1roly. (Kv, 1879. (1852. \u00edrta fia sz\u00e1m\u00e1ra, Weldenbach \u00e9s Grotefend munk\u00e1it megel\u0151zve.). K\u00e9ziratban: Bels\u0151-Szolnok v\u00e1rmegye t\u00f6rt\u00e9nete; Geneal\u00f3giai t\u00e1bl\u00e1k, k\u00e9t k\u00f6tet, \u00e9s Historico-diplomatikai lexikon. <br \/><strong>\u2013 Irod.:<\/strong> Szinnyei, \u00daM\u00c9L.<\/br><\/p>\n","protected":false},"excerpt":{"rendered":"<p>D\u00e9s, 1801. m\u00e1rc. 29., \u2020 Csics\u00f3kereszt\u00far, 1861. jan. 19: megyei kir. p\u00e9nzt\u00e1rnok \u00e9s orsz\u00e1ggy\u0171l\u00e9si k\u00e9pvisel\u0151, t\u00f6rt\u00e9n\u00e9sz. \u2013 D\u00e9sen \u00e9s Kv. tanulm\u00e1nyait bev\u00e9gezv\u00e9n (1822), a hazai jogb\u00f3l letette a szigorlatot \u00e9s el\u0151bb az erd\u00e9lyi korm\u00e1nysz\u00e9kn\u00e9l, ut\u00f3bb a mv.-i kir. t\u00e1bl\u00e1n\u00e1l m\u0171k\u00f6d\u00f6tt, majd visszavonult gazd\u00e1lkodni. Bels\u0151-Szolnok v\u00e1rmegye f\u0151jegyz\u0151je (1832) \u00e9s p\u00e9nzt\u00e1rnoka lett. V\u00e1rmegy\u00e9j\u00e9t az ellenz\u00e9ki p\u00e1rton t\u00f6bb [&hellip;]<\/p>\n","protected":false},"featured_media":0,"comment_status":"open","ping_status":"closed","template":"","meta":[],"product_brand":[],"product_cat":[137],"product_tag":[],"class_list":{"0":"post-23400","1":"product","2":"type-product","3":"status-publish","5":"product_cat-maros-megyei-eletrajzi-lexikon","7":"first","8":"instock","9":"shipping-taxable","10":"product-type-simple"},"_links":{"self":[{"href":"https:\/\/uj.adatbank.ro\/lexikon\/wp-json\/wp\/v2\/product\/23400","targetHints":{"allow":["GET"]}}],"collection":[{"href":"https:\/\/uj.adatbank.ro\/lexikon\/wp-json\/wp\/v2\/product"}],"about":[{"href":"https:\/\/uj.adatbank.ro\/lexikon\/wp-json\/wp\/v2\/types\/product"}],"replies":[{"embeddable":true,"href":"https:\/\/uj.adatbank.ro\/lexikon\/wp-json\/wp\/v2\/comments?post=23400"}],"wp:attachment":[{"href":"https:\/\/uj.adatbank.ro\/lexikon\/wp-json\/wp\/v2\/media?parent=23400"}],"wp:term":[{"taxonomy":"product_brand","embeddable":true,"href":"https:\/\/uj.adatbank.ro\/lexikon\/wp-json\/wp\/v2\/product_brand?post=23400"},{"taxonomy":"product_cat","embeddable":true,"href":"https:\/\/uj.adatbank.ro\/lexikon\/wp-json\/wp\/v2\/product_cat?post=23400"},{"taxonomy":"product_tag","embeddable":true,"href":"https:\/\/uj.adatbank.ro\/lexikon\/wp-json\/wp\/v2\/product_tag?post=23400"}],"curies":[{"name":"wp","href":"https:\/\/api.w.org\/{rel}","templated":true}]}}

TORMA József, csicsó-keresztúri

<p>Dés, 1801. márc. 29., † Csicsókeresztúr, 1861. jan. 19: megyei kir. pénztárnok és országgyűlési képviselő, történész. – Désen és Kv. tanulmányait bevégezvén (1822), a hazai jogból letette a szigorlatot és előbb az erdélyi kormányszéknél, utóbb a mv.-i kir. táblánál működött, majd visszavonult gazdálkodni. Belső-Szolnok vármegye főjegyzője (1832) és pénztárnoka lett. Vármegyéjét az ellenzéki párton több ízben képviselte az erdélyi országgyűlésen (1834–48); a pesti nemzetgyűlésen is képviselő volt (1848). Csicsókeresztúr vidékén gyakran tett régészeti kutatásokat és gyermekeivel, Károllyal és Zsófiával ő kedveltette meg a régészetet. Cikkei a Tudom. Gyűjteményben és a Nemzeti Társalkodóban. –  <strong>F. m..:</strong> Figyelem gerjesztésül Belső-Szolnok vármegye leírásáról (Tud. Gyűjt., 1830); Oklevelészeti naptár. (Calendarium Diplomaticum ). A középkori, főleg hazai oklevelekben előforduló keltek meghatározására dolgozva és összeállítva. A szerző halála után kiadta Torma Károly. (Kv, 1879. (1852. írta fia számára, Weldenbach és Grotefend munkáit megelőzve.). Kéziratban: Belső-Szolnok vármegye története; Genealógiai táblák, két kötet, és Historico-diplomatikai lexikon. <br /><strong>– Irod.:</strong> Szinnyei, ÚMÉL.</br></p>

<p>Dés, 1801. márc. 29., † Csicsókeresztúr, 1861. jan. 19: megyei kir. pénztárnok és országgyűlési képviselő, történész. – Désen és Kv. tanulmányait bevégezvén (1822), a hazai jogból letette a szigorlatot és előbb az erdélyi kormányszéknél, utóbb a mv.-i kir. táblánál működött, majd visszavonult gazdálkodni. Belső-Szolnok vármegye főjegyzője (1832) és pénztárnoka lett. Vármegyéjét az ellenzéki párton több [&hellip;]</p>
