{"id":23404,"date":"2025-08-01T17:26:11","date_gmt":"2025-08-01T15:26:11","guid":{"rendered":"https:\/\/uj.adatbank.ro\/lexikon\/termek\/torma-miklos-csicsokereszturi\/"},"modified":"2025-08-01T17:26:11","modified_gmt":"2025-08-01T15:26:11","slug":"torma-miklos-csicsokereszturi","status":"publish","type":"product","link":"https:\/\/uj.adatbank.ro\/lexikon\/termek\/torma-miklos-csicsokereszturi\/","title":{"rendered":"TORMA Mikl\u00f3s, csics\u00f3kereszt\u00fari"},"content":{"rendered":"<p>D\u00e9va, 1902. nov. 5., \u2020 Mv., 1954, dec. 24: f\u00f6ldbirtokos. \u2013 Feles\u00e9ge: 1. gr. Teleki Margit (1924\u201336), volt B\u00e1nffy Dezs\u0151n\u00e9. Fiaik: Mikl\u00f3s \u00e9s G\u00e1bor.; 2. ? Lucy. \u2013 Bihar tartom\u00e1nyi vagyon\u00e1t\u00f3l megfosztott f\u00f6ldbirtokos. Mv.-en volt a k\u00e9nyszerlakhelye (1949. m\u00e1rc.\u2013), kert\u00e9sz \u00e9s a feles\u00e9g\u00e9vel (Lucy) a pl\u00e9b\u00e1niatemplom harangoz\u00f3ja. A securitate megfigyel\u00e9se alatt volt (1951\u2013), mint a r. k. vonalon m\u0171k\u00f6d\u0151 volt f\u00f6ldbirtokosok vezet\u0151je, szerint\u00fck a csoportj\u00e1ba tartoztak: Szentkir\u00e1lyi Gyula, Keltz Simon, Pika Mikl\u00f3s, Cz\u00e1r\u00e1n Viktor. <br \/><strong>\u2013 Irod.:<\/strong> Bartos 2012; Gudenus; Mik\u00f3.<\/br><\/p>\n","protected":false},"excerpt":{"rendered":"<p>D\u00e9va, 1902. nov. 5., \u2020 Mv., 1954, dec. 24: f\u00f6ldbirtokos. \u2013 Feles\u00e9ge: 1. gr. Teleki Margit (1924\u201336), volt B\u00e1nffy Dezs\u0151n\u00e9. Fiaik: Mikl\u00f3s \u00e9s G\u00e1bor.; 2. ? Lucy. \u2013 Bihar tartom\u00e1nyi vagyon\u00e1t\u00f3l megfosztott f\u00f6ldbirtokos. Mv.-en volt a k\u00e9nyszerlakhelye (1949. m\u00e1rc.\u2013), kert\u00e9sz \u00e9s a feles\u00e9g\u00e9vel (Lucy) a pl\u00e9b\u00e1niatemplom harangoz\u00f3ja. A securitate megfigyel\u00e9se alatt volt (1951\u2013), mint a [&hellip;]<\/p>\n","protected":false},"featured_media":0,"comment_status":"open","ping_status":"closed","template":"","meta":[],"product_brand":[],"product_cat":[137],"product_tag":[],"class_list":{"0":"post-23404","1":"product","2":"type-product","3":"status-publish","5":"product_cat-maros-megyei-eletrajzi-lexikon","7":"first","8":"instock","9":"shipping-taxable","10":"product-type-simple"},"_links":{"self":[{"href":"https:\/\/uj.adatbank.ro\/lexikon\/wp-json\/wp\/v2\/product\/23404","targetHints":{"allow":["GET"]}}],"collection":[{"href":"https:\/\/uj.adatbank.ro\/lexikon\/wp-json\/wp\/v2\/product"}],"about":[{"href":"https:\/\/uj.adatbank.ro\/lexikon\/wp-json\/wp\/v2\/types\/product"}],"replies":[{"embeddable":true,"href":"https:\/\/uj.adatbank.ro\/lexikon\/wp-json\/wp\/v2\/comments?post=23404"}],"wp:attachment":[{"href":"https:\/\/uj.adatbank.ro\/lexikon\/wp-json\/wp\/v2\/media?parent=23404"}],"wp:term":[{"taxonomy":"product_brand","embeddable":true,"href":"https:\/\/uj.adatbank.ro\/lexikon\/wp-json\/wp\/v2\/product_brand?post=23404"},{"taxonomy":"product_cat","embeddable":true,"href":"https:\/\/uj.adatbank.ro\/lexikon\/wp-json\/wp\/v2\/product_cat?post=23404"},{"taxonomy":"product_tag","embeddable":true,"href":"https:\/\/uj.adatbank.ro\/lexikon\/wp-json\/wp\/v2\/product_tag?post=23404"}],"curies":[{"name":"wp","href":"https:\/\/api.w.org\/{rel}","templated":true}]}}

TORMA Miklós, csicsókeresztúri

<p>Déva, 1902. nov. 5., † Mv., 1954, dec. 24: földbirtokos. – Felesége: 1. gr. Teleki Margit (1924–36), volt Bánffy Dezsőné. Fiaik: Miklós és Gábor.; 2. ? Lucy. – Bihar tartományi vagyonától megfosztott földbirtokos. Mv.-en volt a kényszerlakhelye (1949. márc.–), kertész és a feleségével (Lucy) a plébániatemplom harangozója. A securitate megfigyelése alatt volt (1951–), mint a r. k. vonalon működő volt földbirtokosok vezetője, szerintük a csoportjába tartoztak: Szentkirályi Gyula, Keltz Simon, Pika Miklós, Czárán Viktor. <br /><strong>– Irod.:</strong> Bartos 2012; Gudenus; Mikó.</br></p>

<p>Déva, 1902. nov. 5., † Mv., 1954, dec. 24: földbirtokos. – Felesége: 1. gr. Teleki Margit (1924–36), volt Bánffy Dezsőné. Fiaik: Miklós és Gábor.; 2. ? Lucy. – Bihar tartományi vagyonától megfosztott földbirtokos. Mv.-en volt a kényszerlakhelye (1949. márc.–), kertész és a feleségével (Lucy) a plébániatemplom harangozója. A securitate megfigyelése alatt volt (1951–), mint a [&hellip;]</p>
