{"id":23405,"date":"2025-08-01T17:26:14","date_gmt":"2025-08-01T15:26:14","guid":{"rendered":"https:\/\/uj.adatbank.ro\/lexikon\/termek\/torma-miklos-csicsokereszturi-2\/"},"modified":"2025-08-01T17:26:14","modified_gmt":"2025-08-01T15:26:14","slug":"torma-miklos-csicsokereszturi-2","status":"publish","type":"product","link":"https:\/\/uj.adatbank.ro\/lexikon\/termek\/torma-miklos-csicsokereszturi-2\/","title":{"rendered":"TORMA Mikl\u00f3s, csics\u00f3kereszt\u00fari"},"content":{"rendered":"<p>Szatm\u00e1rn\u00e9meti, 1930. j\u00fan. 10., \u2020 Mv., 2005. dec. 6.: technikus. \u2013 Csics\u00f3kereszt\u00faron a csal\u00e1d \u0151si birtok\u00e1n j\u00e1rt elemi iskol\u00e1ba, majd D\u00e9sen tanult. A h\u00e1bor\u00fa v\u00e9g\u00e9n a csal\u00e1d a Dun\u00e1nt\u00falra menek\u00fclt, visszat\u00e9rve (1945), a csics\u00f3kereszt\u00fari k\u00fari\u00e1t feld\u00falva tal\u00e1lt\u00e1k, Fel\u0151rbe k\u00f6lt\u00f6ztek, majd vissza \u00e9s innen ker\u00fcltek k\u00e9nyszerlakhelyre Mv.-re (1949. m\u00e1rc. 3.). D\u00e9sen \u00e9retts\u00e9gizett (1949). Helyettes tan\u00e1rk\u00e9n dolgozott t\u00f6bb helyen Beszterce-Nasz\u00f3d megy\u00e9ben (1951-ig), munkaszolg\u00e1latra vitt\u00e9k (1951\u201354), elv\u00e9gzett 3 \u00e9ves posztlice\u00e1lis fels\u0151fok\u00fa f\u00e9mipari technikumot (1972\u201374), Mv.-en a F\u00e9mipari Iskola termel\u0151i r\u00e9szleg\u00e9n\u00e9l alkalmazt\u00e1k (1954\u2013), f\u0151technikus, m\u0171helyf\u0151n\u00f6k, oszt\u00e1lyvezet\u0151 lett. Az erd\u00e9lyi m. csal\u00e1dok egyes\u00fclete, a Castellum Alap\u00edtv\u00e1ny kezdem\u00e9nyez\u0151je Papp L\u00e1szl\u00f3 tisztelend\u0151, \u0151 a kivitelez\u0151je \u00e9s aleln\u00f6ke volt. <br \/><strong>\u2013 Irod.:<\/strong> Castellum \u00c9rtes\u00edt\u0151, 1. sz., 2006. nov.; Kr\u00f3nika, 2005. nov. 30.<\/br><\/p>\n","protected":false},"excerpt":{"rendered":"<p>Szatm\u00e1rn\u00e9meti, 1930. j\u00fan. 10., \u2020 Mv., 2005. dec. 6.: technikus. \u2013 Csics\u00f3kereszt\u00faron a csal\u00e1d \u0151si birtok\u00e1n j\u00e1rt elemi iskol\u00e1ba, majd D\u00e9sen tanult. A h\u00e1bor\u00fa v\u00e9g\u00e9n a csal\u00e1d a Dun\u00e1nt\u00falra menek\u00fclt, visszat\u00e9rve (1945), a csics\u00f3kereszt\u00fari k\u00fari\u00e1t feld\u00falva tal\u00e1lt\u00e1k, Fel\u0151rbe k\u00f6lt\u00f6ztek, majd vissza \u00e9s innen ker\u00fcltek k\u00e9nyszerlakhelyre Mv.-re (1949. m\u00e1rc. 3.). D\u00e9sen \u00e9retts\u00e9gizett (1949). Helyettes tan\u00e1rk\u00e9n dolgozott [&hellip;]<\/p>\n","protected":false},"featured_media":0,"comment_status":"open","ping_status":"closed","template":"","meta":[],"product_brand":[],"product_cat":[137],"product_tag":[],"class_list":{"0":"post-23405","1":"product","2":"type-product","3":"status-publish","5":"product_cat-maros-megyei-eletrajzi-lexikon","7":"first","8":"instock","9":"shipping-taxable","10":"product-type-simple"},"_links":{"self":[{"href":"https:\/\/uj.adatbank.ro\/lexikon\/wp-json\/wp\/v2\/product\/23405","targetHints":{"allow":["GET"]}}],"collection":[{"href":"https:\/\/uj.adatbank.ro\/lexikon\/wp-json\/wp\/v2\/product"}],"about":[{"href":"https:\/\/uj.adatbank.ro\/lexikon\/wp-json\/wp\/v2\/types\/product"}],"replies":[{"embeddable":true,"href":"https:\/\/uj.adatbank.ro\/lexikon\/wp-json\/wp\/v2\/comments?post=23405"}],"wp:attachment":[{"href":"https:\/\/uj.adatbank.ro\/lexikon\/wp-json\/wp\/v2\/media?parent=23405"}],"wp:term":[{"taxonomy":"product_brand","embeddable":true,"href":"https:\/\/uj.adatbank.ro\/lexikon\/wp-json\/wp\/v2\/product_brand?post=23405"},{"taxonomy":"product_cat","embeddable":true,"href":"https:\/\/uj.adatbank.ro\/lexikon\/wp-json\/wp\/v2\/product_cat?post=23405"},{"taxonomy":"product_tag","embeddable":true,"href":"https:\/\/uj.adatbank.ro\/lexikon\/wp-json\/wp\/v2\/product_tag?post=23405"}],"curies":[{"name":"wp","href":"https:\/\/api.w.org\/{rel}","templated":true}]}}

TORMA Miklós, csicsókeresztúri

<p>Szatmárnémeti, 1930. jún. 10., † Mv., 2005. dec. 6.: technikus. – Csicsókeresztúron a család ősi birtokán járt elemi iskolába, majd Désen tanult. A háború végén a család a Dunántúlra menekült, visszatérve (1945), a csicsókeresztúri kúriát feldúlva találták, Felőrbe költöztek, majd vissza és innen kerültek kényszerlakhelyre Mv.-re (1949. márc. 3.). Désen érettségizett (1949). Helyettes tanárkén dolgozott több helyen Beszterce-Naszód megyében (1951-ig), munkaszolgálatra vitték (1951–54), elvégzett 3 éves posztliceális felsőfokú fémipari technikumot (1972–74), Mv.-en a Fémipari Iskola termelői részlegénél alkalmazták (1954–), főtechnikus, műhelyfőnök, osztályvezető lett. Az erdélyi m. családok egyesülete, a Castellum Alapítvány kezdeményezője Papp László tisztelendő, ő a kivitelezője és alelnöke volt. <br /><strong>– Irod.:</strong> Castellum Értesítő, 1. sz., 2006. nov.; Krónika, 2005. nov. 30.</br></p>

<p>Szatmárnémeti, 1930. jún. 10., † Mv., 2005. dec. 6.: technikus. – Csicsókeresztúron a család ősi birtokán járt elemi iskolába, majd Désen tanult. A háború végén a család a Dunántúlra menekült, visszatérve (1945), a csicsókeresztúri kúriát feldúlva találták, Felőrbe költöztek, majd vissza és innen kerültek kényszerlakhelyre Mv.-re (1949. márc. 3.). Désen érettségizett (1949). Helyettes tanárkén dolgozott [&hellip;]</p>
