{"id":23408,"date":"2025-08-01T17:26:19","date_gmt":"2025-08-01T15:26:19","guid":{"rendered":"https:\/\/uj.adatbank.ro\/lexikon\/termek\/toro-gyula\/"},"modified":"2025-08-01T17:26:19","modified_gmt":"2025-08-01T15:26:19","slug":"toro-gyula","status":"publish","type":"product","link":"https:\/\/uj.adatbank.ro\/lexikon\/termek\/toro-gyula\/","title":{"rendered":"TOR\u00d3 Gyula"},"content":{"rendered":"<p>K\u00e1ny\u00e1d, 1898., \u2020 1967: ref. lelk\u00e9sz. \u2013 Feles\u00e9ge: T\u00f3th Erzs\u00e9bet (1901\u20131968). \u2013 Tanulm\u00e1nyait Sz\u00e9kelyudvarhelyen \u00e9s Kv.-on v\u00e9gezte, papp\u00e1 szentelt\u00e9k (1923). Mv.-en kezdte m\u0171k\u00f6d\u00e9s\u00e9t (1921\u2013), majd Marosfelfaluba ment mint rendes lelk\u00e9sz. A ref. egyh\u00e1zi zenekar eln\u00f6ke, minden kultur\u00e1lis, szoci\u00e1lis, t\u00e1rsadalmi egyes\u00fclet vezet\u0151s\u00e9gi tagja volt. Az els\u0151 vh.-ban mint \u00f6nk\u00e9ntes szakaszvezet\u0151 az orosz fronton harcolt. A MP tagja volt. Aut\u00f3baleset \u00e1ldozata lett. <br \/><strong>\u2013 Irod.:<\/strong> Cs\u00e1ky; Sz\u00e9kelyf\u00f6ld \u00ed. k.<\/br><\/p>\n","protected":false},"excerpt":{"rendered":"<p>K\u00e1ny\u00e1d, 1898., \u2020 1967: ref. lelk\u00e9sz. \u2013 Feles\u00e9ge: T\u00f3th Erzs\u00e9bet (1901\u20131968). \u2013 Tanulm\u00e1nyait Sz\u00e9kelyudvarhelyen \u00e9s Kv.-on v\u00e9gezte, papp\u00e1 szentelt\u00e9k (1923). Mv.-en kezdte m\u0171k\u00f6d\u00e9s\u00e9t (1921\u2013), majd Marosfelfaluba ment mint rendes lelk\u00e9sz. A ref. egyh\u00e1zi zenekar eln\u00f6ke, minden kultur\u00e1lis, szoci\u00e1lis, t\u00e1rsadalmi egyes\u00fclet vezet\u0151s\u00e9gi tagja volt. Az els\u0151 vh.-ban mint \u00f6nk\u00e9ntes szakaszvezet\u0151 az orosz fronton harcolt. A MP [&hellip;]<\/p>\n","protected":false},"featured_media":0,"comment_status":"open","ping_status":"closed","template":"","meta":[],"product_brand":[],"product_cat":[137],"product_tag":[],"class_list":{"0":"post-23408","1":"product","2":"type-product","3":"status-publish","5":"product_cat-maros-megyei-eletrajzi-lexikon","7":"first","8":"instock","9":"shipping-taxable","10":"product-type-simple"},"_links":{"self":[{"href":"https:\/\/uj.adatbank.ro\/lexikon\/wp-json\/wp\/v2\/product\/23408","targetHints":{"allow":["GET"]}}],"collection":[{"href":"https:\/\/uj.adatbank.ro\/lexikon\/wp-json\/wp\/v2\/product"}],"about":[{"href":"https:\/\/uj.adatbank.ro\/lexikon\/wp-json\/wp\/v2\/types\/product"}],"replies":[{"embeddable":true,"href":"https:\/\/uj.adatbank.ro\/lexikon\/wp-json\/wp\/v2\/comments?post=23408"}],"wp:attachment":[{"href":"https:\/\/uj.adatbank.ro\/lexikon\/wp-json\/wp\/v2\/media?parent=23408"}],"wp:term":[{"taxonomy":"product_brand","embeddable":true,"href":"https:\/\/uj.adatbank.ro\/lexikon\/wp-json\/wp\/v2\/product_brand?post=23408"},{"taxonomy":"product_cat","embeddable":true,"href":"https:\/\/uj.adatbank.ro\/lexikon\/wp-json\/wp\/v2\/product_cat?post=23408"},{"taxonomy":"product_tag","embeddable":true,"href":"https:\/\/uj.adatbank.ro\/lexikon\/wp-json\/wp\/v2\/product_tag?post=23408"}],"curies":[{"name":"wp","href":"https:\/\/api.w.org\/{rel}","templated":true}]}}

TORÓ Gyula

<p>Kányád, 1898., † 1967: ref. lelkész. – Felesége: Tóth Erzsébet (1901–1968). – Tanulmányait Székelyudvarhelyen és Kv.-on végezte, pappá szentelték (1923). Mv.-en kezdte működését (1921–), majd Marosfelfaluba ment mint rendes lelkész. A ref. egyházi zenekar elnöke, minden kulturális, szociális, társadalmi egyesület vezetőségi tagja volt. Az első vh.-ban mint önkéntes szakaszvezető az orosz fronton harcolt. A MP tagja volt. Autóbaleset áldozata lett. <br /><strong>– Irod.:</strong> Csáky; Székelyföld í. k.</br></p>

<p>Kányád, 1898., † 1967: ref. lelkész. – Felesége: Tóth Erzsébet (1901–1968). – Tanulmányait Székelyudvarhelyen és Kv.-on végezte, pappá szentelték (1923). Mv.-en kezdte működését (1921–), majd Marosfelfaluba ment mint rendes lelkész. A ref. egyházi zenekar elnöke, minden kulturális, szociális, társadalmi egyesület vezetőségi tagja volt. Az első vh.-ban mint önkéntes szakaszvezető az orosz fronton harcolt. A MP [&hellip;]</p>
