{"id":23418,"date":"2025-08-01T17:26:42","date_gmt":"2025-08-01T15:26:42","guid":{"rendered":"https:\/\/uj.adatbank.ro\/lexikon\/termek\/toroczkai-klara-kemeny-peterne\/"},"modified":"2025-08-01T17:26:42","modified_gmt":"2025-08-01T15:26:42","slug":"toroczkai-klara-kemeny-peterne","status":"publish","type":"product","link":"https:\/\/uj.adatbank.ro\/lexikon\/termek\/toroczkai-klara-kemeny-peterne\/","title":{"rendered":"TOROCZKAI Kl\u00e1ra, Kem\u00e9ny P\u00e9tern\u00e9"},"content":{"rendered":"<p>? \u2020 Magyarb\u00fckk\u00f6s, 1677. nov. 9. temet\u00e9se: birtokos. \u2013 F\u00e9rje Kem\u00e9ny P\u00e9ter. Fi\u00fak: J\u00e1nos (\u2020 Kv., 1685. j\u00fan. 27). B\u00fckk\u00f6s\u00f6n gyermekei nevel\u0151je Szentm\u00e1rtoni V\u00e9gh Istv\u00e1n volt (1664. aug. 23.\u2013), akit a kv.-i unit. iskola tan\u00e1r\u00e1nak h\u00edvt\u00e1k meg. Hal\u00e1la ut\u00e1n unit. pr\u00e9dik\u00e1tornak Ny\u00e1r\u00e1dszentm\u00e1rtoni Istv\u00e1nt alkalmazt\u00e1k (1677. dec. 21.\u2013). <br \/><strong>\u2013 Irod.:<\/strong> Nagysolymosi Koncz Boldizs\u00e1r: Halotti besz\u00e9d T. K. (Kem\u00e9ny P\u00e9ter feles\u00e9ge) f\u00f6l\u00f6tt = K\u00e9nosi\u2013Uzoni 2.<\/br><\/p>\n","protected":false},"excerpt":{"rendered":"<p>? \u2020 Magyarb\u00fckk\u00f6s, 1677. nov. 9. temet\u00e9se: birtokos. \u2013 F\u00e9rje Kem\u00e9ny P\u00e9ter. Fi\u00fak: J\u00e1nos (\u2020 Kv., 1685. j\u00fan. 27). B\u00fckk\u00f6s\u00f6n gyermekei nevel\u0151je Szentm\u00e1rtoni V\u00e9gh Istv\u00e1n volt (1664. aug. 23.\u2013), akit a kv.-i unit. iskola tan\u00e1r\u00e1nak h\u00edvt\u00e1k meg. Hal\u00e1la ut\u00e1n unit. pr\u00e9dik\u00e1tornak Ny\u00e1r\u00e1dszentm\u00e1rtoni Istv\u00e1nt alkalmazt\u00e1k (1677. dec. 21.\u2013). \u2013 Irod.: Nagysolymosi Koncz Boldizs\u00e1r: Halotti besz\u00e9d T. [&hellip;]<\/p>\n","protected":false},"featured_media":0,"comment_status":"open","ping_status":"closed","template":"","meta":[],"product_brand":[],"product_cat":[137],"product_tag":[],"class_list":{"0":"post-23418","1":"product","2":"type-product","3":"status-publish","5":"product_cat-maros-megyei-eletrajzi-lexikon","7":"first","8":"instock","9":"shipping-taxable","10":"product-type-simple"},"_links":{"self":[{"href":"https:\/\/uj.adatbank.ro\/lexikon\/wp-json\/wp\/v2\/product\/23418","targetHints":{"allow":["GET"]}}],"collection":[{"href":"https:\/\/uj.adatbank.ro\/lexikon\/wp-json\/wp\/v2\/product"}],"about":[{"href":"https:\/\/uj.adatbank.ro\/lexikon\/wp-json\/wp\/v2\/types\/product"}],"replies":[{"embeddable":true,"href":"https:\/\/uj.adatbank.ro\/lexikon\/wp-json\/wp\/v2\/comments?post=23418"}],"wp:attachment":[{"href":"https:\/\/uj.adatbank.ro\/lexikon\/wp-json\/wp\/v2\/media?parent=23418"}],"wp:term":[{"taxonomy":"product_brand","embeddable":true,"href":"https:\/\/uj.adatbank.ro\/lexikon\/wp-json\/wp\/v2\/product_brand?post=23418"},{"taxonomy":"product_cat","embeddable":true,"href":"https:\/\/uj.adatbank.ro\/lexikon\/wp-json\/wp\/v2\/product_cat?post=23418"},{"taxonomy":"product_tag","embeddable":true,"href":"https:\/\/uj.adatbank.ro\/lexikon\/wp-json\/wp\/v2\/product_tag?post=23418"}],"curies":[{"name":"wp","href":"https:\/\/api.w.org\/{rel}","templated":true}]}}

TOROCZKAI Klára, Kemény Péterné

<p>? † Magyarbükkös, 1677. nov. 9. temetése: birtokos. – Férje Kemény Péter. Fiúk: János († Kv., 1685. jún. 27). Bükkösön gyermekei nevelője Szentmártoni Végh István volt (1664. aug. 23.–), akit a kv.-i unit. iskola tanárának hívták meg. Halála után unit. prédikátornak Nyárádszentmártoni Istvánt alkalmazták (1677. dec. 21.–). <br /><strong>– Irod.:</strong> Nagysolymosi Koncz Boldizsár: Halotti beszéd T. K. (Kemény Péter felesége) fölött = Kénosi–Uzoni 2.</br></p>

<p>? † Magyarbükkös, 1677. nov. 9. temetése: birtokos. – Férje Kemény Péter. Fiúk: János († Kv., 1685. jún. 27). Bükkösön gyermekei nevelője Szentmártoni Végh István volt (1664. aug. 23.–), akit a kv.-i unit. iskola tanárának hívták meg. Halála után unit. prédikátornak Nyárádszentmártoni Istvánt alkalmazták (1677. dec. 21.–). – Irod.: Nagysolymosi Koncz Boldizsár: Halotti beszéd T. [&hellip;]</p>
