{"id":23420,"date":"2025-08-01T17:26:49","date_gmt":"2025-08-01T15:26:49","guid":{"rendered":"https:\/\/uj.adatbank.ro\/lexikon\/termek\/toroczkai-mate-thoroczkai-torzkai-thoroczkay-t-kovacs-otvos\/"},"modified":"2025-08-01T17:26:49","modified_gmt":"2025-08-01T15:26:49","slug":"toroczkai-mate-thoroczkai-torzkai-thoroczkay-t-kovacs-otvos","status":"publish","type":"product","link":"https:\/\/uj.adatbank.ro\/lexikon\/termek\/toroczkai-mate-thoroczkai-torzkai-thoroczkay-t-kovacs-otvos\/","title":{"rendered":"TOROCZKAI M\u00e1t\u00e9; Thoroczkai; Torzkai; Thoroczkay; T. Kov\u00e1cs; \u00d6tv\u00f6s"},"content":{"rendered":"<p>Torock\u00f3, 1553, \u2020 Kv., 1616. j\u00fal. utols\u00f3 napjai: unit. esperes, p\u00fcsp\u00f6k, egyh\u00e1zi \u00edr\u00f3. \u2013 Fia: J\u00e1nos, akit R\u00e1k\u00f3czi Gy\u00f6rgy D\u00e9sen megk\u00f6veztetett (1638. j\u00fal.17.); le\u00e1nya Erzs\u00e9bet, Veres P\u00e1ln\u00e9. V\u00e1radon tanult. Lelk\u00e9sz volt Kv.-on (1579\u2013), Mv.-en, Sz\u00e9kelyudvarhelyen, Dics\u0151szentm\u00e1rtonban, majd Tord\u00e1n (1587-ig), Radn\u00f3ton (1588\u201395), Kv.-on (1597. nov.\u2013), egy\u00fattal az aranyos-tordai unit. egyh\u00e1zk\u00f6r esperese (1594 nyar\u00e1t\u00f3l), az erd\u00e9lyi unit\u00e1riusok p\u00fcsp\u00f6ke volt (1601. jan. 24.-t\u0151l hal\u00e1l\u00e1ig). Jelent\u0151s szerepet j\u00e1tszott a jezsuit\u00e1k Kv.-r\u00f3l val\u00f3 ki\u0171z\u00e9s\u00e9ben (1603). G. Basta gener\u00e1lis hadai el\u0151l az iskolaigazgat\u00f3val \u00e9s ifj\u00fas\u00e1ggal egy\u00fctt a torock\u00f3i b\u00e1ny\u00e1kban keresett mened\u00e9ket, ahonnan visszat\u00e9rt Kv.-ra, Bocskay alatt visszakapt\u00e1k az unit\u00e1riusok a templomot, iskol\u00e1t \u00e9s pl\u00e9b\u00e1ni\u00e1t. Irodalmi munk\u00e1ss\u00e1ga f\u0151k\u00e9nt az addigi unit. teol. eredm\u00e9nyek meg\u0151rz\u00e9s\u00e9re \u00e9s tov\u00e1bbad\u00e1s\u00e1ra ir\u00e1nyult. Lem\u00e1solta D\u00e1vid Ferenc, Jacobus Paleologus \u00e9s Johann Sommer m\u0171veinek sz\u00f6veg\u00e9t (T.-k\u00f3dex). Az egy \u00e1llatban val\u00f3 h\u00e1rom szem\u00e9lyr\u0151l val\u00f3 tudakoz\u00f3d\u00e1s (Bp., OSZK) c. m. nyelv\u0171 teol. \u00e9rtekez\u00e9se \u00e9s 88. zsolt\u00e1rparafr\u00e1zisa. (Kv., Unit. K\u00f6nyvt\u00e1r) k\u00e9ziratban maradt. \u2013  <strong>F. m..:<\/strong> Az kereszty\u00e9ni \u00fcdvess\u00e9ges tudom\u00e1nynak a R\u00e9gi \u00e9s \u00daj Testamentum szer\u00e9nt egyben summ\u00e1ltatot \u00e9rtelme, az kereszt\u00e9neknek lelki \u00e9p\u00fcletekre. (unit. k\u00e1t\u00e9; Kv., 1632); Isteni dics\u00e9retek, im\u00e1ds\u00e1gos \u00e9s vigasztal\u00f3 \u00e9nekek. (\u00d6ssze\u00e1ll.; unit. egyh\u00e1zi \u00e9nekesk\u00f6nyv; Kv., 1602\/15); \u2013  <strong>ford.:<\/strong> Enyedi Gy\u00f6rgy: Az \u00d3- \u00e9s \u00dajtestamentumbeli helyeknek, melyekb\u0151l az H\u00e1roms\u00e1gr\u00f3l val\u00f3 tudom\u00e1nyt szokt\u00e1k \u00e1llatni, magyar\u00e1zatjok. (Kv., 1619; 1620). \u2013 Kiad.: Ungarnl\u00e4ndische Antitrinitarier (3. kiad. Bal\u00e1zs Mih\u00e1ly; Baden-Baden, 2004). <br \/><strong>\u2013 Irod.:<\/strong> Bal\u00e1zs Mih\u00e1ly: Az erd\u00e9lyi antitrinit\u00e1rizmus az 1560-as \u00e9vek v\u00e9g\u00e9n (Bp., 1988); Basta; Dankanits \u00c1d\u00e1m: Adatok T. M.-r\u00f3l (Acta Historiae Litterarum Hungaricarum, 1969); Kelemen; Kelemen Imre; Kelemen Lajos: T. M. p\u00fcsp\u00f6k csal\u00e1di neve (Ker. Magvet\u0151, 1916); K\u00e9nosi\u2013Uzoni 1., 2.; Rugonfalvi Kiss; Toroczkai M\u00e1t\u00e9 p\u00fcsp\u00f6k csal\u00e1di neve = Kelemen Lajos 2006; \u00daM\u00c9L.<\/br><\/p>\n","protected":false},"excerpt":{"rendered":"<p>Torock\u00f3, 1553, \u2020 Kv., 1616. j\u00fal. utols\u00f3 napjai: unit. esperes, p\u00fcsp\u00f6k, egyh\u00e1zi \u00edr\u00f3. \u2013 Fia: J\u00e1nos, akit R\u00e1k\u00f3czi Gy\u00f6rgy D\u00e9sen megk\u00f6veztetett (1638. j\u00fal.17.); le\u00e1nya Erzs\u00e9bet, Veres P\u00e1ln\u00e9. V\u00e1radon tanult. Lelk\u00e9sz volt Kv.-on (1579\u2013), Mv.-en, Sz\u00e9kelyudvarhelyen, Dics\u0151szentm\u00e1rtonban, majd Tord\u00e1n (1587-ig), Radn\u00f3ton (1588\u201395), Kv.-on (1597. nov.\u2013), egy\u00fattal az aranyos-tordai unit. egyh\u00e1zk\u00f6r esperese (1594 nyar\u00e1t\u00f3l), az erd\u00e9lyi unit\u00e1riusok [&hellip;]<\/p>\n","protected":false},"featured_media":0,"comment_status":"open","ping_status":"closed","template":"","meta":[],"product_brand":[],"product_cat":[137],"product_tag":[],"class_list":{"0":"post-23420","1":"product","2":"type-product","3":"status-publish","5":"product_cat-maros-megyei-eletrajzi-lexikon","7":"first","8":"instock","9":"shipping-taxable","10":"product-type-simple"},"_links":{"self":[{"href":"https:\/\/uj.adatbank.ro\/lexikon\/wp-json\/wp\/v2\/product\/23420","targetHints":{"allow":["GET"]}}],"collection":[{"href":"https:\/\/uj.adatbank.ro\/lexikon\/wp-json\/wp\/v2\/product"}],"about":[{"href":"https:\/\/uj.adatbank.ro\/lexikon\/wp-json\/wp\/v2\/types\/product"}],"replies":[{"embeddable":true,"href":"https:\/\/uj.adatbank.ro\/lexikon\/wp-json\/wp\/v2\/comments?post=23420"}],"wp:attachment":[{"href":"https:\/\/uj.adatbank.ro\/lexikon\/wp-json\/wp\/v2\/media?parent=23420"}],"wp:term":[{"taxonomy":"product_brand","embeddable":true,"href":"https:\/\/uj.adatbank.ro\/lexikon\/wp-json\/wp\/v2\/product_brand?post=23420"},{"taxonomy":"product_cat","embeddable":true,"href":"https:\/\/uj.adatbank.ro\/lexikon\/wp-json\/wp\/v2\/product_cat?post=23420"},{"taxonomy":"product_tag","embeddable":true,"href":"https:\/\/uj.adatbank.ro\/lexikon\/wp-json\/wp\/v2\/product_tag?post=23420"}],"curies":[{"name":"wp","href":"https:\/\/api.w.org\/{rel}","templated":true}]}}