{"id":23424,"date":"2025-08-01T17:26:59","date_gmt":"2025-08-01T15:26:59","guid":{"rendered":"https:\/\/uj.adatbank.ro\/lexikon\/termek\/toroczkai-zsofia-toldalagi-gaborne\/"},"modified":"2025-08-01T17:26:59","modified_gmt":"2025-08-01T15:26:59","slug":"toroczkai-zsofia-toldalagi-gaborne","status":"publish","type":"product","link":"https:\/\/uj.adatbank.ro\/lexikon\/termek\/toroczkai-zsofia-toldalagi-gaborne\/","title":{"rendered":"TOROCZKAI Zs\u00f3fia, Toldalagi G\u00e1born\u00e9"},"content":{"rendered":"<p>? \u2020 1671. febr.: f\u00f6ldbirtokos. \u2013 Testv\u00e9re: Toroczkai Judit, Toldalagi J\u00e1nosn\u00e9, v\u00e9grendelet\u00e9ben r\u00e1hagyott F\u00fclp\u00f6s\u00f6n n\u00e9gy h\u00e1z jobb\u00e1gyot \u00e9s n\u00e9gy lovat. <br \/><strong>\u2013 Irod.:<\/strong> Szentm\u00e1rtoni V\u00e9gh Istv\u00e1n: Halotti besz\u00e9d T. Zs. felett. 1671. febr. K\u00e9zirat. = K\u00e9nosi\u2013Uzoni 2.; Toroczkai Judit v\u00e9grendelet 1666-b\u00f3l. K\u00f6zli b. B\u00e1lintitt J\u00f3zsef (Erd\u00e9lyi M\u00fazeum, 1907, 2. sz.).<\/br><\/p>\n","protected":false},"excerpt":{"rendered":"<p>? \u2020 1671. febr.: f\u00f6ldbirtokos. \u2013 Testv\u00e9re: Toroczkai Judit, Toldalagi J\u00e1nosn\u00e9, v\u00e9grendelet\u00e9ben r\u00e1hagyott F\u00fclp\u00f6s\u00f6n n\u00e9gy h\u00e1z jobb\u00e1gyot \u00e9s n\u00e9gy lovat. \u2013 Irod.: Szentm\u00e1rtoni V\u00e9gh Istv\u00e1n: Halotti besz\u00e9d T. Zs. felett. 1671. febr. K\u00e9zirat. = K\u00e9nosi\u2013Uzoni 2.; Toroczkai Judit v\u00e9grendelet 1666-b\u00f3l. K\u00f6zli b. B\u00e1lintitt J\u00f3zsef (Erd\u00e9lyi M\u00fazeum, 1907, 2. sz.).<\/p>\n","protected":false},"featured_media":0,"comment_status":"open","ping_status":"closed","template":"","meta":[],"product_brand":[],"product_cat":[137],"product_tag":[],"class_list":{"0":"post-23424","1":"product","2":"type-product","3":"status-publish","5":"product_cat-maros-megyei-eletrajzi-lexikon","7":"first","8":"instock","9":"shipping-taxable","10":"product-type-simple"},"_links":{"self":[{"href":"https:\/\/uj.adatbank.ro\/lexikon\/wp-json\/wp\/v2\/product\/23424","targetHints":{"allow":["GET"]}}],"collection":[{"href":"https:\/\/uj.adatbank.ro\/lexikon\/wp-json\/wp\/v2\/product"}],"about":[{"href":"https:\/\/uj.adatbank.ro\/lexikon\/wp-json\/wp\/v2\/types\/product"}],"replies":[{"embeddable":true,"href":"https:\/\/uj.adatbank.ro\/lexikon\/wp-json\/wp\/v2\/comments?post=23424"}],"wp:attachment":[{"href":"https:\/\/uj.adatbank.ro\/lexikon\/wp-json\/wp\/v2\/media?parent=23424"}],"wp:term":[{"taxonomy":"product_brand","embeddable":true,"href":"https:\/\/uj.adatbank.ro\/lexikon\/wp-json\/wp\/v2\/product_brand?post=23424"},{"taxonomy":"product_cat","embeddable":true,"href":"https:\/\/uj.adatbank.ro\/lexikon\/wp-json\/wp\/v2\/product_cat?post=23424"},{"taxonomy":"product_tag","embeddable":true,"href":"https:\/\/uj.adatbank.ro\/lexikon\/wp-json\/wp\/v2\/product_tag?post=23424"}],"curies":[{"name":"wp","href":"https:\/\/api.w.org\/{rel}","templated":true}]}}