{"id":23442,"date":"2025-08-01T17:27:43","date_gmt":"2025-08-01T15:27:43","guid":{"rendered":"https:\/\/uj.adatbank.ro\/lexikon\/termek\/torok-elek\/"},"modified":"2025-08-01T17:27:43","modified_gmt":"2025-08-01T15:27:43","slug":"torok-elek","status":"publish","type":"product","link":"https:\/\/uj.adatbank.ro\/lexikon\/termek\/torok-elek\/","title":{"rendered":"T\u00d6R\u00d6K Elek"},"content":{"rendered":"<p>Csekefalva, 1883., \u2020 ?: tan\u00edt\u00f3. \u2013 Tanulm\u00e1nyait Sz\u00e9kelykereszt\u00faron v\u00e9gezte, tan\u00edt\u00f3i oklevelet szerzett (1902). Ny\u00e1r\u00e1dg\u00e1lfalv\u00e1n tan\u00edtott negyven \u00e9vig (1901\u20131941). Volt tan\u00e9v, hogy 107 gyermeket tan\u00edtott egyed\u00fcl, dal\u00e1rd\u00e1t szervezett, vezetett, sz\u00ednm\u0171veket tan\u00edtott. A MP vezet\u0151s\u00e9gi tagja, tejsz\u00f6vetkezeti eln\u00f6k, a kult\u00farint\u00e9zm\u00e9nyek t\u00e1mogat\u00f3ja volt. A h\u00e1l\u00e1s eml\u00e9kezet a falutal\u00e1lkoz\u00f3 alkalm\u00e1val, kopjaf\u00e1t \u00e1ll\u00edtott fel a nagyrabecs\u00fclt tan\u00edt\u00f3nak, amelyet T\u00f3th Ferenc k\u00f6zs\u00e9gi jegyz\u0151 faragott (2001. nov. 17.). <br \/><strong>\u2013 Irod.:<\/strong> Ny\u00e1r\u00e1dg\u00e1lfalva; Sz\u00e9kelyf\u00f6ld \u00ed. k.<\/br><\/p>\n","protected":false},"excerpt":{"rendered":"<p>Csekefalva, 1883., \u2020 ?: tan\u00edt\u00f3. \u2013 Tanulm\u00e1nyait Sz\u00e9kelykereszt\u00faron v\u00e9gezte, tan\u00edt\u00f3i oklevelet szerzett (1902). Ny\u00e1r\u00e1dg\u00e1lfalv\u00e1n tan\u00edtott negyven \u00e9vig (1901\u20131941). Volt tan\u00e9v, hogy 107 gyermeket tan\u00edtott egyed\u00fcl, dal\u00e1rd\u00e1t szervezett, vezetett, sz\u00ednm\u0171veket tan\u00edtott. A MP vezet\u0151s\u00e9gi tagja, tejsz\u00f6vetkezeti eln\u00f6k, a kult\u00farint\u00e9zm\u00e9nyek t\u00e1mogat\u00f3ja volt. A h\u00e1l\u00e1s eml\u00e9kezet a falutal\u00e1lkoz\u00f3 alkalm\u00e1val, kopjaf\u00e1t \u00e1ll\u00edtott fel a nagyrabecs\u00fclt tan\u00edt\u00f3nak, amelyet T\u00f3th Ferenc [&hellip;]<\/p>\n","protected":false},"featured_media":0,"comment_status":"open","ping_status":"closed","template":"","meta":[],"product_brand":[],"product_cat":[137],"product_tag":[],"class_list":{"0":"post-23442","1":"product","2":"type-product","3":"status-publish","5":"product_cat-maros-megyei-eletrajzi-lexikon","7":"first","8":"instock","9":"shipping-taxable","10":"product-type-simple"},"_links":{"self":[{"href":"https:\/\/uj.adatbank.ro\/lexikon\/wp-json\/wp\/v2\/product\/23442","targetHints":{"allow":["GET"]}}],"collection":[{"href":"https:\/\/uj.adatbank.ro\/lexikon\/wp-json\/wp\/v2\/product"}],"about":[{"href":"https:\/\/uj.adatbank.ro\/lexikon\/wp-json\/wp\/v2\/types\/product"}],"replies":[{"embeddable":true,"href":"https:\/\/uj.adatbank.ro\/lexikon\/wp-json\/wp\/v2\/comments?post=23442"}],"wp:attachment":[{"href":"https:\/\/uj.adatbank.ro\/lexikon\/wp-json\/wp\/v2\/media?parent=23442"}],"wp:term":[{"taxonomy":"product_brand","embeddable":true,"href":"https:\/\/uj.adatbank.ro\/lexikon\/wp-json\/wp\/v2\/product_brand?post=23442"},{"taxonomy":"product_cat","embeddable":true,"href":"https:\/\/uj.adatbank.ro\/lexikon\/wp-json\/wp\/v2\/product_cat?post=23442"},{"taxonomy":"product_tag","embeddable":true,"href":"https:\/\/uj.adatbank.ro\/lexikon\/wp-json\/wp\/v2\/product_tag?post=23442"}],"curies":[{"name":"wp","href":"https:\/\/api.w.org\/{rel}","templated":true}]}}

TÖRÖK Elek

<p>Csekefalva, 1883., † ?: tanító. – Tanulmányait Székelykeresztúron végezte, tanítói oklevelet szerzett (1902). Nyárádgálfalván tanított negyven évig (1901–1941). Volt tanév, hogy 107 gyermeket tanított egyedül, dalárdát szervezett, vezetett, színműveket tanított. A MP vezetőségi tagja, tejszövetkezeti elnök, a kultúrintézmények támogatója volt. A hálás emlékezet a falutalálkozó alkalmával, kopjafát állított fel a nagyrabecsült tanítónak, amelyet Tóth Ferenc községi jegyző faragott (2001. nov. 17.). <br /><strong>– Irod.:</strong> Nyárádgálfalva; Székelyföld í. k.</br></p>

<p>Csekefalva, 1883., † ?: tanító. – Tanulmányait Székelykeresztúron végezte, tanítói oklevelet szerzett (1902). Nyárádgálfalván tanított negyven évig (1901–1941). Volt tanév, hogy 107 gyermeket tanított egyedül, dalárdát szervezett, vezetett, színműveket tanított. A MP vezetőségi tagja, tejszövetkezeti elnök, a kultúrintézmények támogatója volt. A hálás emlékezet a falutalálkozó alkalmával, kopjafát állított fel a nagyrabecsült tanítónak, amelyet Tóth Ferenc [&hellip;]</p>
