{"id":23443,"date":"2025-08-01T17:27:44","date_gmt":"2025-08-01T15:27:44","guid":{"rendered":"https:\/\/uj.adatbank.ro\/lexikon\/termek\/torok-elek-2\/"},"modified":"2025-08-01T17:27:44","modified_gmt":"2025-08-01T15:27:44","slug":"torok-elek-2","status":"publish","type":"product","link":"https:\/\/uj.adatbank.ro\/lexikon\/termek\/torok-elek-2\/","title":{"rendered":"T\u00d6R\u00d6K Elek"},"content":{"rendered":"<p>1905. ? \u2020 Erd\u0151szentgy\u00f6rgy, 1996. m\u00e1rc. 14.: unit. lelk\u00e9sz. \u2013 T. Elek tan\u00edt\u00f3 fia. \u2013 Lelk\u00e9sz Vadadon (1961\u201363). Esperes Ny\u00e1r\u00e1dg\u00e1lfalv\u00e1n. 40 \u00e9ven kereszt\u00fcl viselte gy\u00fclekezete gondj\u00e1t (1963 . jan. 1. \u2013 2003. jan. 1.). Szenth\u00e1roms\u00e1gra \u00e9s Kisadorj\u00e1nba is beszolg\u00e1lt (1971\u201374), ott fel\u00e9p\u00edttette a lelk\u00e9szi lak\u00e1st \u00e9s az imah\u00e1zat. Az egyh\u00e1zmegye Maros k\u00f6ri esperesi tiszts\u00e9g\u00e9t is bet\u00f6lt\u00f6tte (1999\u2013). Lelk\u00e9szi tev\u00e9kenys\u00e9ge mellett jelent\u0151s k\u00f6z\u00e9leti szerepl\u00e9se is volt. K\u00f6zadakoz\u00e1sb\u00f3l \u00faj papilakot \u00e9p\u00edttetett, mert a r\u00e9gi m\u00e1r lakhatatlann\u00e1 v\u00e1lt (1983. j\u00fan.1). Szerepe volt a Szentiv\u00e1nyi Mih\u00e1ly szobor fel\u00e1ll\u00edt\u00e1s\u00e1ban (1990. nov.), valamint abban is, hogy az isk. felvette a falu k\u00f6lt\u0151j\u00e9nek a nev\u00e9t (2000. szept. 17.), falutal\u00e1lkoz\u00f3t szervezett a k\u00f6zs\u00e9g 500 \u00e9ves \u00edr\u00e1sosan bizony\u00edthat\u00f3 l\u00e9tez\u00e9se alkalm\u00e1b\u00f3l (2001. nov. 17.), r\u00e9szt v\u00e1llalt az RMDSZ helyi szervezet\u00e9nek tev\u00e9kenys\u00e9g\u00e9b\u0151l. <br \/><strong>\u2013 Irod.:<\/strong> Cs\u00edkfalva; Kisadorj\u00e1n, Ny\u00e1r\u00e1dg\u00e1lfalva; [Nekrol\u00f3g] (N\u00fa., 1996. m\u00e1rc. 15.); S\u00e1ndor Szil\u00e1rd.<\/br><\/p>\n","protected":false},"excerpt":{"rendered":"<p>1905. ? \u2020 Erd\u0151szentgy\u00f6rgy, 1996. m\u00e1rc. 14.: unit. lelk\u00e9sz. \u2013 T. Elek tan\u00edt\u00f3 fia. \u2013 Lelk\u00e9sz Vadadon (1961\u201363). Esperes Ny\u00e1r\u00e1dg\u00e1lfalv\u00e1n. 40 \u00e9ven kereszt\u00fcl viselte gy\u00fclekezete gondj\u00e1t (1963 . jan. 1. \u2013 2003. jan. 1.). Szenth\u00e1roms\u00e1gra \u00e9s Kisadorj\u00e1nba is beszolg\u00e1lt (1971\u201374), ott fel\u00e9p\u00edttette a lelk\u00e9szi lak\u00e1st \u00e9s az imah\u00e1zat. Az egyh\u00e1zmegye Maros k\u00f6ri esperesi tiszts\u00e9g\u00e9t is [&hellip;]<\/p>\n","protected":false},"featured_media":0,"comment_status":"open","ping_status":"closed","template":"","meta":[],"product_brand":[],"product_cat":[137],"product_tag":[],"class_list":{"0":"post-23443","1":"product","2":"type-product","3":"status-publish","5":"product_cat-maros-megyei-eletrajzi-lexikon","7":"first","8":"instock","9":"shipping-taxable","10":"product-type-simple"},"_links":{"self":[{"href":"https:\/\/uj.adatbank.ro\/lexikon\/wp-json\/wp\/v2\/product\/23443","targetHints":{"allow":["GET"]}}],"collection":[{"href":"https:\/\/uj.adatbank.ro\/lexikon\/wp-json\/wp\/v2\/product"}],"about":[{"href":"https:\/\/uj.adatbank.ro\/lexikon\/wp-json\/wp\/v2\/types\/product"}],"replies":[{"embeddable":true,"href":"https:\/\/uj.adatbank.ro\/lexikon\/wp-json\/wp\/v2\/comments?post=23443"}],"wp:attachment":[{"href":"https:\/\/uj.adatbank.ro\/lexikon\/wp-json\/wp\/v2\/media?parent=23443"}],"wp:term":[{"taxonomy":"product_brand","embeddable":true,"href":"https:\/\/uj.adatbank.ro\/lexikon\/wp-json\/wp\/v2\/product_brand?post=23443"},{"taxonomy":"product_cat","embeddable":true,"href":"https:\/\/uj.adatbank.ro\/lexikon\/wp-json\/wp\/v2\/product_cat?post=23443"},{"taxonomy":"product_tag","embeddable":true,"href":"https:\/\/uj.adatbank.ro\/lexikon\/wp-json\/wp\/v2\/product_tag?post=23443"}],"curies":[{"name":"wp","href":"https:\/\/api.w.org\/{rel}","templated":true}]}}