{"id":23453,"date":"2025-08-01T17:28:09","date_gmt":"2025-08-01T15:28:09","guid":{"rendered":"https:\/\/uj.adatbank.ro\/lexikon\/termek\/torok-ferenc-5\/"},"modified":"2025-08-01T17:28:09","modified_gmt":"2025-08-01T15:28:09","slug":"torok-ferenc-5","status":"publish","type":"product","link":"https:\/\/uj.adatbank.ro\/lexikon\/termek\/torok-ferenc-5\/","title":{"rendered":"T\u00d6R\u00d6K Ferenc"},"content":{"rendered":"<p>? \u2020 1803.: r. k. pap. \u2013 F\u0151esperes B\u00f6z\u00f6d\u00fajfaluban, amikor a r. k. templom fel\u00faj\u00edt\u00e1si \u00e9s a torony megemel\u00e9si terv\u00e9t \u00e9s k\u00f6lts\u00e9gvet\u00e9s\u00e9t (1803. jan. 25.) az Udvari Kancell\u00e1ria j\u00f3v\u00e1hagyta (1803. m\u00e1j. 20.) \u00e9s Andr\u00e1si J\u00e1nos pl\u00e9b\u00e1nosra b\u00edzta. <br \/><strong>\u2013 Irod.:<\/strong> Fund\u00e1lok, pall\u00e9rok.<\/br><\/p>\n","protected":false},"excerpt":{"rendered":"<p>? \u2020 1803.: r. k. pap. \u2013 F\u0151esperes B\u00f6z\u00f6d\u00fajfaluban, amikor a r. k. templom fel\u00faj\u00edt\u00e1si \u00e9s a torony megemel\u00e9si terv\u00e9t \u00e9s k\u00f6lts\u00e9gvet\u00e9s\u00e9t (1803. jan. 25.) az Udvari Kancell\u00e1ria j\u00f3v\u00e1hagyta (1803. m\u00e1j. 20.) \u00e9s Andr\u00e1si J\u00e1nos pl\u00e9b\u00e1nosra b\u00edzta. \u2013 Irod.: Fund\u00e1lok, pall\u00e9rok.<\/p>\n","protected":false},"featured_media":0,"comment_status":"open","ping_status":"closed","template":"","meta":[],"product_brand":[],"product_cat":[137],"product_tag":[],"class_list":{"0":"post-23453","1":"product","2":"type-product","3":"status-publish","5":"product_cat-maros-megyei-eletrajzi-lexikon","7":"first","8":"instock","9":"shipping-taxable","10":"product-type-simple"},"_links":{"self":[{"href":"https:\/\/uj.adatbank.ro\/lexikon\/wp-json\/wp\/v2\/product\/23453","targetHints":{"allow":["GET"]}}],"collection":[{"href":"https:\/\/uj.adatbank.ro\/lexikon\/wp-json\/wp\/v2\/product"}],"about":[{"href":"https:\/\/uj.adatbank.ro\/lexikon\/wp-json\/wp\/v2\/types\/product"}],"replies":[{"embeddable":true,"href":"https:\/\/uj.adatbank.ro\/lexikon\/wp-json\/wp\/v2\/comments?post=23453"}],"wp:attachment":[{"href":"https:\/\/uj.adatbank.ro\/lexikon\/wp-json\/wp\/v2\/media?parent=23453"}],"wp:term":[{"taxonomy":"product_brand","embeddable":true,"href":"https:\/\/uj.adatbank.ro\/lexikon\/wp-json\/wp\/v2\/product_brand?post=23453"},{"taxonomy":"product_cat","embeddable":true,"href":"https:\/\/uj.adatbank.ro\/lexikon\/wp-json\/wp\/v2\/product_cat?post=23453"},{"taxonomy":"product_tag","embeddable":true,"href":"https:\/\/uj.adatbank.ro\/lexikon\/wp-json\/wp\/v2\/product_tag?post=23453"}],"curies":[{"name":"wp","href":"https:\/\/api.w.org\/{rel}","templated":true}]}}