{"id":23468,"date":"2025-08-01T17:28:46","date_gmt":"2025-08-01T15:28:46","guid":{"rendered":"https:\/\/uj.adatbank.ro\/lexikon\/termek\/torok-janos-bagyi-bagyi-torok-janos\/"},"modified":"2025-08-01T17:28:46","modified_gmt":"2025-08-01T15:28:46","slug":"torok-janos-bagyi-bagyi-torok-janos","status":"publish","type":"product","link":"https:\/\/uj.adatbank.ro\/lexikon\/termek\/torok-janos-bagyi-bagyi-torok-janos\/","title":{"rendered":"T\u00d6R\u00d6K J\u00e1nos, b\u00e1gyi, B\u00e1gyi T\u00f6r\u00f6k J\u00e1nos"},"content":{"rendered":"<p>B\u00e1gy, 1806. j\u00fan. 21. \u2020 Mv., 1854. m\u00e1rc. 10.: tan\u00e1r, tank\u00f6nyv\u00edr\u00f3, sz\u00e9kely v\u00e9rtan\u00fa. \u2013 Feles\u00e9ge: G\u00e1lffy R\u00f3za. \u2013 Tanulm\u00e1nyait a sz\u00e9kelyudvarhelyi ref. koll.-ban, ahol oszt\u00e1lytan\u00edt\u00f3, k\u00f6nyvt\u00e1ros is volt, valamint a berlini egyetemen v\u00e9gezte (1834). Hazat\u00e9r\u00e9se ut\u00e1n, p\u00fcsp\u00f6ki titk\u00e1r (1836\u2013), a mv.-i Ref. Koll.-ban t\u00f6rt\u00e9nelem, irodalom \u00e9s r\u00e9gis\u00e9gtan, teol\u00f3gia tan\u00e1r (1837. jan. 14.\u2013). A 48-as szabads\u00e1gharcban mint sz\u00e1zados r\u00e9szt vett a sz\u00e9kely ifj\u00fas\u00e1g katonai kik\u00e9pz\u00e9s\u00e9ben. K\u00e9t tan\u00e1rt\u00e1rs\u00e1val egy\u00fctt (Bolyai Farkas \u00e9s Ercsi J\u00e1nos) felaj\u00e1nlott\u00e1k a haza jav\u00e1ra \u00e9vi fizet\u00e9s\u00fck h\u00e1rom sz\u00e1zal\u00e9k\u00e1t (1848. aug. 12). Az osztr\u00e1kok elfogt\u00e1k (1848. nov. 5), Nagyszebenben tartott\u00e1k \u0151rizetben, ahonnan Bem J\u00f3zsef t\u00e1bornok csapatai szabad\u00edtott\u00e1k ki (1849. m\u00e1rc. 11). A mv.-i ref. koll\u00e9gium igazgat\u00f3ja (rektora) (1838\u201341, 1848. j\u00fal. 11.\u2013), tiszts\u00e9g\u00e9r\u0151l lemondott (1850. jan. 3.), a korm\u00e1nyz\u00f3s\u00e1g megfosztotta tansz\u00e9k\u00e9t\u0151l (1850. nov. 1.), eltiltj\u00e1k a tan\u00edt\u00e1st\u00f3l (1851. m\u00e1rc. 3.), majd \u00e1ll\u00e1s\u00e1ba visszahelyezte (1851. j\u00fal. 17.). P\u00e1rtol\u00f3ja \u00e9s egyik alap\u00edt\u00f3ja a mv.-i Temetkez\u00e9si Nagy Egyletnek (alakult 1851). Tagja volt a Makk-f\u00e9le \u00f6sszeesk\u00fcv\u00e9snek. G\u00e1lfi Mih\u00e1llyal \u00e9s Horv\u00e1th K\u00e1rollyal egy\u00fctt letart\u00f3ztatt\u00e1k (1852. jan. 24\u201325.) azzal a v\u00e1ddal, hogy tudott a Kossuth \u00e9s Makk szervezte \u00f6sszeesk\u00fcv\u00e9sr\u0151l (1851. j\u00fal.-t\u00f3l), melyben R\u00f3zsafi M\u00e1ty\u00e1s a sz\u00e9kelyf\u00f6ldi szervezked\u00e9s f\u0151 katonai \u00e9s polg\u00e1ri ir\u00e1ny\u00edt\u00f3j\u00e1v\u00e1 tette. Hadit\u00f6rv\u00e9nysz\u00e9k el\u00e9 \u00e1ll\u00edtott\u00e1k (1853. okt. 11.), k\u00f6t\u00e9l \u00e1ltali hal\u00e1lra \u00edt\u00e9lt\u00e9k, az \u00edt\u00e9letet a nyomoz\u00e1s \u00e9rdekeire tekintettel csak 5 h\u00f3nap m\u00falva hajtott\u00e1k v\u00e9gre. Mint fels\u00e9g\u00e1rul\u00f3t Mv.-en v\u00e9gezt\u00e9k ki (1854. m\u00e1rc. 10.); a Postar\u00e9ten, kiv\u00e9gz\u00e9s\u00fck hely\u00e9n eml\u00e9km\u0171vet, a Sz\u00e9kely V\u00e9rtan\u00fak eml\u00e9koszlop\u00e1t \u00e1ll\u00edtott\u00e1k az \u0151 \u00e9s v\u00e9rtan\u00fat\u00e1rsai G\u00e1lffy Mih\u00e1ly \u00e9s Horv\u00e1th K\u00e1roly s\u00edrja f\u00f6l\u00e9 (1874). A gr\u00e1nit eml\u00e9km\u0171 Aradi Zsigmond szobr\u00e1szm\u0171v\u00e9sz alkot\u00e1sa, \u201eA\u201d kateg\u00f3ri\u00e1ba tartoz\u00f3 m\u0171eml\u00e9k, k\u00f6zadakoz\u00e1sb\u00f3l \u00e9p\u00edttett\u00e9k, J\u00f3kai M\u00f3r verssoraival a m\u00e1rv\u00e1nylapon. Ma a marosszentgy\u00f6rgyi iskola viseli a nev\u00e9t. K\u00e9ziratban maradt t\u00f6bb m\u0171ve, amelyek a ref. koll. k\u00f6nyvt\u00e1r\u00e1ban vannak: Zsid\u00f3 r\u00e9gis\u00e9gtan, Iskolai \u00e9vnyit\u00f3 \u00e9s \u00e9vz\u00e1r\u00f3 besz\u00e9dek, Erk\u00f6lcstan, Practica theologia, Exegetica theologia, Biblia magyar\u00e1zat, Egyh\u00e1zt\u00f6rt\u00e9nelem, az iskol\u00e1ban haszn\u00e1lt iratai, egyetemi jegyzetei. \u2013  <strong>F. m..:<\/strong> A hist\u00f3ria haszna, egy r\u00f6vid besz\u00e9dben el\u0151adva&#8230; a marosv\u00e1s\u00e1rhelyi ref. koll\u00e9giumban k. r. tan\u00edt\u00f3i hivatal\u00e1ba 1837. jan. 14. t\u00f6rt\u00e9nt beiktat\u00e1sa alkalm\u00e1val (Mv., 1838); R\u00f3mai r\u00e9gis\u00e9gtan (Mv., 1840); K\u00f6z\u00f6ns\u00e9ges hist\u00f3ria gyermekek sz\u00e1m\u00e1ra (Mv., 1840; 1845); Geogr\u00e1fia gyermekek sz\u00e1m\u00e1ra k\u00e9sz\u00edtett iskolai k\u00e9zik\u00f6nyv\u00fcl. 1\u20136. (Mv., 1844); Elemi f\u00f6ldrajzi el\u0151ismertet\u00e9s \u00e9s Erd\u00e9lyorsz\u00e1g f\u00f6ldrajza (Mv., 1846); \u00c1zsia, Afrika, Amerika \u00e9s Ausztr\u00e1lia f\u00f6ldrajza (Mv., 1847). <br \/><strong>\u2013 Irod.:<\/strong> 1848\u20131849 Transilvania; Bak\u00f3 L\u00e1szl\u00f3: Szent hely ez, \u00f3 v\u00e1ndor! (Erd\u00e9lyi Napl\u00f3, 2004. m\u00e1rc. 9., 10. sz.); Bak\u00f3 Zolt\u00e1n: Kiv\u00e9gz\u00e9s a Postar\u00e9ten, 154 \u00e9vvel ezel\u0151tt (V\u00e1s\u00e1rhelyi H\u00edrlap, 2008. febr. 29.); Beke Gy.: Bit\u00f3f\u00e1k a Postar\u00e9ten; Beke Gy\u00f6rgy: A Sz\u00e9kely v\u00e9rtan\u00fak eml\u00e9km\u0171ve el\u0151tt (\u00daj \u00c9let, 1971, 7. sz.); Beke Gy\u00f6rgy: Vil\u00e1gos \u00e1rny\u00e9k\u00e1ban (Bp., 1991); Berzeviczy Albert: Az abszolutizmus kora Mo.-on (Bp., 1922\u201337); Bir\u00f3 Mih\u00e1ly: \u00d6nv\u00e9delem (Mv., 1870); B\u00f6z\u00f6di Gy\u00f6rgy: \u00c9let\u00fcket adt\u00e1k a szabads\u00e1g\u00e9rt (\u00daj \u00c9let, 1979, 5. sz.); Chiorean 2008; Cs\u00e1ki \u00c1rp\u00e1d: Erd\u00e9lyi di\u00e1kok a berlini egyetemen: B\u00e1gyi T\u00f6r\u00f6k J\u00e1nos peregrin\u00e1ci\u00f3s eml\u00e9kirata (1835) = Maros megyei m. 4.; Csekme; Dolgozatok; Encyc. Hung; Fodor S\u00e1ndor: A Sz\u00e9kely v\u00e1rtan\u00fak eml\u00e9koszlop\u00e1n l\u00e9v\u0151 m\u00e1rv\u00e1nyt\u00e1bla felirata (N\u00fa., Sz\u00ednes Vil\u00e1g, 2008. okt. 4.); Fodor\u2013Bal\u00e1s; F\u00f6ldi J\u00e1nos: Vil\u00e1gost\u00f3l Josephstadtig, 1849\u20131856 (Bp., 1939); Ga\u00e1l Korn\u00e9lia: Eml\u00e9km\u0171 a hajdani Postar\u00e9ten (\u00daj \u00c9let, 5. sz., 1979); Hentaller Lajos: A balav\u00e1s\u00e1ri sz\u00fcret (Bp., 1894); H\u0151ke Lajos: Mo. \u00fajabbkori t\u00f6rt\u00e9nelme 1815\u20131892 (Bp., 1893); Id\u0151t\u00e1r 1; Id\u0151t\u00e1r 2; Jancs\u00f3; Kaczi\u00e1ny G\u00e9za: Magyar v\u00e9rtan\u00fak k\u00f6nyve (Bp., 1905); Kiss\u2013K\u00e1lm\u00e1n\u2013Bierbrunner; Koncz; Koncz J\u00f3zsef; Koos Ferenc: \u00c9letem \u00e9s eml\u00e9keim (Brass\u00f3, 1890); Maros megyei m. 4.; M\u00e1th\u00e9-Haller; M\u00c9L; Moln\u00e1r Vilmos: Vae Victis (Sz\u00e9kelyf\u00f6ld, 3. sz., 1998); Mv.-Bal\u00e1s; Nagyjaink; Ol\u00e1h-G\u00e1l; Par\u00e1di; P\u00e1l-Antal; P\u00e1l-Antal 2009; P\u00e1lffy; P\u00e1lmay J\u00f3zsef; Popa, Traian: Tg. M.; RNL; Rugonfalvi Kiss; Sebess D\u00e9nes: K\u00e9t mo. (Bp., s.a.); Sepsisz\u00e9ki; Sz\u00e9kely v\u00e9rtanuk 1854 (szerk. K\u00e1rolyi D\u00e9nes; Buk., 1975.); Sz\u00e9kely v\u00e9rtan\u00fak; Szentgy\u00f6rgyi; Szinnyei; Szinnyei J; Thury; Todea; \u00daM\u00c9L; \u00dcrm\u00f6ssy Lajos: Tizenh\u00e9t \u00e9v Erd\u00e9ly t\u00f6rt\u00e9net\u00e9b\u0151l 1849\u20131866 (Temesv\u00e1r, 1894); Valori mure\u015fene de patrimoniu; V\u00e9csey Zolt\u00e1n: A balav\u00e1s\u00e1ri sz\u00fcret (Bp., 1941; 2. kiad. el\u0151sz\u00f3: Sebesty\u00e9n Mih\u00e1ly; Mv., 2001).<\/br><\/p>\n","protected":false},"excerpt":{"rendered":"<p>B\u00e1gy, 1806. j\u00fan. 21. \u2020 Mv., 1854. m\u00e1rc. 10.: tan\u00e1r, tank\u00f6nyv\u00edr\u00f3, sz\u00e9kely v\u00e9rtan\u00fa. \u2013 Feles\u00e9ge: G\u00e1lffy R\u00f3za. \u2013 Tanulm\u00e1nyait a sz\u00e9kelyudvarhelyi ref. koll.-ban, ahol oszt\u00e1lytan\u00edt\u00f3, k\u00f6nyvt\u00e1ros is volt, valamint a berlini egyetemen v\u00e9gezte (1834). Hazat\u00e9r\u00e9se ut\u00e1n, p\u00fcsp\u00f6ki titk\u00e1r (1836\u2013), a mv.-i Ref. Koll.-ban t\u00f6rt\u00e9nelem, irodalom \u00e9s r\u00e9gis\u00e9gtan, teol\u00f3gia tan\u00e1r (1837. jan. 14.\u2013). A 48-as szabads\u00e1gharcban [&hellip;]<\/p>\n","protected":false},"featured_media":0,"comment_status":"open","ping_status":"closed","template":"","meta":[],"product_brand":[],"product_cat":[137],"product_tag":[],"class_list":{"0":"post-23468","1":"product","2":"type-product","3":"status-publish","5":"product_cat-maros-megyei-eletrajzi-lexikon","7":"first","8":"instock","9":"shipping-taxable","10":"product-type-simple"},"_links":{"self":[{"href":"https:\/\/uj.adatbank.ro\/lexikon\/wp-json\/wp\/v2\/product\/23468","targetHints":{"allow":["GET"]}}],"collection":[{"href":"https:\/\/uj.adatbank.ro\/lexikon\/wp-json\/wp\/v2\/product"}],"about":[{"href":"https:\/\/uj.adatbank.ro\/lexikon\/wp-json\/wp\/v2\/types\/product"}],"replies":[{"embeddable":true,"href":"https:\/\/uj.adatbank.ro\/lexikon\/wp-json\/wp\/v2\/comments?post=23468"}],"wp:attachment":[{"href":"https:\/\/uj.adatbank.ro\/lexikon\/wp-json\/wp\/v2\/media?parent=23468"}],"wp:term":[{"taxonomy":"product_brand","embeddable":true,"href":"https:\/\/uj.adatbank.ro\/lexikon\/wp-json\/wp\/v2\/product_brand?post=23468"},{"taxonomy":"product_cat","embeddable":true,"href":"https:\/\/uj.adatbank.ro\/lexikon\/wp-json\/wp\/v2\/product_cat?post=23468"},{"taxonomy":"product_tag","embeddable":true,"href":"https:\/\/uj.adatbank.ro\/lexikon\/wp-json\/wp\/v2\/product_tag?post=23468"}],"curies":[{"name":"wp","href":"https:\/\/api.w.org\/{rel}","templated":true}]}}

TÖRÖK János, bágyi, Bágyi Török János

<p>Bágy, 1806. jún. 21. † Mv., 1854. márc. 10.: tanár, tankönyvíró, székely vértanú. – Felesége: Gálffy Róza. – Tanulmányait a székelyudvarhelyi ref. koll.-ban, ahol osztálytanító, könyvtáros is volt, valamint a berlini egyetemen végezte (1834). Hazatérése után, püspöki titkár (1836–), a mv.-i Ref. Koll.-ban történelem, irodalom és régiségtan, teológia tanár (1837. jan. 14.–). A 48-as szabadságharcban mint százados részt vett a székely ifjúság katonai kiképzésében. Két tanártársával együtt (Bolyai Farkas és Ercsi János) felajánlották a haza javára évi fizetésük három százalékát (1848. aug. 12). Az osztrákok elfogták (1848. nov. 5), Nagyszebenben tartották őrizetben, ahonnan Bem József tábornok csapatai szabadították ki (1849. márc. 11). A mv.-i ref. kollégium igazgatója (rektora) (1838–41, 1848. júl. 11.–), tisztségéről lemondott (1850. jan. 3.), a kormányzóság megfosztotta tanszékétől (1850. nov. 1.), eltiltják a tanítástól (1851. márc. 3.), majd állásába visszahelyezte (1851. júl. 17.). Pártolója és egyik alapítója a mv.-i Temetkezési Nagy Egyletnek (alakult 1851). Tagja volt a Makk-féle összeesküvésnek. Gálfi Mihállyal és Horváth Károllyal együtt letartóztatták (1852. jan. 24–25.) azzal a váddal, hogy tudott a Kossuth és Makk szervezte összeesküvésről (1851. júl.-tól), melyben Rózsafi Mátyás a székelyföldi szervezkedés fő katonai és polgári irányítójává tette. Haditörvényszék elé állították (1853. okt. 11.), kötél általi halálra ítélték, az ítéletet a nyomozás érdekeire tekintettel csak 5 hónap múlva hajtották végre. Mint felségárulót Mv.-en végezték ki (1854. márc. 10.); a Postaréten, kivégzésük helyén emlékművet, a Székely Vértanúk emlékoszlopát állították az ő és vértanútársai Gálffy Mihály és Horváth Károly sírja fölé (1874). A gránit emlékmű Aradi Zsigmond szobrászművész alkotása, „A” kategóriába tartozó műemlék, közadakozásból építtették, Jókai Mór verssoraival a márványlapon. Ma a marosszentgyörgyi iskola viseli a nevét. Kéziratban maradt több műve, amelyek a ref. koll. könyvtárában vannak: Zsidó régiségtan, Iskolai évnyitó és évzáró beszédek, Erkölcstan, Practica theologia, Exegetica theologia, Biblia magyarázat, Egyháztörténelem, az iskolában használt iratai, egyetemi jegyzetei. –  <strong>F. m..:</strong> A história haszna, egy rövid beszédben előadva&#8230; a marosvásárhelyi ref. kollégiumban k. r. tanítói hivatalába 1837. jan. 14. történt beiktatása alkalmával (Mv., 1838); Római régiségtan (Mv., 1840); Közönséges história gyermekek számára (Mv., 1840; 1845); Geográfia gyermekek számára készített iskolai kézikönyvül. 1–6. (Mv., 1844); Elemi földrajzi előismertetés és Erdélyország földrajza (Mv., 1846); Ázsia, Afrika, Amerika és Ausztrália földrajza (Mv., 1847). <br /><strong>– Irod.:</strong> 1848–1849 Transilvania; Bakó László: Szent hely ez, ó vándor! (Erdélyi Napló, 2004. márc. 9., 10. sz.); Bakó Zoltán: Kivégzés a Postaréten, 154 évvel ezelőtt (Vásárhelyi Hírlap, 2008. febr. 29.); Beke Gy.: Bitófák a Postaréten; Beke György: A Székely vértanúk emlékműve előtt (Új Élet, 1971, 7. sz.); Beke György: Világos árnyékában (Bp., 1991); Berzeviczy Albert: Az abszolutizmus kora Mo.-on (Bp., 1922–37); Biró Mihály: Önvédelem (Mv., 1870); Bözödi György: Életüket adták a szabadságért (Új Élet, 1979, 5. sz.); Chiorean 2008; Csáki Árpád: Erdélyi diákok a berlini egyetemen: Bágyi Török János peregrinációs emlékirata (1835) = Maros megyei m. 4.; Csekme; Dolgozatok; Encyc. Hung; Fodor Sándor: A Székely vártanúk emlékoszlopán lévő márványtábla felirata (Nú., Színes Világ, 2008. okt. 4.); Fodor–Balás; Földi János: Világostól Josephstadtig, 1849–1856 (Bp., 1939); Gaál Kornélia: Emlékmű a hajdani Postaréten (Új Élet, 5. sz., 1979); Hentaller Lajos: A balavásári szüret (Bp., 1894); Hőke Lajos: Mo. újabbkori történelme 1815–1892 (Bp., 1893); Időtár 1; Időtár 2; Jancsó; Kacziány Géza: Magyar vértanúk könyve (Bp., 1905); Kiss–Kálmán–Bierbrunner; Koncz; Koncz József; Koos Ferenc: Életem és emlékeim (Brassó, 1890); Maros megyei m. 4.; Máthé-Haller; MÉL; Molnár Vilmos: Vae Victis (Székelyföld, 3. sz., 1998); Mv.-Balás; Nagyjaink; Oláh-Gál; Parádi; Pál-Antal; Pál-Antal 2009; Pálffy; Pálmay József; Popa, Traian: Tg. M.; RNL; Rugonfalvi Kiss; Sebess Dénes: Két mo. (Bp., s.a.); Sepsiszéki; Székely vértanuk 1854 (szerk. Károlyi Dénes; Buk., 1975.); Székely vértanúk; Szentgyörgyi; Szinnyei; Szinnyei J; Thury; Todea; ÚMÉL; Ürmössy Lajos: Tizenhét év Erdély történetéből 1849–1866 (Temesvár, 1894); Valori mureşene de patrimoniu; Vécsey Zoltán: A balavásári szüret (Bp., 1941; 2. kiad. előszó: Sebestyén Mihály; Mv., 2001).</br></p>

<p>Bágy, 1806. jún. 21. † Mv., 1854. márc. 10.: tanár, tankönyvíró, székely vértanú. – Felesége: Gálffy Róza. – Tanulmányait a székelyudvarhelyi ref. koll.-ban, ahol osztálytanító, könyvtáros is volt, valamint a berlini egyetemen végezte (1834). Hazatérése után, püspöki titkár (1836–), a mv.-i Ref. Koll.-ban történelem, irodalom és régiségtan, teológia tanár (1837. jan. 14.–). A 48-as szabadságharcban [&hellip;]</p>
