{"id":23470,"date":"2025-08-01T17:28:53","date_gmt":"2025-08-01T15:28:53","guid":{"rendered":"https:\/\/uj.adatbank.ro\/lexikon\/termek\/torok-jeno\/"},"modified":"2025-08-01T17:28:53","modified_gmt":"2025-08-01T15:28:53","slug":"torok-jeno","status":"publish","type":"product","link":"https:\/\/uj.adatbank.ro\/lexikon\/termek\/torok-jeno\/","title":{"rendered":"T\u00d6R\u00d6K Jen\u0151"},"content":{"rendered":"<p>1877? \u2020 Mv., 1927. nov. 9.: P\u00e9nz\u00fcgyi tan\u00e1csos. \u2013 Feles\u00e9ge: Kunzelmann Alice. Gyermekeik: M\u00e1rton, Margit, Emma, Irmus. \u2013 Mv.-en p\u00e9nz\u00fcgyi f\u0151tan\u00e1csos \u00e9s r. k. egyh\u00e1ztan\u00e1csos. <br \/><strong>\u2013 Irod.:<\/strong> Gy\u00e1szjelent\u0151.<\/br><\/p>\n","protected":false},"excerpt":{"rendered":"<p>1877? \u2020 Mv., 1927. nov. 9.: P\u00e9nz\u00fcgyi tan\u00e1csos. \u2013 Feles\u00e9ge: Kunzelmann Alice. Gyermekeik: M\u00e1rton, Margit, Emma, Irmus. \u2013 Mv.-en p\u00e9nz\u00fcgyi f\u0151tan\u00e1csos \u00e9s r. k. egyh\u00e1ztan\u00e1csos. \u2013 Irod.: Gy\u00e1szjelent\u0151.<\/p>\n","protected":false},"featured_media":0,"comment_status":"open","ping_status":"closed","template":"","meta":[],"product_brand":[],"product_cat":[137],"product_tag":[],"class_list":{"0":"post-23470","1":"product","2":"type-product","3":"status-publish","5":"product_cat-maros-megyei-eletrajzi-lexikon","7":"first","8":"instock","9":"shipping-taxable","10":"product-type-simple"},"_links":{"self":[{"href":"https:\/\/uj.adatbank.ro\/lexikon\/wp-json\/wp\/v2\/product\/23470","targetHints":{"allow":["GET"]}}],"collection":[{"href":"https:\/\/uj.adatbank.ro\/lexikon\/wp-json\/wp\/v2\/product"}],"about":[{"href":"https:\/\/uj.adatbank.ro\/lexikon\/wp-json\/wp\/v2\/types\/product"}],"replies":[{"embeddable":true,"href":"https:\/\/uj.adatbank.ro\/lexikon\/wp-json\/wp\/v2\/comments?post=23470"}],"wp:attachment":[{"href":"https:\/\/uj.adatbank.ro\/lexikon\/wp-json\/wp\/v2\/media?parent=23470"}],"wp:term":[{"taxonomy":"product_brand","embeddable":true,"href":"https:\/\/uj.adatbank.ro\/lexikon\/wp-json\/wp\/v2\/product_brand?post=23470"},{"taxonomy":"product_cat","embeddable":true,"href":"https:\/\/uj.adatbank.ro\/lexikon\/wp-json\/wp\/v2\/product_cat?post=23470"},{"taxonomy":"product_tag","embeddable":true,"href":"https:\/\/uj.adatbank.ro\/lexikon\/wp-json\/wp\/v2\/product_tag?post=23470"}],"curies":[{"name":"wp","href":"https:\/\/api.w.org\/{rel}","templated":true}]}}