{"id":23471,"date":"2025-08-01T17:28:55","date_gmt":"2025-08-01T15:28:55","guid":{"rendered":"https:\/\/uj.adatbank.ro\/lexikon\/termek\/torok-jozsef\/"},"modified":"2025-08-01T17:28:55","modified_gmt":"2025-08-01T15:28:55","slug":"torok-jozsef","status":"publish","type":"product","link":"https:\/\/uj.adatbank.ro\/lexikon\/termek\/torok-jozsef\/","title":{"rendered":"T\u00d6R\u00d6K J\u00f3zsef"},"content":{"rendered":"<p>1780. nov. 1., \u2020 1852. j\u00fal. 4.: r. k. pap. \u2013 Papp\u00e1 szentelt\u00e9k (1809. j\u00fan. 4.). Kerel\u0151szentp\u00e1lon lelkip\u00e1sztor (1817\u20131823). <br \/><strong>\u2013 Irod.:<\/strong> Ferenczi S\u00e1ndor 2009.<\/br><\/p>\n","protected":false},"excerpt":{"rendered":"<p>1780. nov. 1., \u2020 1852. j\u00fal. 4.: r. k. pap. \u2013 Papp\u00e1 szentelt\u00e9k (1809. j\u00fan. 4.). Kerel\u0151szentp\u00e1lon lelkip\u00e1sztor (1817\u20131823). \u2013 Irod.: Ferenczi S\u00e1ndor 2009.<\/p>\n","protected":false},"featured_media":0,"comment_status":"open","ping_status":"closed","template":"","meta":[],"product_brand":[],"product_cat":[137],"product_tag":[],"class_list":{"0":"post-23471","1":"product","2":"type-product","3":"status-publish","5":"product_cat-maros-megyei-eletrajzi-lexikon","7":"first","8":"instock","9":"shipping-taxable","10":"product-type-simple"},"_links":{"self":[{"href":"https:\/\/uj.adatbank.ro\/lexikon\/wp-json\/wp\/v2\/product\/23471","targetHints":{"allow":["GET"]}}],"collection":[{"href":"https:\/\/uj.adatbank.ro\/lexikon\/wp-json\/wp\/v2\/product"}],"about":[{"href":"https:\/\/uj.adatbank.ro\/lexikon\/wp-json\/wp\/v2\/types\/product"}],"replies":[{"embeddable":true,"href":"https:\/\/uj.adatbank.ro\/lexikon\/wp-json\/wp\/v2\/comments?post=23471"}],"wp:attachment":[{"href":"https:\/\/uj.adatbank.ro\/lexikon\/wp-json\/wp\/v2\/media?parent=23471"}],"wp:term":[{"taxonomy":"product_brand","embeddable":true,"href":"https:\/\/uj.adatbank.ro\/lexikon\/wp-json\/wp\/v2\/product_brand?post=23471"},{"taxonomy":"product_cat","embeddable":true,"href":"https:\/\/uj.adatbank.ro\/lexikon\/wp-json\/wp\/v2\/product_cat?post=23471"},{"taxonomy":"product_tag","embeddable":true,"href":"https:\/\/uj.adatbank.ro\/lexikon\/wp-json\/wp\/v2\/product_tag?post=23471"}],"curies":[{"name":"wp","href":"https:\/\/api.w.org\/{rel}","templated":true}]}}