{"id":23483,"date":"2025-08-01T17:29:20","date_gmt":"2025-08-01T15:29:20","guid":{"rendered":"https:\/\/uj.adatbank.ro\/lexikon\/termek\/torok-mihaly\/"},"modified":"2025-08-01T17:29:20","modified_gmt":"2025-08-01T15:29:20","slug":"torok-mihaly","status":"publish","type":"product","link":"https:\/\/uj.adatbank.ro\/lexikon\/termek\/torok-mihaly\/","title":{"rendered":"T\u00d6R\u00d6K Mih\u00e1ly"},"content":{"rendered":"<p>Lup\u00e9ny v. Sz\u00e9kelyhodos ? 1903. nov. 1., \u2020 Szov\u00e1ta, 1980. j\u00fal. 12.: r. k. pl\u00e9b\u00e1nos. \u2013 Tanulm\u00e1nyait Mv.-en \u00e9s Gyulafeh\u00e9rv\u00e1ron v\u00e9gezte, papp\u00e1 szentelt\u00e9k (1927. j\u00fan. 11.). K\u00e9zdiszentl\u00e9leken, Lemh\u00e9nyben, Gyergy\u00f3szentmikl\u00f3son, Marosj\u00e1r\u00e1n tev\u00e9kenykedett (1930. j\u00fal. 26.\u2013), itt megjav\u00edttatta a templomot. K\u00f6rtv\u00e9lyf\u00e1j\u00e1n kis templom \u00e9p\u00fclt tev\u00e9kenys\u00e9ge idej\u00e9n (1934). Szov\u00e1ta pl\u00e9b\u00e1nosa lett (1936\u2013), amikor a front k\u00f6zeledett elmenek\u00fclt, majd visszat\u00e9rt (1945. \u00e1pr. 1. \u2013). A MP \u00f6r\u00f6k\u00f6s tagja, a Hangya \u00e9s a Gazdasz\u00f6vetkezet eln\u00f6ke, vall\u00e1sos, hazafias \u00e9s kult\u00faregyes\u00fcletek vezet\u0151s\u00e9gi tagja volt. Meghurcolt\u00e1k, be is b\u00f6rt\u00f6n\u00f6zt\u00e9k Kv.-on (1950. szept. 26. \u2013 dec. 26.). Nyugd\u00edjba vonult (1978. m\u00e1rc. 25.). <br \/><strong>\u2013 Irod.:<\/strong> Ferenczi S\u00e1ndor 2009; Ferenczi S\u00e1ndor 2012; Maros-k\u00fck\u00fcll\u0151i f\u0151esp.; Sz\u00e9kelyf\u00f6ld \u00ed. k.; Szov\u00e1ta.<\/br><\/p>\n","protected":false},"excerpt":{"rendered":"<p>Lup\u00e9ny v. Sz\u00e9kelyhodos ? 1903. nov. 1., \u2020 Szov\u00e1ta, 1980. j\u00fal. 12.: r. k. pl\u00e9b\u00e1nos. \u2013 Tanulm\u00e1nyait Mv.-en \u00e9s Gyulafeh\u00e9rv\u00e1ron v\u00e9gezte, papp\u00e1 szentelt\u00e9k (1927. j\u00fan. 11.). K\u00e9zdiszentl\u00e9leken, Lemh\u00e9nyben, Gyergy\u00f3szentmikl\u00f3son, Marosj\u00e1r\u00e1n tev\u00e9kenykedett (1930. j\u00fal. 26.\u2013), itt megjav\u00edttatta a templomot. K\u00f6rtv\u00e9lyf\u00e1j\u00e1n kis templom \u00e9p\u00fclt tev\u00e9kenys\u00e9ge idej\u00e9n (1934). Szov\u00e1ta pl\u00e9b\u00e1nosa lett (1936\u2013), amikor a front k\u00f6zeledett elmenek\u00fclt, majd [&hellip;]<\/p>\n","protected":false},"featured_media":0,"comment_status":"open","ping_status":"closed","template":"","meta":[],"product_brand":[],"product_cat":[137],"product_tag":[],"class_list":{"0":"post-23483","1":"product","2":"type-product","3":"status-publish","5":"product_cat-maros-megyei-eletrajzi-lexikon","7":"first","8":"instock","9":"shipping-taxable","10":"product-type-simple"},"_links":{"self":[{"href":"https:\/\/uj.adatbank.ro\/lexikon\/wp-json\/wp\/v2\/product\/23483","targetHints":{"allow":["GET"]}}],"collection":[{"href":"https:\/\/uj.adatbank.ro\/lexikon\/wp-json\/wp\/v2\/product"}],"about":[{"href":"https:\/\/uj.adatbank.ro\/lexikon\/wp-json\/wp\/v2\/types\/product"}],"replies":[{"embeddable":true,"href":"https:\/\/uj.adatbank.ro\/lexikon\/wp-json\/wp\/v2\/comments?post=23483"}],"wp:attachment":[{"href":"https:\/\/uj.adatbank.ro\/lexikon\/wp-json\/wp\/v2\/media?parent=23483"}],"wp:term":[{"taxonomy":"product_brand","embeddable":true,"href":"https:\/\/uj.adatbank.ro\/lexikon\/wp-json\/wp\/v2\/product_brand?post=23483"},{"taxonomy":"product_cat","embeddable":true,"href":"https:\/\/uj.adatbank.ro\/lexikon\/wp-json\/wp\/v2\/product_cat?post=23483"},{"taxonomy":"product_tag","embeddable":true,"href":"https:\/\/uj.adatbank.ro\/lexikon\/wp-json\/wp\/v2\/product_tag?post=23483"}],"curies":[{"name":"wp","href":"https:\/\/api.w.org\/{rel}","templated":true}]}}

TÖRÖK Mihály

<p>Lupény v. Székelyhodos ? 1903. nov. 1., † Szováta, 1980. júl. 12.: r. k. plébános. – Tanulmányait Mv.-en és Gyulafehérváron végezte, pappá szentelték (1927. jún. 11.). Kézdiszentléleken, Lemhényben, Gyergyószentmiklóson, Marosjárán tevékenykedett (1930. júl. 26.–), itt megjavíttatta a templomot. Körtvélyfáján kis templom épült tevékenysége idején (1934). Szováta plébánosa lett (1936–), amikor a front közeledett elmenekült, majd visszatért (1945. ápr. 1. –). A MP örökös tagja, a Hangya és a Gazdaszövetkezet elnöke, vallásos, hazafias és kultúregyesületek vezetőségi tagja volt. Meghurcolták, be is börtönözték Kv.-on (1950. szept. 26. – dec. 26.). Nyugdíjba vonult (1978. márc. 25.). <br /><strong>– Irod.:</strong> Ferenczi Sándor 2009; Ferenczi Sándor 2012; Maros-küküllői főesp.; Székelyföld í. k.; Szováta.</br></p>

<p>Lupény v. Székelyhodos ? 1903. nov. 1., † Szováta, 1980. júl. 12.: r. k. plébános. – Tanulmányait Mv.-en és Gyulafehérváron végezte, pappá szentelték (1927. jún. 11.). Kézdiszentléleken, Lemhényben, Gyergyószentmiklóson, Marosjárán tevékenykedett (1930. júl. 26.–), itt megjavíttatta a templomot. Körtvélyfáján kis templom épült tevékenysége idején (1934). Szováta plébánosa lett (1936–), amikor a front közeledett elmenekült, majd [&hellip;]</p>
