{"id":23490,"date":"2025-08-01T17:29:38","date_gmt":"2025-08-01T15:29:38","guid":{"rendered":"https:\/\/uj.adatbank.ro\/lexikon\/termek\/torok-pal-%c2%a7\/"},"modified":"2025-08-01T17:29:38","modified_gmt":"2025-08-01T15:29:38","slug":"torok-pal-%c2%a7","status":"publish","type":"product","link":"https:\/\/uj.adatbank.ro\/lexikon\/termek\/torok-pal-%c2%a7\/","title":{"rendered":"T\u00d6R\u00d6K P\u00e1l, \u00a7"},"content":{"rendered":"<p>Vadad, 1929. aug. 22., \u2020 Monte Carasso (Sv\u00e1jc), 2005. dec. 4. vagy 5.: k\u00e9pz\u0151m\u0171v\u00e9sz, pedag\u00f3gus, \u00edr\u00f3, k\u00f6lt\u0151. \u2013 Kv.-on v\u00e9gezte a Ion Andreescu K\u00e9pz\u0151m\u0171v. F\u0151iskol\u00e1t (1948\u201354), tan\u00e1rai Kov\u00e1cs Zolt\u00e1n, Mohi S\u00e1ndor, Mikl\u00f3ssy G\u00e1bor. K\u00f6z\u00e9piskolai tan\u00e1r Mv.-en (1954\u2013). A K\u00e9pz\u0151m\u0171v\u00e9szek Sz\u00f6vets\u00e9ge mv.-i fi\u00f3kj\u00e1nak eln\u00f6ke (1973\u2013). Sv\u00e1jcban \u00e9lt (1978\u2013). 150 ki\u00e1ll\u00edt\u00e1son szerepelt, egy francia katal\u00f3gus szerint (1978\u201390). Kit\u00fcntett\u00e9k a francia nemzeti kult\u00fara d\u00edj\u00e1val \u00e9s arany diplom\u00e1j\u00e1val (1989), Oszak\u00e1ban szint\u00e9n aranydiplom\u00e1t kapott (1989). Kv.-on szerepelt el\u0151sz\u00f6r ki\u00e1ll\u00edt\u00e1son (1952) majd r\u00e9szt vett a tartom\u00e1nyi, megyei, orsz\u00e1gos ki\u00e1ll\u00edt\u00e1sokon. Sz\u00e1mos m\u0171v\u00e9szetelm\u00e9leti, kritikai cikket k\u00f6z\u00f6lt, el\u0151ad\u00e1sokat tartott a r\u00e1di\u00f3ban, n\u00e9piegyetemen; filmforgat\u00f3k\u00f6nyvet \u00edrt F\u00fcl\u00f6p Antal Andor munk\u00e1ss\u00e1g\u00e1r\u00f3l; k\u00f6teteket illusztr\u00e1lt; a gyergy\u00f3sz\u00e1rhegyi k\u00e9pz\u0151m\u0171v\u00e9szeti t\u00e1bor egyik alap\u00edt\u00f3 tagja. M\u0171veit \u0151rzik a mv.-i \u00e9s buk.-i m\u00fazeumokban, k\u00fclf\u00f6ldi gy\u0171jtem\u00e9nyekben (Bp., Moszkva, New York, B\u00e9cs, Mak\u00f3). \u2013  <strong>F. ki\u00e1ll.:<\/strong>  <strong>csoportos:<\/strong> Mv. (1950, 1954, 1969), Cs\u00edkszereda, Buk., Kv., Segesv\u00e1r (1955\u2013), Szatm\u00e1rn\u00e9meti; Bp. (2000). R\u00e9szt vett a kov\u00e1sznai kult\u00farh\u00e1z d\u00edsz\u00edt\u00e9s\u00e9ben (1959\u201360). \u2013  <strong>F. m..:<\/strong> Ki\u00e1lt\u00e1s (1997). <br \/><strong>\u2013 Irod.:<\/strong> Arck\u00e9pcsarnok (Igaz Sz\u00f3, 1972, 11. sz.); Banner; Bethlen Anik\u00f3; Cs\u00edkfalva; J. A.: Ifj\u00fa k\u00e9pz\u0151m\u0171v\u00e9szek aj\u00e1nd\u00e9ka (V. Z., 1960. szept. 15.); Katona Szab\u00f3 Istv\u00e1n: Az \u00daj \u00c9let lexikona, 150. (\u00daj \u00c9let, 1976, 19. sz.); Mikl\u00f3ssy G\u00e1bor n\u00f6vend\u00e9kei \/ Simon Endre (Bp., 2000); Moln\u00e1r; Nagy Mikl\u00f3s Kund: Kett\u0151s \u00fczenet Sv\u00e1jcb\u00f3l (N\u00fa., M\u00fazsa, 1998. dec. 19., 375. sz.); Nekrol\u00f3g, (N\u00fa., 2005. dec. 6.; dec. 10.); Sz\u00f3l a r\u00e1di\u00f3; Szab\u00f3\u2013K\u00e1llai.<\/br><\/p>\n","protected":false},"excerpt":{"rendered":"<p>Vadad, 1929. aug. 22., \u2020 Monte Carasso (Sv\u00e1jc), 2005. dec. 4. vagy 5.: k\u00e9pz\u0151m\u0171v\u00e9sz, pedag\u00f3gus, \u00edr\u00f3, k\u00f6lt\u0151. \u2013 Kv.-on v\u00e9gezte a Ion Andreescu K\u00e9pz\u0151m\u0171v. F\u0151iskol\u00e1t (1948\u201354), tan\u00e1rai Kov\u00e1cs Zolt\u00e1n, Mohi S\u00e1ndor, Mikl\u00f3ssy G\u00e1bor. K\u00f6z\u00e9piskolai tan\u00e1r Mv.-en (1954\u2013). A K\u00e9pz\u0151m\u0171v\u00e9szek Sz\u00f6vets\u00e9ge mv.-i fi\u00f3kj\u00e1nak eln\u00f6ke (1973\u2013). Sv\u00e1jcban \u00e9lt (1978\u2013). 150 ki\u00e1ll\u00edt\u00e1son szerepelt, egy francia katal\u00f3gus szerint (1978\u201390). [&hellip;]<\/p>\n","protected":false},"featured_media":0,"comment_status":"open","ping_status":"closed","template":"","meta":[],"product_brand":[],"product_cat":[137],"product_tag":[],"class_list":{"0":"post-23490","1":"product","2":"type-product","3":"status-publish","5":"product_cat-maros-megyei-eletrajzi-lexikon","7":"first","8":"instock","9":"shipping-taxable","10":"product-type-simple"},"_links":{"self":[{"href":"https:\/\/uj.adatbank.ro\/lexikon\/wp-json\/wp\/v2\/product\/23490","targetHints":{"allow":["GET"]}}],"collection":[{"href":"https:\/\/uj.adatbank.ro\/lexikon\/wp-json\/wp\/v2\/product"}],"about":[{"href":"https:\/\/uj.adatbank.ro\/lexikon\/wp-json\/wp\/v2\/types\/product"}],"replies":[{"embeddable":true,"href":"https:\/\/uj.adatbank.ro\/lexikon\/wp-json\/wp\/v2\/comments?post=23490"}],"wp:attachment":[{"href":"https:\/\/uj.adatbank.ro\/lexikon\/wp-json\/wp\/v2\/media?parent=23490"}],"wp:term":[{"taxonomy":"product_brand","embeddable":true,"href":"https:\/\/uj.adatbank.ro\/lexikon\/wp-json\/wp\/v2\/product_brand?post=23490"},{"taxonomy":"product_cat","embeddable":true,"href":"https:\/\/uj.adatbank.ro\/lexikon\/wp-json\/wp\/v2\/product_cat?post=23490"},{"taxonomy":"product_tag","embeddable":true,"href":"https:\/\/uj.adatbank.ro\/lexikon\/wp-json\/wp\/v2\/product_tag?post=23490"}],"curies":[{"name":"wp","href":"https:\/\/api.w.org\/{rel}","templated":true}]}}

TÖRÖK Pál, §

<p>Vadad, 1929. aug. 22., † Monte Carasso (Svájc), 2005. dec. 4. vagy 5.: képzőművész, pedagógus, író, költő. – Kv.-on végezte a Ion Andreescu Képzőműv. Főiskolát (1948–54), tanárai Kovács Zoltán, Mohi Sándor, Miklóssy Gábor. Középiskolai tanár Mv.-en (1954–). A Képzőművészek Szövetsége mv.-i fiókjának elnöke (1973–). Svájcban élt (1978–). 150 kiállításon szerepelt, egy francia katalógus szerint (1978–90). Kitüntették a francia nemzeti kultúra díjával és arany diplomájával (1989), Oszakában szintén aranydiplomát kapott (1989). Kv.-on szerepelt először kiállításon (1952) majd részt vett a tartományi, megyei, országos kiállításokon. Számos művészetelméleti, kritikai cikket közölt, előadásokat tartott a rádióban, népiegyetemen; filmforgatókönyvet írt Fülöp Antal Andor munkásságáról; köteteket illusztrált; a gyergyószárhegyi képzőművészeti tábor egyik alapító tagja. Műveit őrzik a mv.-i és buk.-i múzeumokban, külföldi gyűjteményekben (Bp., Moszkva, New York, Bécs, Makó). –  <strong>F. kiáll.:</strong>  <strong>csoportos:</strong> Mv. (1950, 1954, 1969), Csíkszereda, Buk., Kv., Segesvár (1955–), Szatmárnémeti; Bp. (2000). Részt vett a kovásznai kultúrház díszítésében (1959–60). –  <strong>F. m..:</strong> Kiáltás (1997). <br /><strong>– Irod.:</strong> Arcképcsarnok (Igaz Szó, 1972, 11. sz.); Banner; Bethlen Anikó; Csíkfalva; J. A.: Ifjú képzőművészek ajándéka (V. Z., 1960. szept. 15.); Katona Szabó István: Az Új Élet lexikona, 150. (Új Élet, 1976, 19. sz.); Miklóssy Gábor növendékei / Simon Endre (Bp., 2000); Molnár; Nagy Miklós Kund: Kettős üzenet Svájcból (Nú., Múzsa, 1998. dec. 19., 375. sz.); Nekrológ, (Nú., 2005. dec. 6.; dec. 10.); Szól a rádió; Szabó–Kállai.</br></p>

<p>Vadad, 1929. aug. 22., † Monte Carasso (Svájc), 2005. dec. 4. vagy 5.: képzőművész, pedagógus, író, költő. – Kv.-on végezte a Ion Andreescu Képzőműv. Főiskolát (1948–54), tanárai Kovács Zoltán, Mohi Sándor, Miklóssy Gábor. Középiskolai tanár Mv.-en (1954–). A Képzőművészek Szövetsége mv.-i fiókjának elnöke (1973–). Svájcban élt (1978–). 150 kiállításon szerepelt, egy francia katalógus szerint (1978–90). [&hellip;]</p>
