{"id":23493,"date":"2025-08-01T17:29:45","date_gmt":"2025-08-01T15:29:45","guid":{"rendered":"https:\/\/uj.adatbank.ro\/lexikon\/termek\/torok-samuel\/"},"modified":"2025-08-01T17:29:45","modified_gmt":"2025-08-01T15:29:45","slug":"torok-samuel","status":"publish","type":"product","link":"https:\/\/uj.adatbank.ro\/lexikon\/termek\/torok-samuel\/","title":{"rendered":"T\u00d6R\u00d6K S\u00e1muel"},"content":{"rendered":"<p>1759. \u2020 Somosd, 1809. m\u00e1rc. 3.: ref. lelk\u00e9sz. \u2013 Somosdon lelk\u00e9sz (1792. \u00e1pr. 1. \u2013 1909. m\u00e1rc. 3.). \u2013 A marburgi egyetemen tanult (1786. okt. 21.\u2013). A k\u00fck\u00fcll\u0151v\u00e1ri zsinaton szentelt\u00e9k papp\u00e1 (1791), Berekereszt\u00faron lelk\u00e9sz. Somosdon szolg\u00e1lt hal\u00e1l\u00e1ig (1792. \u00e1pr. 1.\u20131809. m\u00e1rc. 3.). Ebben az id\u0151ben \u00e9p\u00edtett\u00e9k az \u00faj templomot (1793. j\u00fan. 17. alapk\u0151let\u00e9t) \u00e9s ugyanakkor par\u00f3kia, mesteri h\u00e1z is \u00e9p\u00fclt. A berni egyetemen folytatta tanulm\u00e1nyait (1795. \u00e1pr. 1. \u2013), seg\u00e9lyt hozott a templom\u00e9p\u00edt\u00e9shez, az \u00e9p\u00edtkez\u00e9st befejezt\u00e9k (1805). Hal\u00e1la el\u0151tt egy V\u00e1radi Bibli\u00e1t (1660) aj\u00e1nd\u00e9kozott az egyh\u00e1znak. <br \/><strong>\u2013 Irod.:<\/strong> Somosd.<\/br><\/p>\n","protected":false},"excerpt":{"rendered":"<p>1759. \u2020 Somosd, 1809. m\u00e1rc. 3.: ref. lelk\u00e9sz. \u2013 Somosdon lelk\u00e9sz (1792. \u00e1pr. 1. \u2013 1909. m\u00e1rc. 3.). \u2013 A marburgi egyetemen tanult (1786. okt. 21.\u2013). A k\u00fck\u00fcll\u0151v\u00e1ri zsinaton szentelt\u00e9k papp\u00e1 (1791), Berekereszt\u00faron lelk\u00e9sz. Somosdon szolg\u00e1lt hal\u00e1l\u00e1ig (1792. \u00e1pr. 1.\u20131809. m\u00e1rc. 3.). Ebben az id\u0151ben \u00e9p\u00edtett\u00e9k az \u00faj templomot (1793. j\u00fan. 17. alapk\u0151let\u00e9t) \u00e9s ugyanakkor [&hellip;]<\/p>\n","protected":false},"featured_media":0,"comment_status":"open","ping_status":"closed","template":"","meta":[],"product_brand":[],"product_cat":[137],"product_tag":[],"class_list":{"0":"post-23493","1":"product","2":"type-product","3":"status-publish","5":"product_cat-maros-megyei-eletrajzi-lexikon","7":"first","8":"instock","9":"shipping-taxable","10":"product-type-simple"},"_links":{"self":[{"href":"https:\/\/uj.adatbank.ro\/lexikon\/wp-json\/wp\/v2\/product\/23493","targetHints":{"allow":["GET"]}}],"collection":[{"href":"https:\/\/uj.adatbank.ro\/lexikon\/wp-json\/wp\/v2\/product"}],"about":[{"href":"https:\/\/uj.adatbank.ro\/lexikon\/wp-json\/wp\/v2\/types\/product"}],"replies":[{"embeddable":true,"href":"https:\/\/uj.adatbank.ro\/lexikon\/wp-json\/wp\/v2\/comments?post=23493"}],"wp:attachment":[{"href":"https:\/\/uj.adatbank.ro\/lexikon\/wp-json\/wp\/v2\/media?parent=23493"}],"wp:term":[{"taxonomy":"product_brand","embeddable":true,"href":"https:\/\/uj.adatbank.ro\/lexikon\/wp-json\/wp\/v2\/product_brand?post=23493"},{"taxonomy":"product_cat","embeddable":true,"href":"https:\/\/uj.adatbank.ro\/lexikon\/wp-json\/wp\/v2\/product_cat?post=23493"},{"taxonomy":"product_tag","embeddable":true,"href":"https:\/\/uj.adatbank.ro\/lexikon\/wp-json\/wp\/v2\/product_tag?post=23493"}],"curies":[{"name":"wp","href":"https:\/\/api.w.org\/{rel}","templated":true}]}}

TÖRÖK Sámuel

<p>1759. † Somosd, 1809. márc. 3.: ref. lelkész. – Somosdon lelkész (1792. ápr. 1. – 1909. márc. 3.). – A marburgi egyetemen tanult (1786. okt. 21.–). A küküllővári zsinaton szentelték pappá (1791), Berekeresztúron lelkész. Somosdon szolgált haláláig (1792. ápr. 1.–1809. márc. 3.). Ebben az időben építették az új templomot (1793. jún. 17. alapkőletét) és ugyanakkor parókia, mesteri ház is épült. A berni egyetemen folytatta tanulmányait (1795. ápr. 1. –), segélyt hozott a templomépítéshez, az építkezést befejezték (1805). Halála előtt egy Váradi Bibliát (1660) ajándékozott az egyháznak. <br /><strong>– Irod.:</strong> Somosd.</br></p>

<p>1759. † Somosd, 1809. márc. 3.: ref. lelkész. – Somosdon lelkész (1792. ápr. 1. – 1909. márc. 3.). – A marburgi egyetemen tanult (1786. okt. 21.–). A küküllővári zsinaton szentelték pappá (1791), Berekeresztúron lelkész. Somosdon szolgált haláláig (1792. ápr. 1.–1809. márc. 3.). Ebben az időben építették az új templomot (1793. jún. 17. alapkőletét) és ugyanakkor [&hellip;]</p>
