{"id":23496,"date":"2025-08-01T17:29:56","date_gmt":"2025-08-01T15:29:56","guid":{"rendered":"https:\/\/uj.adatbank.ro\/lexikon\/termek\/torok-tibor-%c2%a7\/"},"modified":"2025-08-01T17:29:56","modified_gmt":"2025-08-01T15:29:56","slug":"torok-tibor-%c2%a7","status":"publish","type":"product","link":"https:\/\/uj.adatbank.ro\/lexikon\/termek\/torok-tibor-%c2%a7\/","title":{"rendered":"T\u00d6R\u00d6K Tibor, \u00a7"},"content":{"rendered":"<p>Sz\u00e9kelyhodos, 1947. nov. 29., \u2020 Ny\u00e1r\u00e1dszentm\u00e1rton, 2009. \u00e1pr. 5.: nagyb\u0151g\u0151s, titk\u00e1r, tan\u00e1r, k\u0151m\u0171ves, tisztvisel\u0151, alpolg\u00e1rmester. \u2013 Elemi iskol\u00e1ban Sz\u00e9kelyhodoson, Cs\u00edkfalv\u00e1n j\u00e1rt, Mv.-en a zenem\u0171v\u00e9szeti k\u00f6z\u00e9piskol\u00e1ban nagyb\u0151g\u0151s szakon v\u00e9gzett (1965). Sokf\u00e9le munk\u00e1t v\u00e1llalt t\u00f6bb k\u00f6zs\u00e9gben: Sz\u00e9kelyv\u00e9ck\u00e9n, Cs\u00edkfalv\u00e1n, Ny\u00e1r\u00e1dszentm\u00e1rtonban, Jobb\u00e1gyfalv\u00e1n. A cs\u00edkfalvi Polg\u00e1rmesteri Hivatal a f\u00f6ldbirtokok tiszt\u00e1z\u00e1s\u00e1val foglalkozott (2002\u201304), majd alpolg\u00e1rmesterk\u00e9nt j\u00f3 k\u00f6zs\u00e9ggazd\u00e1nak bizonyult (2004\u201309). T\u00f6bb \u00e9vig zen\u00e9lt, tagja volt a n\u00e9pi zenekarnak is. <br \/><strong>\u2013 Irod.:<\/strong> Cs\u00edkfalva.<\/br><\/p>\n","protected":false},"excerpt":{"rendered":"<p>Sz\u00e9kelyhodos, 1947. nov. 29., \u2020 Ny\u00e1r\u00e1dszentm\u00e1rton, 2009. \u00e1pr. 5.: nagyb\u0151g\u0151s, titk\u00e1r, tan\u00e1r, k\u0151m\u0171ves, tisztvisel\u0151, alpolg\u00e1rmester. \u2013 Elemi iskol\u00e1ban Sz\u00e9kelyhodoson, Cs\u00edkfalv\u00e1n j\u00e1rt, Mv.-en a zenem\u0171v\u00e9szeti k\u00f6z\u00e9piskol\u00e1ban nagyb\u0151g\u0151s szakon v\u00e9gzett (1965). Sokf\u00e9le munk\u00e1t v\u00e1llalt t\u00f6bb k\u00f6zs\u00e9gben: Sz\u00e9kelyv\u00e9ck\u00e9n, Cs\u00edkfalv\u00e1n, Ny\u00e1r\u00e1dszentm\u00e1rtonban, Jobb\u00e1gyfalv\u00e1n. A cs\u00edkfalvi Polg\u00e1rmesteri Hivatal a f\u00f6ldbirtokok tiszt\u00e1z\u00e1s\u00e1val foglalkozott (2002\u201304), majd alpolg\u00e1rmesterk\u00e9nt j\u00f3 k\u00f6zs\u00e9ggazd\u00e1nak bizonyult (2004\u201309). T\u00f6bb \u00e9vig [&hellip;]<\/p>\n","protected":false},"featured_media":0,"comment_status":"open","ping_status":"closed","template":"","meta":[],"product_brand":[],"product_cat":[137],"product_tag":[],"class_list":{"0":"post-23496","1":"product","2":"type-product","3":"status-publish","5":"product_cat-maros-megyei-eletrajzi-lexikon","7":"first","8":"instock","9":"shipping-taxable","10":"product-type-simple"},"_links":{"self":[{"href":"https:\/\/uj.adatbank.ro\/lexikon\/wp-json\/wp\/v2\/product\/23496","targetHints":{"allow":["GET"]}}],"collection":[{"href":"https:\/\/uj.adatbank.ro\/lexikon\/wp-json\/wp\/v2\/product"}],"about":[{"href":"https:\/\/uj.adatbank.ro\/lexikon\/wp-json\/wp\/v2\/types\/product"}],"replies":[{"embeddable":true,"href":"https:\/\/uj.adatbank.ro\/lexikon\/wp-json\/wp\/v2\/comments?post=23496"}],"wp:attachment":[{"href":"https:\/\/uj.adatbank.ro\/lexikon\/wp-json\/wp\/v2\/media?parent=23496"}],"wp:term":[{"taxonomy":"product_brand","embeddable":true,"href":"https:\/\/uj.adatbank.ro\/lexikon\/wp-json\/wp\/v2\/product_brand?post=23496"},{"taxonomy":"product_cat","embeddable":true,"href":"https:\/\/uj.adatbank.ro\/lexikon\/wp-json\/wp\/v2\/product_cat?post=23496"},{"taxonomy":"product_tag","embeddable":true,"href":"https:\/\/uj.adatbank.ro\/lexikon\/wp-json\/wp\/v2\/product_tag?post=23496"}],"curies":[{"name":"wp","href":"https:\/\/api.w.org\/{rel}","templated":true}]}}

TÖRÖK Tibor, §

<p>Székelyhodos, 1947. nov. 29., † Nyárádszentmárton, 2009. ápr. 5.: nagybőgős, titkár, tanár, kőműves, tisztviselő, alpolgármester. – Elemi iskolában Székelyhodoson, Csíkfalván járt, Mv.-en a zeneművészeti középiskolában nagybőgős szakon végzett (1965). Sokféle munkát vállalt több községben: Székelyvéckén, Csíkfalván, Nyárádszentmártonban, Jobbágyfalván. A csíkfalvi Polgármesteri Hivatal a földbirtokok tisztázásával foglalkozott (2002–04), majd alpolgármesterként jó községgazdának bizonyult (2004–09). Több évig zenélt, tagja volt a népi zenekarnak is. <br /><strong>– Irod.:</strong> Csíkfalva.</br></p>

<p>Székelyhodos, 1947. nov. 29., † Nyárádszentmárton, 2009. ápr. 5.: nagybőgős, titkár, tanár, kőműves, tisztviselő, alpolgármester. – Elemi iskolában Székelyhodoson, Csíkfalván járt, Mv.-en a zeneművészeti középiskolában nagybőgős szakon végzett (1965). Sokféle munkát vállalt több községben: Székelyvéckén, Csíkfalván, Nyárádszentmártonban, Jobbágyfalván. A csíkfalvi Polgármesteri Hivatal a földbirtokok tisztázásával foglalkozott (2002–04), majd alpolgármesterként jó községgazdának bizonyult (2004–09). Több évig [&hellip;]</p>
