{"id":23498,"date":"2025-08-01T17:30:02","date_gmt":"2025-08-01T15:30:02","guid":{"rendered":"https:\/\/uj.adatbank.ro\/lexikon\/termek\/torok-zoltan\/"},"modified":"2025-08-01T17:30:02","modified_gmt":"2025-08-01T15:30:02","slug":"torok-zoltan","status":"publish","type":"product","link":"https:\/\/uj.adatbank.ro\/lexikon\/termek\/torok-zoltan\/","title":{"rendered":"T\u00d6R\u00d6K Zolt\u00e1n"},"content":{"rendered":"<p>Mv., 1893. nov. 23, \u2020 Kv., 1963. \u00e1pr. 12: geol\u00f3gus. \u2013 Feles\u00e9ge: Kar\u00e1csonyi Emmi, fest\u0151m\u0171v\u00e9sz. \u2013 K\u00f6z\u00e9piskolai tanulm\u00e1nyait Mv.-en v\u00e9gezte. A kv.-i FJTE term\u00e9szettudom\u00e1nyi \u00e9s f\u00f6ldrajzi kar\u00e1n szerzett oklevelet, Sz\u00e1deczky Gyula prof. tan\u00edtv\u00e1nyak\u00e9nt (1916). Az I. vh.-ban katonak\u00e9nt az olasz fronton harcolt. A h\u00e1bor\u00fa ut\u00e1n egy r\u00f6vid ideig \u00fajra az egyetemen dolgozott, de a m. egyetem megsz\u0171nt\u00e9vel elvesztette \u00e1ll\u00e1s\u00e1t. D\u00e9v\u00e1n, majd Segesv\u00e1ron a rom\u00e1n l\u00edc.-ban tan\u00e1r (1920\u201338), emellett a buk.-i f\u00f6ldtani int. k\u00fcls\u0151 munkat\u00e1rsak\u00e9nt a Kelemen-havasokban v\u00e9gzett kutat\u00e1sokat \u00e9s elv\u00e9gezte a f\u00f6ldtani felt\u00e9rk\u00e9pez\u00e9s\u00e9t. A kv.-i rom\u00e1n l\u00edc. igazgat\u00f3ja (1938\u201342), a kv.-i gyakorl\u00f3 gimn. tan\u00e1ra (1942\u201345), a kv.-i egy. t. tan\u00e1rseg\u00e9de, A Bolyai TE-en a f\u00f6ldtan tansz\u00e9kvezet\u0151je, egy. tan\u00e1ra nyugd\u00edjaz\u00e1s\u00e1ig (1945\u201359), de tov\u00e1bb folytatta tudom\u00e1nyos kutat\u00e1sait. F\u0151k\u00e9nt az erd\u00e9lyi harmadkori vulk\u00e1ni hegys\u00e9gek. k\u00fcl\u00f6n\u00f6sen a Kelemen-havasok \u00e9s a Keleti K\u00e1rp\u00e1tok vulk\u00e1ni vonulat\u00e1nak kutat\u00e1s\u00e1val foglalkozott. Tudom\u00e1nyos dolgozatai jelentek meg: Az I. FJTE Almanachja, Erd\u00e9lyi M\u00fazeum, M\u00fazeumi F\u00fczetek, Acta Geologica, F\u00f6ldtani K\u00f6zl\u00f6ny, Studia Universitatum Babes Bolyai a pozsonyi Geolocke Prace, a moszkvai Izvesztija Akad. Nauk SzSzSzR, segesv\u00e1ri iskol\u00e1j\u00e1nak \u00e9vk\u00f6nyvei Anuarul Liceului Principele Nicolae (1929 \u00e9s 1933), a Rom\u00e1n F\u00f6ldtani Int\u00e9zet ill. a F\u00f6ldtani Bizotts\u00e1g besz\u00e1mol\u00f3k\u00f6tetei (D\u0103ri de seam\u0103 ale \u015eedin\u0163elor Institutului Geologic Rom\u00e2n (Buk., 193], 1953, 1956), Magyar F\u00f6ldtani Int\u00e9zet Besz\u00e1mol\u00f3i (Bp, 1942), az EME X., XII v\u00e1ndorgy\u0171l\u00e9seinek Eml\u00e9kk\u00f6nyvei (Kv., 1930, 1935), Sz\u00e1deczky-Kardos Gyula Eml\u00e9kk\u00f6nyv (Kv., 1938), a BTE 1945\u201355 jubileumi k\u00f6tete (Kv., 1956). \u2013  <strong>F. m..:<\/strong> Adatok a Nagyk\u00fck\u00fcll\u0151megyei neog\u00e9n ismertet\u00e9s\u00e9hez (Kv., 1931); Coralii arhitec\u0163i ai st\u00e2ncilor calcaroase (Buk., 1933); Cercet\u0103ri geologice \u00een jud. T\u00e2rnava Mare (Sighi\u015foara, 1933); Geomorfol\u00f3giai tanulm\u00e1nyok Segesv\u00e1r vid\u00e9k\u00e9r\u0151l (Kv., 1939); F\u00f6ldtani vizsg\u00e1latok a Kelemen Havasok erupt\u00edvuma keleti \u00e9s nyugati szeg\u00e9ly\u00e9n \u00e9s a Maros-szorosban (M. F\u00f6ldtani Int. \u00e9ves jelent\u00e9se, 1942); A komplex f\u00e1ciesek m\u00f3dszer\u00e9nek elm\u00e9leti \u00e9s gyakorlati k\u00e9rd\u00e9sei. Kelemen havasok (Kv., 1944); A Kelemen havasok erupt\u00edv k\u00e9pz\u0151dm\u00e9nyei (1944); A Kelemen Havasokban, valamint a G\u00f6rg\u00e9nyi-Hargita vulk\u00e1ni l\u00e1nc ter\u00fclet\u00e9n tal\u00e1lhat\u00f3 fiatal erupt\u00edvum geol\u00f3giai kutat\u00e1s\u00e1nak m\u00f3dszertani k\u00e9rd\u00e9sei (A Kv.-i Bolyai Egy. 1945\u20131955. Kv., 1956); Kontinensek term\u00e9szeti f\u00f6ldrajza I\u2013II. (Kv., 1959); Vorschlag f\u00fcr eine Verbesserung der Klassifizierung und der Forschungsmethodik der Pyroklastite (1962); Mun\u0163ii C\u0103liman (Buk., 1963). <br \/><strong>\u2013 Irod.:<\/strong> Clujeni ai sec. 20; M\u00c9L; M\u00e9sz\u00e1ros Mikl\u00f3s: T. Z. professzor (N\u00fa., 1995. m\u00e1j. 20.); MNL; MUL; RMIL; Rugonfalvi Kiss; Sz\u00e9kely tud\u00f3sok; Todea; \u00daM\u00c9L.<\/br><\/p>\n","protected":false},"excerpt":{"rendered":"<p>Mv., 1893. nov. 23, \u2020 Kv., 1963. \u00e1pr. 12: geol\u00f3gus. \u2013 Feles\u00e9ge: Kar\u00e1csonyi Emmi, fest\u0151m\u0171v\u00e9sz. \u2013 K\u00f6z\u00e9piskolai tanulm\u00e1nyait Mv.-en v\u00e9gezte. A kv.-i FJTE term\u00e9szettudom\u00e1nyi \u00e9s f\u00f6ldrajzi kar\u00e1n szerzett oklevelet, Sz\u00e1deczky Gyula prof. tan\u00edtv\u00e1nyak\u00e9nt (1916). Az I. vh.-ban katonak\u00e9nt az olasz fronton harcolt. A h\u00e1bor\u00fa ut\u00e1n egy r\u00f6vid ideig \u00fajra az egyetemen dolgozott, de a m. [&hellip;]<\/p>\n","protected":false},"featured_media":0,"comment_status":"open","ping_status":"closed","template":"","meta":[],"product_brand":[],"product_cat":[137],"product_tag":[],"class_list":{"0":"post-23498","1":"product","2":"type-product","3":"status-publish","5":"product_cat-maros-megyei-eletrajzi-lexikon","7":"first","8":"instock","9":"shipping-taxable","10":"product-type-simple"},"_links":{"self":[{"href":"https:\/\/uj.adatbank.ro\/lexikon\/wp-json\/wp\/v2\/product\/23498","targetHints":{"allow":["GET"]}}],"collection":[{"href":"https:\/\/uj.adatbank.ro\/lexikon\/wp-json\/wp\/v2\/product"}],"about":[{"href":"https:\/\/uj.adatbank.ro\/lexikon\/wp-json\/wp\/v2\/types\/product"}],"replies":[{"embeddable":true,"href":"https:\/\/uj.adatbank.ro\/lexikon\/wp-json\/wp\/v2\/comments?post=23498"}],"wp:attachment":[{"href":"https:\/\/uj.adatbank.ro\/lexikon\/wp-json\/wp\/v2\/media?parent=23498"}],"wp:term":[{"taxonomy":"product_brand","embeddable":true,"href":"https:\/\/uj.adatbank.ro\/lexikon\/wp-json\/wp\/v2\/product_brand?post=23498"},{"taxonomy":"product_cat","embeddable":true,"href":"https:\/\/uj.adatbank.ro\/lexikon\/wp-json\/wp\/v2\/product_cat?post=23498"},{"taxonomy":"product_tag","embeddable":true,"href":"https:\/\/uj.adatbank.ro\/lexikon\/wp-json\/wp\/v2\/product_tag?post=23498"}],"curies":[{"name":"wp","href":"https:\/\/api.w.org\/{rel}","templated":true}]}}

TÖRÖK Zoltán

<p>Mv., 1893. nov. 23, † Kv., 1963. ápr. 12: geológus. – Felesége: Karácsonyi Emmi, festőművész. – Középiskolai tanulmányait Mv.-en végezte. A kv.-i FJTE természettudományi és földrajzi karán szerzett oklevelet, Szádeczky Gyula prof. tanítványaként (1916). Az I. vh.-ban katonaként az olasz fronton harcolt. A háború után egy rövid ideig újra az egyetemen dolgozott, de a m. egyetem megszűntével elvesztette állását. Déván, majd Segesváron a román líc.-ban tanár (1920–38), emellett a buk.-i földtani int. külső munkatársaként a Kelemen-havasokban végzett kutatásokat és elvégezte a földtani feltérképezését. A kv.-i román líc. igazgatója (1938–42), a kv.-i gyakorló gimn. tanára (1942–45), a kv.-i egy. t. tanársegéde, A Bolyai TE-en a földtan tanszékvezetője, egy. tanára nyugdíjazásáig (1945–59), de tovább folytatta tudományos kutatásait. Főként az erdélyi harmadkori vulkáni hegységek. különösen a Kelemen-havasok és a Keleti Kárpátok vulkáni vonulatának kutatásával foglalkozott. Tudományos dolgozatai jelentek meg: Az I. FJTE Almanachja, Erdélyi Múzeum, Múzeumi Füzetek, Acta Geologica, Földtani Közlöny, Studia Universitatum Babes Bolyai a pozsonyi Geolocke Prace, a moszkvai Izvesztija Akad. Nauk SzSzSzR, segesvári iskolájának évkönyvei Anuarul Liceului Principele Nicolae (1929 és 1933), a Román Földtani Intézet ill. a Földtani Bizottság beszámolókötetei (Dări de seamă ale Şedinţelor Institutului Geologic Român (Buk., 193], 1953, 1956), Magyar Földtani Intézet Beszámolói (Bp, 1942), az EME X., XII vándorgyűléseinek Emlékkönyvei (Kv., 1930, 1935), Szádeczky-Kardos Gyula Emlékkönyv (Kv., 1938), a BTE 1945–55 jubileumi kötete (Kv., 1956). –  <strong>F. m..:</strong> Adatok a Nagyküküllőmegyei neogén ismertetéséhez (Kv., 1931); Coralii arhitecţi ai stâncilor calcaroase (Buk., 1933); Cercetări geologice în jud. Târnava Mare (Sighişoara, 1933); Geomorfológiai tanulmányok Segesvár vidékéről (Kv., 1939); Földtani vizsgálatok a Kelemen Havasok eruptívuma keleti és nyugati szegélyén és a Maros-szorosban (M. Földtani Int. éves jelentése, 1942); A komplex fáciesek módszerének elméleti és gyakorlati kérdései. Kelemen havasok (Kv., 1944); A Kelemen havasok eruptív képződményei (1944); A Kelemen Havasokban, valamint a Görgényi-Hargita vulkáni lánc területén található fiatal eruptívum geológiai kutatásának módszertani kérdései (A Kv.-i Bolyai Egy. 1945–1955. Kv., 1956); Kontinensek természeti földrajza I–II. (Kv., 1959); Vorschlag für eine Verbesserung der Klassifizierung und der Forschungsmethodik der Pyroklastite (1962); Munţii Căliman (Buk., 1963). <br /><strong>– Irod.:</strong> Clujeni ai sec. 20; MÉL; Mészáros Miklós: T. Z. professzor (Nú., 1995. máj. 20.); MNL; MUL; RMIL; Rugonfalvi Kiss; Székely tudósok; Todea; ÚMÉL.</br></p>

<p>Mv., 1893. nov. 23, † Kv., 1963. ápr. 12: geológus. – Felesége: Karácsonyi Emmi, festőművész. – Középiskolai tanulmányait Mv.-en végezte. A kv.-i FJTE természettudományi és földrajzi karán szerzett oklevelet, Szádeczky Gyula prof. tanítványaként (1916). Az I. vh.-ban katonaként az olasz fronton harcolt. A háború után egy rövid ideig újra az egyetemen dolgozott, de a m. [&hellip;]</p>
