{"id":23502,"date":"2025-08-01T17:30:12","date_gmt":"2025-08-01T15:30:12","guid":{"rendered":"https:\/\/uj.adatbank.ro\/lexikon\/termek\/tosa-alexandru\/"},"modified":"2025-08-01T17:30:12","modified_gmt":"2025-08-01T15:30:12","slug":"tosa-alexandru","status":"publish","type":"product","link":"https:\/\/uj.adatbank.ro\/lexikon\/termek\/tosa-alexandru\/","title":{"rendered":"TO\u015eA, Alexandru"},"content":{"rendered":"<p>Gyer\u0151falva, 1936. j\u00fal. 27., \u2020 Mv., 2001. \u00e1pr. 8 v 9.: rom\u00e1ntan\u00e1r, kutat\u00f3, egyetemi el\u0151ad\u00f3tan\u00e1r. \u2013 Sz\u00fcl\u0151faluj\u00e1ban \u00e9s Egeresen, majd Kv.-on \u00e9p\u00edt\u00e9szeti szakiskol\u00e1ban tanult, a kv.-i 10-es sz. Elm\u00e9leti L\u00edc.-ban \u00e9retts\u00e9gizett, p\u00e1rhuzamosan sportiskol\u00e1t is v\u00e9gzett torna szakon. Kv.-on a BBTE rom\u00e1n nyelv \u00e9s irod. szak\u00e1n szerzett okl.-t (1961), filoz\u00f3fi\u00e1t \u00e9s m\u0171v\u00e9szett\u00f6rt\u00e9netet hallgatott az egyetemen, ahol miut\u00e1n diplom\u00e1zott, tan\u00e1rseg\u00e9d lett. Tov\u00e1bbk\u00e9pz\u00e9st Buk.-ben, Temesv\u00e1ron, Kv.-on \u00e9s Ia\u015fiban v\u00e9gzett, francia, angol, n\u00e9met \u00e9s orosz nyelvet tanult. \u00c1ltal\u00e1nos nyelv\u00e9szetb\u0151l Temesv\u00e1ron szerzett doktor\u00e1tust (1972). Kutat\u00f3i \u00e1ll\u00e1st \u00e9s katedr\u00e1t kapott a Mv.-en a 3 \u00e9ves Pedag\u00f3giai F\u0151iskol\u00e1n a filol\u00f3gia szak felsz\u00e1mol\u00e1s\u00e1ig (1968\u20131980), a Filol\u00f3gia karnak a katedraf\u0151n\u00f6ke volt, \u00e9rt\u00e9kes kurzusokat \u00e1ll\u00edtott \u00f6ssze, majd nyugd\u00edjaz\u00e1s\u00e1ig a mv.-i 15. sz\u00e1m\u00fa iskol\u00e1ban tan\u00edtott. El\u0151ad\u00f3 tan\u00e1r volt a brass\u00f3i Transilvania egyetemen (1991\u201392), a mv.-i Dimitrie Cantemir egyetem filol\u00f3gia kar\u00e1nak d\u00e9k\u00e1nja (1992\u201393). T\u00f6bb mint 50 nyelv\u00e9szeti cikket \u00e9s tanulm\u00e1nyt k\u00f6z\u00f6lt a Vatra c. lapban, felt\u00e9rk\u00e9pezte sz\u00fcl\u0151faluja helyneveit \u00e9s tanulm\u00e1nyba foglalva a Cercet\u0103ri de lingvistic\u0103 c. szaklapban k\u00f6z\u00f6lte. Az \u00c1llami Lev\u00e9lt\u00e1r \u00e9s a MMK-ban kutatott rendszeresen, k\u00e9ziratban maradtak k\u00f6tetei: Efemeride, John Locke \u015fi filozofia limbii, Cauz\u0103 \u015fi efect \u00een limb\u0103, Tablete de lingvistic\u0103, Toponomia V\u0103ii Superioare a Mure\u015fului. Cikkei jelentek meg Cercet\u0103ri de lingvistic\u0103, Limb\u0103 \u015fi literatur\u0103, Revista de pedagogie, Vatra c. lapokban. A Mv.-i R\u00e1di\u00f3 munkat\u00e1rsa (1962\u201363). \u2013  <strong>F. m..:<\/strong> Lingvistic\u0103 general\u0103 (Tg. M., 1974), Elemente de morfologie (Tg. M., 1977; Buc., 1983), Stilistica limbii rom\u00e2ne (Tg. M., 1978), Istoria lingvisticii (Tg. M., 1979), Tablete de lingvistic\u0103 (Tg. M., 2004), Efemeride (Tg. M., 2004). <br \/><strong>\u2013 Irod.:<\/strong> Nekrol\u00f3g (C. L., 2001. \u00e1pr. 12.); Dasc\u0103li mure\u015feni, 1.; Duicu, Serafim: Formele nelini\u015ftii (Tg. M., 2009).<\/br><\/p>\n","protected":false},"excerpt":{"rendered":"<p>Gyer\u0151falva, 1936. j\u00fal. 27., \u2020 Mv., 2001. \u00e1pr. 8 v 9.: rom\u00e1ntan\u00e1r, kutat\u00f3, egyetemi el\u0151ad\u00f3tan\u00e1r. \u2013 Sz\u00fcl\u0151faluj\u00e1ban \u00e9s Egeresen, majd Kv.-on \u00e9p\u00edt\u00e9szeti szakiskol\u00e1ban tanult, a kv.-i 10-es sz. Elm\u00e9leti L\u00edc.-ban \u00e9retts\u00e9gizett, p\u00e1rhuzamosan sportiskol\u00e1t is v\u00e9gzett torna szakon. Kv.-on a BBTE rom\u00e1n nyelv \u00e9s irod. szak\u00e1n szerzett okl.-t (1961), filoz\u00f3fi\u00e1t \u00e9s m\u0171v\u00e9szett\u00f6rt\u00e9netet hallgatott az egyetemen, ahol [&hellip;]<\/p>\n","protected":false},"featured_media":0,"comment_status":"open","ping_status":"closed","template":"","meta":[],"product_brand":[],"product_cat":[137],"product_tag":[],"class_list":{"0":"post-23502","1":"product","2":"type-product","3":"status-publish","5":"product_cat-maros-megyei-eletrajzi-lexikon","7":"first","8":"instock","9":"shipping-taxable","10":"product-type-simple"},"_links":{"self":[{"href":"https:\/\/uj.adatbank.ro\/lexikon\/wp-json\/wp\/v2\/product\/23502","targetHints":{"allow":["GET"]}}],"collection":[{"href":"https:\/\/uj.adatbank.ro\/lexikon\/wp-json\/wp\/v2\/product"}],"about":[{"href":"https:\/\/uj.adatbank.ro\/lexikon\/wp-json\/wp\/v2\/types\/product"}],"replies":[{"embeddable":true,"href":"https:\/\/uj.adatbank.ro\/lexikon\/wp-json\/wp\/v2\/comments?post=23502"}],"wp:attachment":[{"href":"https:\/\/uj.adatbank.ro\/lexikon\/wp-json\/wp\/v2\/media?parent=23502"}],"wp:term":[{"taxonomy":"product_brand","embeddable":true,"href":"https:\/\/uj.adatbank.ro\/lexikon\/wp-json\/wp\/v2\/product_brand?post=23502"},{"taxonomy":"product_cat","embeddable":true,"href":"https:\/\/uj.adatbank.ro\/lexikon\/wp-json\/wp\/v2\/product_cat?post=23502"},{"taxonomy":"product_tag","embeddable":true,"href":"https:\/\/uj.adatbank.ro\/lexikon\/wp-json\/wp\/v2\/product_tag?post=23502"}],"curies":[{"name":"wp","href":"https:\/\/api.w.org\/{rel}","templated":true}]}}

TOŞA, Alexandru

<p>Gyerőfalva, 1936. júl. 27., † Mv., 2001. ápr. 8 v 9.: romántanár, kutató, egyetemi előadótanár. – Szülőfalujában és Egeresen, majd Kv.-on építészeti szakiskolában tanult, a kv.-i 10-es sz. Elméleti Líc.-ban érettségizett, párhuzamosan sportiskolát is végzett torna szakon. Kv.-on a BBTE román nyelv és irod. szakán szerzett okl.-t (1961), filozófiát és művészettörténetet hallgatott az egyetemen, ahol miután diplomázott, tanársegéd lett. Továbbképzést Buk.-ben, Temesváron, Kv.-on és Iaşiban végzett, francia, angol, német és orosz nyelvet tanult. Általános nyelvészetből Temesváron szerzett doktorátust (1972). Kutatói állást és katedrát kapott a Mv.-en a 3 éves Pedagógiai Főiskolán a filológia szak felszámolásáig (1968–1980), a Filológia karnak a katedrafőnöke volt, értékes kurzusokat állított össze, majd nyugdíjazásáig a mv.-i 15. számú iskolában tanított. Előadó tanár volt a brassói Transilvania egyetemen (1991–92), a mv.-i Dimitrie Cantemir egyetem filológia karának dékánja (1992–93). Több mint 50 nyelvészeti cikket és tanulmányt közölt a Vatra c. lapban, feltérképezte szülőfaluja helyneveit és tanulmányba foglalva a Cercetări de lingvistică c. szaklapban közölte. Az Állami Levéltár és a MMK-ban kutatott rendszeresen, kéziratban maradtak kötetei: Efemeride, John Locke şi filozofia limbii, Cauză şi efect în limbă, Tablete de lingvistică, Toponomia Văii Superioare a Mureşului. Cikkei jelentek meg Cercetări de lingvistică, Limbă şi literatură, Revista de pedagogie, Vatra c. lapokban. A Mv.-i Rádió munkatársa (1962–63). –  <strong>F. m..:</strong> Lingvistică generală (Tg. M., 1974), Elemente de morfologie (Tg. M., 1977; Buc., 1983), Stilistica limbii române (Tg. M., 1978), Istoria lingvisticii (Tg. M., 1979), Tablete de lingvistică (Tg. M., 2004), Efemeride (Tg. M., 2004). <br /><strong>– Irod.:</strong> Nekrológ (C. L., 2001. ápr. 12.); Dascăli mureşeni, 1.; Duicu, Serafim: Formele neliniştii (Tg. M., 2009).</br></p>

<p>Gyerőfalva, 1936. júl. 27., † Mv., 2001. ápr. 8 v 9.: romántanár, kutató, egyetemi előadótanár. – Szülőfalujában és Egeresen, majd Kv.-on építészeti szakiskolában tanult, a kv.-i 10-es sz. Elméleti Líc.-ban érettségizett, párhuzamosan sportiskolát is végzett torna szakon. Kv.-on a BBTE román nyelv és irod. szakán szerzett okl.-t (1961), filozófiát és művészettörténetet hallgatott az egyetemen, ahol [&hellip;]</p>
