{"id":23503,"date":"2025-08-01T17:30:14","date_gmt":"2025-08-01T15:30:14","guid":{"rendered":"https:\/\/uj.adatbank.ro\/lexikon\/termek\/toszo-arpad\/"},"modified":"2025-08-01T17:30:14","modified_gmt":"2025-08-01T15:30:14","slug":"toszo-arpad","status":"publish","type":"product","link":"https:\/\/uj.adatbank.ro\/lexikon\/termek\/toszo-arpad\/","title":{"rendered":"TOSZ\u00d3 \u00c1rp\u00e1d"},"content":{"rendered":"<p>Vadad, 1936. nov. 8., \u2020 Temesv\u00e1r, 1992. j\u00fan.: \u00e1llatteny\u00e9szt\u00e9si, k\u00f6nny\u0171ipari m\u00e9rn\u00f6k. \u2013 A mv.-i Ref. Koll. v\u00e9gezte k\u00f6z\u00e9piskol\u00e1it (1954); a temesv\u00e1ri \u00c1llatorvosi Egyetem \u00c1llatteny\u00e9szeti M\u00e9rn\u00f6ki kar\u00e1n v\u00e9gzett (1960). Buzia\u015f melletti \u00e1llatnemes\u00edt\u00e9si farmra helyezt\u00e9k, majd Mv.-en a Tartom\u00e1nyi Mez\u0151gazdas\u00e1gi Oszt\u00e1lyon mint f\u0151m\u00e9rn\u00f6k dolgozott, innen Temesv\u00e1rra ker\u00fclt, felmondta \u00e1ll\u00e1s\u00e1t \u00e9s a Guban gy\u00e1rban dolgozott, \u00e1tk\u00e9pezte mag\u00e1t k\u00f6nny\u0171ipari m\u00e9rn\u00f6kk\u00e9. Ergon\u00f3miai Kutat\u00f3 Laborat\u00f3riumban dolgozott, dolgozatokat \u00edrt, el\u0151ad\u00e1sokat tartott, de g\u00e1tolt\u00e1k tev\u00e9kenys\u00e9g\u00e9t. T\u0151k\u00e9s L\u00e1szl\u00f3 k\u00f6zeli munkat\u00e1rsa \u00e9s v\u00e9delmez\u0151je, ez\u00e9rt a securitate figyelm\u00e9be ker\u00fclt. Majd k\u00f6vetelte a temesv\u00e1ri sort\u00fczek felel\u0151seinek megb\u00fcntet\u00e9s\u00e9t. Tiszt\u00e1zatlan k\u00f6r\u00fclm\u00e9nyek k\u00f6z\u00f6tt szerzett s\u00falyos koponya- \u00e9s m\u00e1s s\u00e9r\u00fcl\u00e9sek miatt r\u00f6vid id\u0151 ut\u00e1n meghalt. <br \/><strong>\u2013 Irod.:<\/strong> Cs\u00edkfalva; Kincses El\u0151d: Az iskola m\u00e1rt\u00edrjai (N\u00fa., 2007. aug. 28.); Sk\u00f3la; TETT (1980. 1\u20132; 1989. 3.); Weszely Tibor: Eml\u00e9kez\u00e9s Tosz\u00f3 \u00c1rp\u00e1dra (N\u00fa., 1993. j\u00fal. 10.).<\/br><\/p>\n","protected":false},"excerpt":{"rendered":"<p>Vadad, 1936. nov. 8., \u2020 Temesv\u00e1r, 1992. j\u00fan.: \u00e1llatteny\u00e9szt\u00e9si, k\u00f6nny\u0171ipari m\u00e9rn\u00f6k. \u2013 A mv.-i Ref. Koll. v\u00e9gezte k\u00f6z\u00e9piskol\u00e1it (1954); a temesv\u00e1ri \u00c1llatorvosi Egyetem \u00c1llatteny\u00e9szeti M\u00e9rn\u00f6ki kar\u00e1n v\u00e9gzett (1960). Buzia\u015f melletti \u00e1llatnemes\u00edt\u00e9si farmra helyezt\u00e9k, majd Mv.-en a Tartom\u00e1nyi Mez\u0151gazdas\u00e1gi Oszt\u00e1lyon mint f\u0151m\u00e9rn\u00f6k dolgozott, innen Temesv\u00e1rra ker\u00fclt, felmondta \u00e1ll\u00e1s\u00e1t \u00e9s a Guban gy\u00e1rban dolgozott, \u00e1tk\u00e9pezte mag\u00e1t k\u00f6nny\u0171ipari [&hellip;]<\/p>\n","protected":false},"featured_media":0,"comment_status":"open","ping_status":"closed","template":"","meta":[],"product_brand":[],"product_cat":[137],"product_tag":[],"class_list":{"0":"post-23503","1":"product","2":"type-product","3":"status-publish","5":"product_cat-maros-megyei-eletrajzi-lexikon","7":"first","8":"instock","9":"shipping-taxable","10":"product-type-simple"},"_links":{"self":[{"href":"https:\/\/uj.adatbank.ro\/lexikon\/wp-json\/wp\/v2\/product\/23503","targetHints":{"allow":["GET"]}}],"collection":[{"href":"https:\/\/uj.adatbank.ro\/lexikon\/wp-json\/wp\/v2\/product"}],"about":[{"href":"https:\/\/uj.adatbank.ro\/lexikon\/wp-json\/wp\/v2\/types\/product"}],"replies":[{"embeddable":true,"href":"https:\/\/uj.adatbank.ro\/lexikon\/wp-json\/wp\/v2\/comments?post=23503"}],"wp:attachment":[{"href":"https:\/\/uj.adatbank.ro\/lexikon\/wp-json\/wp\/v2\/media?parent=23503"}],"wp:term":[{"taxonomy":"product_brand","embeddable":true,"href":"https:\/\/uj.adatbank.ro\/lexikon\/wp-json\/wp\/v2\/product_brand?post=23503"},{"taxonomy":"product_cat","embeddable":true,"href":"https:\/\/uj.adatbank.ro\/lexikon\/wp-json\/wp\/v2\/product_cat?post=23503"},{"taxonomy":"product_tag","embeddable":true,"href":"https:\/\/uj.adatbank.ro\/lexikon\/wp-json\/wp\/v2\/product_tag?post=23503"}],"curies":[{"name":"wp","href":"https:\/\/api.w.org\/{rel}","templated":true}]}}

TOSZÓ Árpád

<p>Vadad, 1936. nov. 8., † Temesvár, 1992. jún.: állattenyésztési, könnyűipari mérnök. – A mv.-i Ref. Koll. végezte középiskoláit (1954); a temesvári Állatorvosi Egyetem Állattenyészeti Mérnöki karán végzett (1960). Buziaş melletti állatnemesítési farmra helyezték, majd Mv.-en a Tartományi Mezőgazdasági Osztályon mint főmérnök dolgozott, innen Temesvárra került, felmondta állását és a Guban gyárban dolgozott, átképezte magát könnyűipari mérnökké. Ergonómiai Kutató Laboratóriumban dolgozott, dolgozatokat írt, előadásokat tartott, de gátolták tevékenységét. Tőkés László közeli munkatársa és védelmezője, ezért a securitate figyelmébe került. Majd követelte a temesvári sortüzek felelőseinek megbüntetését. Tisztázatlan körülmények között szerzett súlyos koponya- és más sérülések miatt rövid idő után meghalt. <br /><strong>– Irod.:</strong> Csíkfalva; Kincses Előd: Az iskola mártírjai (Nú., 2007. aug. 28.); Skóla; TETT (1980. 1–2; 1989. 3.); Weszely Tibor: Emlékezés Toszó Árpádra (Nú., 1993. júl. 10.).</br></p>

<p>Vadad, 1936. nov. 8., † Temesvár, 1992. jún.: állattenyésztési, könnyűipari mérnök. – A mv.-i Ref. Koll. végezte középiskoláit (1954); a temesvári Állatorvosi Egyetem Állattenyészeti Mérnöki karán végzett (1960). Buziaş melletti állatnemesítési farmra helyezték, majd Mv.-en a Tartományi Mezőgazdasági Osztályon mint főmérnök dolgozott, innen Temesvárra került, felmondta állását és a Guban gyárban dolgozott, átképezte magát könnyűipari [&hellip;]</p>
