{"id":23505,"date":"2025-08-01T17:30:22","date_gmt":"2025-08-01T15:30:22","guid":{"rendered":"https:\/\/uj.adatbank.ro\/lexikon\/termek\/tot-klara-karacsonyfalvi-nyiro-samuelne\/"},"modified":"2025-08-01T17:30:22","modified_gmt":"2025-08-01T15:30:22","slug":"tot-klara-karacsonyfalvi-nyiro-samuelne","status":"publish","type":"product","link":"https:\/\/uj.adatbank.ro\/lexikon\/termek\/tot-klara-karacsonyfalvi-nyiro-samuelne\/","title":{"rendered":"T\u00d3T Kl\u00e1ra, kar\u00e1csonyfalvi; Nyir\u0151 S\u00e1mueln\u00e9"},"content":{"rendered":"<p>1742 \u2020 Mv., 1807. nov. 22 . \u2013Versben siratta el meghalt k\u00e9t le\u00e1ny\u00e1t. \u2013  <strong>F. m..:<\/strong> Amaz \u00f6t eszes sz\u00fczekkel t\u00e1rsalkod\u00f3 k\u00e9t sz\u00fczek: mv.-i Nyir\u0151 Roz\u00e1lia \u00e9s Nyir\u0151 \u00c1gnes, kik k\u00f6z\u00fcl az egyiket, mint kegyess\u00e9ggel \u00e9s ifj\u00fas\u00e1ggal vir\u00e1gzott \u00e9kes ros\u00e1t, a m\u00e1st pedig mint J\u00e9zussal besz\u00e9lget\u0151 b\u00e1r\u00e1nyt, megsuratta \u00e9s boldog hal\u00e1lok ut\u00e1n \u00f6r\u00f6k eml\u00e9kezetben hagyni kiv\u00e1nta, m\u00e9llyen megsebhedett \u00e9desanyok Kar\u00e1csonyfalvi T\u00f3t Kl\u00e1ra, tek. nemes. Mv.-i Nyir\u0151 Samuel \u00farnak h\u00e1zas t\u00e1rsa 1792. esztend\u0151ben (Kv., 1792). <br \/><strong>\u2013 Irod.:<\/strong> Csekme; F\u00fcl\u00f6p\u2013Ferencz.<\/br><\/p>\n","protected":false},"excerpt":{"rendered":"<p>1742 \u2020 Mv., 1807. nov. 22 . \u2013Versben siratta el meghalt k\u00e9t le\u00e1ny\u00e1t. \u2013 F. m..: Amaz \u00f6t eszes sz\u00fczekkel t\u00e1rsalkod\u00f3 k\u00e9t sz\u00fczek: mv.-i Nyir\u0151 Roz\u00e1lia \u00e9s Nyir\u0151 \u00c1gnes, kik k\u00f6z\u00fcl az egyiket, mint kegyess\u00e9ggel \u00e9s ifj\u00fas\u00e1ggal vir\u00e1gzott \u00e9kes ros\u00e1t, a m\u00e1st pedig mint J\u00e9zussal besz\u00e9lget\u0151 b\u00e1r\u00e1nyt, megsuratta \u00e9s boldog hal\u00e1lok ut\u00e1n \u00f6r\u00f6k eml\u00e9kezetben hagyni [&hellip;]<\/p>\n","protected":false},"featured_media":0,"comment_status":"open","ping_status":"closed","template":"","meta":[],"product_brand":[],"product_cat":[137],"product_tag":[],"class_list":{"0":"post-23505","1":"product","2":"type-product","3":"status-publish","5":"product_cat-maros-megyei-eletrajzi-lexikon","7":"first","8":"instock","9":"shipping-taxable","10":"product-type-simple"},"_links":{"self":[{"href":"https:\/\/uj.adatbank.ro\/lexikon\/wp-json\/wp\/v2\/product\/23505","targetHints":{"allow":["GET"]}}],"collection":[{"href":"https:\/\/uj.adatbank.ro\/lexikon\/wp-json\/wp\/v2\/product"}],"about":[{"href":"https:\/\/uj.adatbank.ro\/lexikon\/wp-json\/wp\/v2\/types\/product"}],"replies":[{"embeddable":true,"href":"https:\/\/uj.adatbank.ro\/lexikon\/wp-json\/wp\/v2\/comments?post=23505"}],"wp:attachment":[{"href":"https:\/\/uj.adatbank.ro\/lexikon\/wp-json\/wp\/v2\/media?parent=23505"}],"wp:term":[{"taxonomy":"product_brand","embeddable":true,"href":"https:\/\/uj.adatbank.ro\/lexikon\/wp-json\/wp\/v2\/product_brand?post=23505"},{"taxonomy":"product_cat","embeddable":true,"href":"https:\/\/uj.adatbank.ro\/lexikon\/wp-json\/wp\/v2\/product_cat?post=23505"},{"taxonomy":"product_tag","embeddable":true,"href":"https:\/\/uj.adatbank.ro\/lexikon\/wp-json\/wp\/v2\/product_tag?post=23505"}],"curies":[{"name":"wp","href":"https:\/\/api.w.org\/{rel}","templated":true}]}}

TÓT Klára, karácsonyfalvi; Nyirő Sámuelné

<p>1742 † Mv., 1807. nov. 22 . –Versben siratta el meghalt két leányát. –  <strong>F. m..:</strong> Amaz öt eszes szüzekkel társalkodó két szüzek: mv.-i Nyirő Rozália és Nyirő Ágnes, kik közül az egyiket, mint kegyességgel és ifjúsággal virágzott ékes rosát, a mást pedig mint Jézussal beszélgető bárányt, megsuratta és boldog halálok után örök emlékezetben hagyni kivánta, méllyen megsebhedett édesanyok Karácsonyfalvi Tót Klára, tek. nemes. Mv.-i Nyirő Samuel úrnak házas társa 1792. esztendőben (Kv., 1792). <br /><strong>– Irod.:</strong> Csekme; Fülöp–Ferencz.</br></p>

<p>1742 † Mv., 1807. nov. 22 . –Versben siratta el meghalt két leányát. – F. m..: Amaz öt eszes szüzekkel társalkodó két szüzek: mv.-i Nyirő Rozália és Nyirő Ágnes, kik közül az egyiket, mint kegyességgel és ifjúsággal virágzott ékes rosát, a mást pedig mint Jézussal beszélgető bárányt, megsuratta és boldog halálok után örök emlékezetben hagyni [&hellip;]</p>
