{"id":23516,"date":"2025-08-01T17:30:50","date_gmt":"2025-08-01T15:30:50","guid":{"rendered":"https:\/\/uj.adatbank.ro\/lexikon\/termek\/toth-thot\/"},"modified":"2025-08-01T17:30:50","modified_gmt":"2025-08-01T15:30:50","slug":"toth-thot","status":"publish","type":"product","link":"https:\/\/uj.adatbank.ro\/lexikon\/termek\/toth-thot\/","title":{"rendered":"T\u00d3TH, Thot"},"content":{"rendered":"<p>Ny\u00e1r\u00e1dkar\u00e1csonyfalvi csal\u00e1d: Marossz\u00e9ki sz\u00e9kely csal\u00e1d, mely m\u00e1r M\u00e1ty\u00e1s kor\u00e1ban nemes volt. Egyik el\u0151de Th\u00f3t Mikl\u00f3s 1506-ban az agyagfalvi gy\u0171l\u00e9sen mint Marossz\u00e9k k\u00f6vete vett r\u00e9szt. Gy\u00f6rgy II. R\u00e1k\u00f3czi Gy\u00f6rgy had\u00e1val Lengyelorsz\u00e1gban esett el. Orb\u00e1n T\u00f6k\u00f6ly alatt harcolt \u00e9s Zernyestn\u00e9l veszett el (1690-ben.) P\u00e1l II. J\u00f3zsef cs\u00e1sz\u00e1r kor\u00e1ban Marossz\u00e9k f\u0151jegyz\u0151je, t\u00e1blai \u00fcln\u00f6kk\u00e9 lett. Tudom\u00e1nyos ember volt, tekint\u00e9lyes f\u00e9rfiakkal \u00e1llt \u00e9rdekes levelez\u00e9sben, mely levelek a forradalomban vesztek el. <br \/><strong>\u2013 Irod.:<\/strong> Nagy Iv\u00e1n; P\u00e1lmay.<\/br><\/p>\n","protected":false},"excerpt":{"rendered":"<p>Ny\u00e1r\u00e1dkar\u00e1csonyfalvi csal\u00e1d: Marossz\u00e9ki sz\u00e9kely csal\u00e1d, mely m\u00e1r M\u00e1ty\u00e1s kor\u00e1ban nemes volt. Egyik el\u0151de Th\u00f3t Mikl\u00f3s 1506-ban az agyagfalvi gy\u0171l\u00e9sen mint Marossz\u00e9k k\u00f6vete vett r\u00e9szt. Gy\u00f6rgy II. R\u00e1k\u00f3czi Gy\u00f6rgy had\u00e1val Lengyelorsz\u00e1gban esett el. Orb\u00e1n T\u00f6k\u00f6ly alatt harcolt \u00e9s Zernyestn\u00e9l veszett el (1690-ben.) P\u00e1l II. J\u00f3zsef cs\u00e1sz\u00e1r kor\u00e1ban Marossz\u00e9k f\u0151jegyz\u0151je, t\u00e1blai \u00fcln\u00f6kk\u00e9 lett. Tudom\u00e1nyos ember volt, tekint\u00e9lyes [&hellip;]<\/p>\n","protected":false},"featured_media":0,"comment_status":"open","ping_status":"closed","template":"","meta":[],"product_brand":[],"product_cat":[137],"product_tag":[],"class_list":{"0":"post-23516","1":"product","2":"type-product","3":"status-publish","5":"product_cat-maros-megyei-eletrajzi-lexikon","7":"first","8":"instock","9":"shipping-taxable","10":"product-type-simple"},"_links":{"self":[{"href":"https:\/\/uj.adatbank.ro\/lexikon\/wp-json\/wp\/v2\/product\/23516","targetHints":{"allow":["GET"]}}],"collection":[{"href":"https:\/\/uj.adatbank.ro\/lexikon\/wp-json\/wp\/v2\/product"}],"about":[{"href":"https:\/\/uj.adatbank.ro\/lexikon\/wp-json\/wp\/v2\/types\/product"}],"replies":[{"embeddable":true,"href":"https:\/\/uj.adatbank.ro\/lexikon\/wp-json\/wp\/v2\/comments?post=23516"}],"wp:attachment":[{"href":"https:\/\/uj.adatbank.ro\/lexikon\/wp-json\/wp\/v2\/media?parent=23516"}],"wp:term":[{"taxonomy":"product_brand","embeddable":true,"href":"https:\/\/uj.adatbank.ro\/lexikon\/wp-json\/wp\/v2\/product_brand?post=23516"},{"taxonomy":"product_cat","embeddable":true,"href":"https:\/\/uj.adatbank.ro\/lexikon\/wp-json\/wp\/v2\/product_cat?post=23516"},{"taxonomy":"product_tag","embeddable":true,"href":"https:\/\/uj.adatbank.ro\/lexikon\/wp-json\/wp\/v2\/product_tag?post=23516"}],"curies":[{"name":"wp","href":"https:\/\/api.w.org\/{rel}","templated":true}]}}

TÓTH, Thot

<p>Nyárádkarácsonyfalvi család: Marosszéki székely család, mely már Mátyás korában nemes volt. Egyik előde Thót Miklós 1506-ban az agyagfalvi gyűlésen mint Marosszék követe vett részt. György II. Rákóczi György hadával Lengyelországban esett el. Orbán Tököly alatt harcolt és Zernyestnél veszett el (1690-ben.) Pál II. József császár korában Marosszék főjegyzője, táblai ülnökké lett. Tudományos ember volt, tekintélyes férfiakkal állt érdekes levelezésben, mely levelek a forradalomban vesztek el. <br /><strong>– Irod.:</strong> Nagy Iván; Pálmay.</br></p>

<p>Nyárádkarácsonyfalvi család: Marosszéki székely család, mely már Mátyás korában nemes volt. Egyik előde Thót Miklós 1506-ban az agyagfalvi gyűlésen mint Marosszék követe vett részt. György II. Rákóczi György hadával Lengyelországban esett el. Orbán Tököly alatt harcolt és Zernyestnél veszett el (1690-ben.) Pál II. József császár korában Marosszék főjegyzője, táblai ülnökké lett. Tudományos ember volt, tekintélyes [&hellip;]</p>
