{"id":23517,"date":"2025-08-01T17:30:51","date_gmt":"2025-08-01T15:30:51","guid":{"rendered":"https:\/\/uj.adatbank.ro\/lexikon\/termek\/toth-4\/"},"modified":"2025-08-01T17:30:51","modified_gmt":"2025-08-01T15:30:51","slug":"toth-4","status":"publish","type":"product","link":"https:\/\/uj.adatbank.ro\/lexikon\/termek\/toth-4\/","title":{"rendered":"T\u00d3TH"},"content":{"rendered":"<p>Ny\u00e1r\u00e1dszentl\u00e1szl\u00f3i, eredetileg s\u00f3falvi csal\u00e1d: Ebb\u0151l Gy\u00f6rgy \u00fcgyv\u00e9d Abrudb\u00e1ny\u00e1n, kit 1848-ban a rom\u00e1nok \u00f6ltek meg. Istv\u00e1n \u00fcgyv\u00e9d Mv.-en, (meghalt 1846. k\u00f6r\u00fcl.). A csal\u00e1d egy r\u00e9sze Tord\u00e1ra k\u00f6lt\u00f6z\u00f6tt: K\u00e1roly (1861-ben) Torda v\u00e1rmegye f\u0151\u00fcgy\u00e9sze. <br \/><strong>\u2013 Irod.:<\/strong> K\u00f6vendi Weress S\u00e1ndor: Torda \u0151scsal\u00e1dai (Kv., 1891); Nagy Iv\u00e1n; P\u00e1lmay.<\/br><\/p>\n","protected":false},"excerpt":{"rendered":"<p>Ny\u00e1r\u00e1dszentl\u00e1szl\u00f3i, eredetileg s\u00f3falvi csal\u00e1d: Ebb\u0151l Gy\u00f6rgy \u00fcgyv\u00e9d Abrudb\u00e1ny\u00e1n, kit 1848-ban a rom\u00e1nok \u00f6ltek meg. Istv\u00e1n \u00fcgyv\u00e9d Mv.-en, (meghalt 1846. k\u00f6r\u00fcl.). A csal\u00e1d egy r\u00e9sze Tord\u00e1ra k\u00f6lt\u00f6z\u00f6tt: K\u00e1roly (1861-ben) Torda v\u00e1rmegye f\u0151\u00fcgy\u00e9sze. \u2013 Irod.: K\u00f6vendi Weress S\u00e1ndor: Torda \u0151scsal\u00e1dai (Kv., 1891); Nagy Iv\u00e1n; P\u00e1lmay.<\/p>\n","protected":false},"featured_media":0,"comment_status":"open","ping_status":"closed","template":"","meta":[],"product_brand":[],"product_cat":[137],"product_tag":[],"class_list":{"0":"post-23517","1":"product","2":"type-product","3":"status-publish","5":"product_cat-maros-megyei-eletrajzi-lexikon","7":"first","8":"instock","9":"shipping-taxable","10":"product-type-simple"},"_links":{"self":[{"href":"https:\/\/uj.adatbank.ro\/lexikon\/wp-json\/wp\/v2\/product\/23517","targetHints":{"allow":["GET"]}}],"collection":[{"href":"https:\/\/uj.adatbank.ro\/lexikon\/wp-json\/wp\/v2\/product"}],"about":[{"href":"https:\/\/uj.adatbank.ro\/lexikon\/wp-json\/wp\/v2\/types\/product"}],"replies":[{"embeddable":true,"href":"https:\/\/uj.adatbank.ro\/lexikon\/wp-json\/wp\/v2\/comments?post=23517"}],"wp:attachment":[{"href":"https:\/\/uj.adatbank.ro\/lexikon\/wp-json\/wp\/v2\/media?parent=23517"}],"wp:term":[{"taxonomy":"product_brand","embeddable":true,"href":"https:\/\/uj.adatbank.ro\/lexikon\/wp-json\/wp\/v2\/product_brand?post=23517"},{"taxonomy":"product_cat","embeddable":true,"href":"https:\/\/uj.adatbank.ro\/lexikon\/wp-json\/wp\/v2\/product_cat?post=23517"},{"taxonomy":"product_tag","embeddable":true,"href":"https:\/\/uj.adatbank.ro\/lexikon\/wp-json\/wp\/v2\/product_tag?post=23517"}],"curies":[{"name":"wp","href":"https:\/\/api.w.org\/{rel}","templated":true}]}}