{"id":23537,"date":"2025-08-01T17:31:39","date_gmt":"2025-08-01T15:31:39","guid":{"rendered":"https:\/\/uj.adatbank.ro\/lexikon\/termek\/toth-ferenc-2\/"},"modified":"2025-08-01T17:31:39","modified_gmt":"2025-08-01T15:31:39","slug":"toth-ferenc-2","status":"publish","type":"product","link":"https:\/\/uj.adatbank.ro\/lexikon\/termek\/toth-ferenc-2\/","title":{"rendered":"T\u00d3TH Ferenc"},"content":{"rendered":"<p>1771. szept. 21., \u2020 1850. nov. 10.: rom. kat. pl\u00e9b\u00e1nos. \u2013 Papp\u00e1 szentelt\u00e9k (1795. j\u00fal. 24). Tan\u00e1r Sz\u00e9kelyudvarhelyen. Pl\u00e9b\u00e1nos Mikl\u00f3sv\u00e1ron (1799), Sz\u00e9kelyk\u00e1lon (1804\u201322), levelet \u00edrt B\u00e1nffy Gy\u00f6rgy gubern\u00e1tornak (1815. \u00e1pr.17.), amiben k\u00e9ri a meg\u00edg\u00e9rt p\u00e9nzt a k\u00e1li Nepomuki Szent J\u00e1nos templom olt\u00e1r\u00e1nak elk\u00e9sz\u00edt\u00e9s\u00e9re (1815), amivel Cs\u0171r\u0151s Mih\u00e1lyt b\u00edzt\u00e1k meg. A mv.-i r.k. tanoda \u00e9s nevelde igazgat\u00f3ja volt (1822\u201331). Katon\u00e1n pl\u00e9b\u00e1nos (1831), szentsz\u00e9ki \u00fcln\u00f6k (1845\u2013). <br \/><strong>\u2013 Irod.:<\/strong> Ferenczi S\u00e1ndor 2009; K.L. M\u0171v. t\u00f6rt. tan. 1.; Mv.-i R.K. okt.; R.k. okt.\u20131; R.k. okt. \u20132; Sz\u00e9kelyk\u00e1l.<\/br><\/p>\n","protected":false},"excerpt":{"rendered":"<p>1771. szept. 21., \u2020 1850. nov. 10.: rom. kat. pl\u00e9b\u00e1nos. \u2013 Papp\u00e1 szentelt\u00e9k (1795. j\u00fal. 24). Tan\u00e1r Sz\u00e9kelyudvarhelyen. Pl\u00e9b\u00e1nos Mikl\u00f3sv\u00e1ron (1799), Sz\u00e9kelyk\u00e1lon (1804\u201322), levelet \u00edrt B\u00e1nffy Gy\u00f6rgy gubern\u00e1tornak (1815. \u00e1pr.17.), amiben k\u00e9ri a meg\u00edg\u00e9rt p\u00e9nzt a k\u00e1li Nepomuki Szent J\u00e1nos templom olt\u00e1r\u00e1nak elk\u00e9sz\u00edt\u00e9s\u00e9re (1815), amivel Cs\u0171r\u0151s Mih\u00e1lyt b\u00edzt\u00e1k meg. A mv.-i r.k. tanoda \u00e9s nevelde [&hellip;]<\/p>\n","protected":false},"featured_media":0,"comment_status":"open","ping_status":"closed","template":"","meta":[],"product_brand":[],"product_cat":[137],"product_tag":[],"class_list":{"0":"post-23537","1":"product","2":"type-product","3":"status-publish","5":"product_cat-maros-megyei-eletrajzi-lexikon","7":"first","8":"instock","9":"shipping-taxable","10":"product-type-simple"},"_links":{"self":[{"href":"https:\/\/uj.adatbank.ro\/lexikon\/wp-json\/wp\/v2\/product\/23537","targetHints":{"allow":["GET"]}}],"collection":[{"href":"https:\/\/uj.adatbank.ro\/lexikon\/wp-json\/wp\/v2\/product"}],"about":[{"href":"https:\/\/uj.adatbank.ro\/lexikon\/wp-json\/wp\/v2\/types\/product"}],"replies":[{"embeddable":true,"href":"https:\/\/uj.adatbank.ro\/lexikon\/wp-json\/wp\/v2\/comments?post=23537"}],"wp:attachment":[{"href":"https:\/\/uj.adatbank.ro\/lexikon\/wp-json\/wp\/v2\/media?parent=23537"}],"wp:term":[{"taxonomy":"product_brand","embeddable":true,"href":"https:\/\/uj.adatbank.ro\/lexikon\/wp-json\/wp\/v2\/product_brand?post=23537"},{"taxonomy":"product_cat","embeddable":true,"href":"https:\/\/uj.adatbank.ro\/lexikon\/wp-json\/wp\/v2\/product_cat?post=23537"},{"taxonomy":"product_tag","embeddable":true,"href":"https:\/\/uj.adatbank.ro\/lexikon\/wp-json\/wp\/v2\/product_tag?post=23537"}],"curies":[{"name":"wp","href":"https:\/\/api.w.org\/{rel}","templated":true}]}}

TÓTH Ferenc

<p>1771. szept. 21., † 1850. nov. 10.: rom. kat. plébános. – Pappá szentelték (1795. júl. 24). Tanár Székelyudvarhelyen. Plébános Miklósváron (1799), Székelykálon (1804–22), levelet írt Bánffy György gubernátornak (1815. ápr.17.), amiben kéri a megígért pénzt a káli Nepomuki Szent János templom oltárának elkészítésére (1815), amivel Csűrős Mihályt bízták meg. A mv.-i r.k. tanoda és nevelde igazgatója volt (1822–31). Katonán plébános (1831), szentszéki ülnök (1845–). <br /><strong>– Irod.:</strong> Ferenczi Sándor 2009; K.L. Műv. tört. tan. 1.; Mv.-i R.K. okt.; R.k. okt.–1; R.k. okt. –2; Székelykál.</br></p>

<p>1771. szept. 21., † 1850. nov. 10.: rom. kat. plébános. – Pappá szentelték (1795. júl. 24). Tanár Székelyudvarhelyen. Plébános Miklósváron (1799), Székelykálon (1804–22), levelet írt Bánffy György gubernátornak (1815. ápr.17.), amiben kéri a megígért pénzt a káli Nepomuki Szent János templom oltárának elkészítésére (1815), amivel Csűrős Mihályt bízták meg. A mv.-i r.k. tanoda és nevelde [&hellip;]</p>
