{"id":23543,"date":"2025-08-01T17:31:54","date_gmt":"2025-08-01T15:31:54","guid":{"rendered":"https:\/\/uj.adatbank.ro\/lexikon\/termek\/toth-gaspar\/"},"modified":"2025-08-01T17:31:54","modified_gmt":"2025-08-01T15:31:54","slug":"toth-gaspar","status":"publish","type":"product","link":"https:\/\/uj.adatbank.ro\/lexikon\/termek\/toth-gaspar\/","title":{"rendered":"T\u00d3TH G\u00e1sp\u00e1r"},"content":{"rendered":"<p>Ny\u00fajt\u00f3d, 1912., \u2020 ?: tan\u00edt\u00f3. \u2013 K\u00e9zdiv\u00e1s\u00e1rhelyen v\u00e9gezte tanulm\u00e1nyait. Pedag\u00f3giai m\u0171k\u00f6d\u00e9s\u00e9t Homor\u00f3dremet\u00e9n kezdte, Ny\u00e1r\u00e1dk\u00f6szv\u00e9nyesen tan\u00edtott egy \u00e9vig, majd a g\u00f6rg\u00e9nyszentimrei ref. iskola igazgat\u00f3-tan\u00edt\u00f3ja volt (1941.). Minden hazafias \u00e9s kultur\u00e1lis int\u00e9zm\u00e9ny t\u00e1mogat\u00f3ja volt. <br \/><strong>\u2013 Irod.:<\/strong> Sz\u00e9kelyf\u00f6ld \u00ed. k.<\/br><\/p>\n","protected":false},"excerpt":{"rendered":"<p>Ny\u00fajt\u00f3d, 1912., \u2020 ?: tan\u00edt\u00f3. \u2013 K\u00e9zdiv\u00e1s\u00e1rhelyen v\u00e9gezte tanulm\u00e1nyait. Pedag\u00f3giai m\u0171k\u00f6d\u00e9s\u00e9t Homor\u00f3dremet\u00e9n kezdte, Ny\u00e1r\u00e1dk\u00f6szv\u00e9nyesen tan\u00edtott egy \u00e9vig, majd a g\u00f6rg\u00e9nyszentimrei ref. iskola igazgat\u00f3-tan\u00edt\u00f3ja volt (1941.). Minden hazafias \u00e9s kultur\u00e1lis int\u00e9zm\u00e9ny t\u00e1mogat\u00f3ja volt. \u2013 Irod.: Sz\u00e9kelyf\u00f6ld \u00ed. k.<\/p>\n","protected":false},"featured_media":0,"comment_status":"open","ping_status":"closed","template":"","meta":[],"product_brand":[],"product_cat":[137],"product_tag":[],"class_list":{"0":"post-23543","1":"product","2":"type-product","3":"status-publish","5":"product_cat-maros-megyei-eletrajzi-lexikon","7":"first","8":"instock","9":"shipping-taxable","10":"product-type-simple"},"_links":{"self":[{"href":"https:\/\/uj.adatbank.ro\/lexikon\/wp-json\/wp\/v2\/product\/23543","targetHints":{"allow":["GET"]}}],"collection":[{"href":"https:\/\/uj.adatbank.ro\/lexikon\/wp-json\/wp\/v2\/product"}],"about":[{"href":"https:\/\/uj.adatbank.ro\/lexikon\/wp-json\/wp\/v2\/types\/product"}],"replies":[{"embeddable":true,"href":"https:\/\/uj.adatbank.ro\/lexikon\/wp-json\/wp\/v2\/comments?post=23543"}],"wp:attachment":[{"href":"https:\/\/uj.adatbank.ro\/lexikon\/wp-json\/wp\/v2\/media?parent=23543"}],"wp:term":[{"taxonomy":"product_brand","embeddable":true,"href":"https:\/\/uj.adatbank.ro\/lexikon\/wp-json\/wp\/v2\/product_brand?post=23543"},{"taxonomy":"product_cat","embeddable":true,"href":"https:\/\/uj.adatbank.ro\/lexikon\/wp-json\/wp\/v2\/product_cat?post=23543"},{"taxonomy":"product_tag","embeddable":true,"href":"https:\/\/uj.adatbank.ro\/lexikon\/wp-json\/wp\/v2\/product_tag?post=23543"}],"curies":[{"name":"wp","href":"https:\/\/api.w.org\/{rel}","templated":true}]}}