{"id":23546,"date":"2025-08-01T17:32:00","date_gmt":"2025-08-01T15:32:00","guid":{"rendered":"https:\/\/uj.adatbank.ro\/lexikon\/termek\/toth-gyorgy-3\/"},"modified":"2025-08-01T17:32:00","modified_gmt":"2025-08-01T15:32:00","slug":"toth-gyorgy-3","status":"publish","type":"product","link":"https:\/\/uj.adatbank.ro\/lexikon\/termek\/toth-gyorgy-3\/","title":{"rendered":"T\u00d3TH Gy\u00f6rgy"},"content":{"rendered":"<p>Maross\u00e1rpatak (Maros), 1890. nov. 8., \u2020 Bp., 1978. jan. 3.: mag\u00e1ntisztvisel\u0151, munk\u00e1smozgalmi harcos. <br \/><strong>\u2013 Irod.:<\/strong> M\u00c9L.<\/br><\/p>\n","protected":false},"excerpt":{"rendered":"<p>Maross\u00e1rpatak (Maros), 1890. nov. 8., \u2020 Bp., 1978. jan. 3.: mag\u00e1ntisztvisel\u0151, munk\u00e1smozgalmi harcos. \u2013 Irod.: M\u00c9L.<\/p>\n","protected":false},"featured_media":0,"comment_status":"open","ping_status":"closed","template":"","meta":[],"product_brand":[],"product_cat":[137],"product_tag":[],"class_list":{"0":"post-23546","1":"product","2":"type-product","3":"status-publish","5":"product_cat-maros-megyei-eletrajzi-lexikon","7":"first","8":"instock","9":"shipping-taxable","10":"product-type-simple"},"_links":{"self":[{"href":"https:\/\/uj.adatbank.ro\/lexikon\/wp-json\/wp\/v2\/product\/23546","targetHints":{"allow":["GET"]}}],"collection":[{"href":"https:\/\/uj.adatbank.ro\/lexikon\/wp-json\/wp\/v2\/product"}],"about":[{"href":"https:\/\/uj.adatbank.ro\/lexikon\/wp-json\/wp\/v2\/types\/product"}],"replies":[{"embeddable":true,"href":"https:\/\/uj.adatbank.ro\/lexikon\/wp-json\/wp\/v2\/comments?post=23546"}],"wp:attachment":[{"href":"https:\/\/uj.adatbank.ro\/lexikon\/wp-json\/wp\/v2\/media?parent=23546"}],"wp:term":[{"taxonomy":"product_brand","embeddable":true,"href":"https:\/\/uj.adatbank.ro\/lexikon\/wp-json\/wp\/v2\/product_brand?post=23546"},{"taxonomy":"product_cat","embeddable":true,"href":"https:\/\/uj.adatbank.ro\/lexikon\/wp-json\/wp\/v2\/product_cat?post=23546"},{"taxonomy":"product_tag","embeddable":true,"href":"https:\/\/uj.adatbank.ro\/lexikon\/wp-json\/wp\/v2\/product_tag?post=23546"}],"curies":[{"name":"wp","href":"https:\/\/api.w.org\/{rel}","templated":true}]}}